-- https://www.phpmyadmin.net/
--
-- Hôte : localhost:3306
-- Généré le : Dim 10 mai 2020 à 18:48
-- Version du serveur :  10.2.31-MariaDB
-- Version de PHP : 7.3.6

START TRANSACTION;



--
-- Base de données : `estair_vtiger7`
--

-- --------------------------------------------------------

--
-- Structure de la table `com_vtiger_workflows`
--

CREATE TABLE `com_vtiger_workflows` (
  `workflow_id` int(11) NOT NULL,
  `module_name` varchar(100) DEFAULT NULL,
  `summary` varchar(400) NOT NULL,
  `test` text DEFAULT NULL,
  `execution_condition` int(11) NOT NULL,
  `defaultworkflow` int(1) DEFAULT NULL,
  `type` varchar(255) DEFAULT NULL,
  `filtersavedinnew` int(1) DEFAULT NULL,
  `schtypeid` int(10) DEFAULT NULL,
  `schdayofmonth` varchar(100) DEFAULT NULL,
  `schdayofweek` varchar(100) DEFAULT NULL,
  `schannualdates` varchar(100) DEFAULT NULL,
  `schtime` varchar(50) DEFAULT NULL,
  `nexttrigger_time` datetime DEFAULT NULL,
  `status` tinyint(1) DEFAULT 1,
  `workflowname` varchar(100) DEFAULT NULL
) ENGINE=InnoDB DEFAULT CHARSET=utf8;

--
-- Déchargement des données de la table `com_vtiger_workflows`
--

INSERT INTO `com_vtiger_workflows` (`workflow_id`, `module_name`, `summary`, `test`, `execution_condition`, `defaultworkflow`, `type`, `filtersavedinnew`, `schtypeid`, `schdayofmonth`, `schdayofweek`, `schannualdates`, `schtime`, `nexttrigger_time`, `status`, `workflowname`) VALUES
(1, 'Invoice', 'UpdateInventoryProducts On Every Save', '[{\"fieldname\":\"subject\",\"operation\":\"does not contain\",\"value\":\"`!`\"}]', 3, 1, 'basic', 5, NULL, NULL, NULL, NULL, NULL, NULL, 1, 'UpdateInventoryProducts On Every Save'),
(2, 'Accounts', 'Send Email to user when Notifyowner is True', '[{\"fieldname\":\"notify_owner\",\"operation\":\"is\",\"value\":\"true:boolean\"}]', 2, 1, 'basic', 5, NULL, NULL, NULL, NULL, NULL, NULL, 1, 'Send Email to user when Notifyowner is True'),
(3, 'Contacts', 'Send Email to user when Notifyowner is True', '[{\"fieldname\":\"notify_owner\",\"operation\":\"is\",\"value\":\"true:boolean\"}]', 2, 1, 'basic', 5, NULL, NULL, NULL, NULL, NULL, NULL, 1, 'Send Email to user when Notifyowner is True'),
(4, 'Contacts', 'Send Email to user when Portal User is True', '[{\"fieldname\":\"portal\",\"operation\":\"is\",\"value\":\"1\",\"valuetype\":\"rawtext\",\"joincondition\":\"and\",\"groupjoin\":\"and\",\"groupid\":\"0\"},{\"fieldname\":\"email\",\"operation\":\"is not empty\",\"value\":\"\",\"valuetype\":\"rawtext\",\"joincondition\":\"\",\"groupjoin\":\"and\",\"groupid\":\"0\"}]', 3, 1, 'basic', 6, NULL, NULL, NULL, NULL, NULL, NULL, 1, 'Send Email to user when Portal User is True'),
(5, 'Potentials', 'Send Email to users on Potential creation', NULL, 1, 1, 'basic', 5, NULL, NULL, NULL, NULL, NULL, NULL, 1, 'Send Email to users on Potential creation'),
(6, 'Contacts', 'Workflow for Contact Creation or Modification', '', 3, 1, 'basic', 5, NULL, NULL, NULL, NULL, NULL, NULL, 0, 'Workflow for Contact Creation or Modification'),
(7, 'HelpDesk', 'Ticket Creation From Portal : Send Email to Record Owner and Contact', '[{\"fieldname\":\"from_portal\",\"operation\":\"is\",\"value\":1,\"valuetype\":\"rawtext\",\"joincondition\":\"and\",\"groupjoin\":\"and\",\"groupid\":0}]', 1, 1, 'basic', 6, NULL, NULL, NULL, NULL, NULL, NULL, 1, 'Ticket Creation From Portal : Send Email to Record Owner and Contact'),
(9, 'HelpDesk', 'Send Email to Contact on Ticket Update', '[{\"fieldname\":\"(contact_id : (Contacts) emailoptout)\",\"operation\":\"is\",\"value\":\"0\",\"valuetype\":\"rawtext\",\"joincondition\":\"and\",\"groupjoin\":\"and\",\"groupid\":\"0\"},{\"fieldname\":\"from_portal\",\"operation\":\"is\",\"value\":0,\"valuetype\":\"rawtext\",\"joincondition\":\"and\",\"groupjoin\":\"and\",\"groupid\":0},{\"fieldname\":\"ticketstatus\",\"operation\":\"has changed to\",\"value\":\"Closed\",\"valuetype\":\"rawtext\",\"joincondition\":\"or\",\"groupjoin\":\"and\",\"groupid\":\"1\"},{\"fieldname\":\"solution\",\"operation\":\"has changed\",\"value\":\"\",\"valuetype\":\"\",\"joincondition\":\"or\",\"groupjoin\":\"and\",\"groupid\":\"1\"},{\"fieldname\":\"description\",\"operation\":\"has changed\",\"value\":\"\",\"valuetype\":\"\",\"joincondition\":\"or\",\"groupjoin\":\"and\",\"groupid\":\"1\"}]', 3, 1, 'basic', 6, NULL, NULL, NULL, NULL, NULL, NULL, 1, 'Send Email to Contact on Ticket Update'),
(10, 'Events', 'Workflow for Events when Send Notification is True', '[{\"fieldname\":\"sendnotification\",\"operation\":\"is\",\"value\":\"true:boolean\"}]', 3, 1, 'basic', 5, NULL, NULL, NULL, NULL, NULL, NULL, 1, 'Workflow for Events when Send Notification is True'),
(11, 'Calendar', 'Workflow for Calendar Todos when Send Notification is True', '[{\"fieldname\":\"sendnotification\",\"operation\":\"is\",\"value\":\"true:boolean\"}]', 3, 1, 'basic', 5, NULL, NULL, NULL, NULL, NULL, NULL, 1, 'Workflow for Calendar Todos when Send Notification is True'),
(12, 'Potentials', 'Calculate or Update forecast amount', '', 3, 1, 'basic', 5, NULL, NULL, NULL, NULL, NULL, NULL, 1, 'Calculate or Update forecast amount'),
(13, 'Events', 'Workflow for Events when Send Notification is True', '[{\"fieldname\":\"sendnotification\",\"operation\":\"is\",\"value\":\"true:boolean\"}]', 3, 1, 'basic', 5, NULL, NULL, NULL, NULL, NULL, NULL, 1, 'Workflow for Events when Send Notification is True'),
(14, 'Calendar', 'Workflow for Calendar Todos when Send Notification is True', '[{\"fieldname\":\"sendnotification\",\"operation\":\"is\",\"value\":\"true:boolean\"}]', 3, 1, 'basic', 5, NULL, NULL, NULL, NULL, NULL, NULL, 1, 'Workflow for Calendar Todos when Send Notification is True'),
(15, 'HelpDesk', 'Comment Added From CRM : Send Email to Organization', '[{\"fieldname\":\"_VT_add_comment\",\"operation\":\"is added\",\"value\":\"\",\"valuetype\":\"rawtext\",\"joincondition\":\"\",\"groupjoin\":\"and\",\"groupid\":\"0\"},{\"fieldname\":\"from_portal\",\"operation\":\"is\",\"value\":\"0\",\"valuetype\":\"rawtext\",\"joincondition\":\"\",\"groupjoin\":\"and\",\"groupid\":\"0\"},{\"fieldname\":\"(parent_id : (Accounts) emailoptout)\",\"operation\":\"is\",\"value\":\"0\",\"valuetype\":\"rawtext\",\"joincondition\":\"and\",\"groupjoin\":\"and\",\"groupid\":\"0\"}]', 3, 1, 'basic', 6, NULL, NULL, NULL, NULL, NULL, NULL, 1, 'Comment Added From CRM : Send Email to Organization'),
(16, 'PurchaseOrder', 'Update Inventory Products On Every Save', NULL, 3, 1, 'basic', 5, NULL, NULL, NULL, NULL, NULL, NULL, 1, 'Update Inventory Products On Every Save'),
(17, 'HelpDesk', 'Comment Added From Portal : Send Email to Record Owner', '[{\"fieldname\":\"_VT_add_comment\",\"operation\":\"is added\",\"value\":\"\",\"valuetype\":\"rawtext\",\"joincondition\":\"\",\"groupjoin\":\"and\",\"groupid\":\"0\"},{\"fieldname\":\"from_portal\",\"operation\":\"is\",\"value\":\"1\",\"valuetype\":\"rawtext\",\"joincondition\":\"\",\"groupjoin\":\"and\",\"groupid\":\"0\"}]', 3, 1, 'basic', 6, NULL, NULL, NULL, NULL, NULL, NULL, 1, 'Comment Added From Portal : Send Email to Record Owner'),
(18, 'HelpDesk', 'Comment Added From CRM : Send Email to Contact, where Contact is not a Portal User', '[{\"fieldname\":\"(contact_id : (Contacts) portal)\",\"operation\":\"is\",\"value\":\"0\",\"valuetype\":\"rawtext\",\"joincondition\":\"and\",\"groupjoin\":\"and\",\"groupid\":\"0\"},{\"fieldname\":\"_VT_add_comment\",\"operation\":\"is added\",\"value\":\"\",\"valuetype\":\"rawtext\",\"joincondition\":\"\",\"groupjoin\":\"and\",\"groupid\":\"0\"},{\"fieldname\":\"from_portal\",\"operation\":\"is\",\"value\":\"0\",\"valuetype\":\"rawtext\",\"joincondition\":\"\",\"groupjoin\":\"and\",\"groupid\":\"0\"},{\"fieldname\":\"(contact_id : (Contacts) emailoptout)\",\"operation\":\"is\",\"value\":\"0\",\"valuetype\":\"rawtext\",\"joincondition\":\"and\",\"groupjoin\":\"and\",\"groupid\":\"0\"}]', 3, 1, 'basic', 6, NULL, NULL, NULL, NULL, NULL, NULL, 1, 'Comment Added From CRM : Send Email to Contact, where Contact is not a Portal User'),
(19, 'HelpDesk', 'Comment Added From CRM : Send Email to Contact, where Contact is Portal User', '[{\"fieldname\":\"(contact_id : (Contacts) portal)\",\"operation\":\"is\",\"value\":\"1\",\"valuetype\":\"rawtext\",\"joincondition\":\"and\",\"groupjoin\":\"and\",\"groupid\":\"0\"},{\"fieldname\":\"_VT_add_comment\",\"operation\":\"is added\",\"value\":\"\",\"valuetype\":\"rawtext\",\"joincondition\":\"\",\"groupjoin\":\"and\",\"groupid\":\"0\"},{\"fieldname\":\"from_portal\",\"operation\":\"is\",\"value\":\"0\",\"valuetype\":\"rawtext\",\"joincondition\":\"\",\"groupjoin\":\"and\",\"groupid\":\"0\"},{\"fieldname\":\"(contact_id : (Contacts) emailoptout)\",\"operation\":\"is\",\"value\":\"0\",\"valuetype\":\"rawtext\",\"joincondition\":\"and\",\"groupjoin\":\"and\",\"groupid\":\"0\"}]', 3, 1, 'basic', 6, NULL, NULL, NULL, NULL, NULL, NULL, 1, 'Comment Added From CRM : Send Email to Contact, where Contact is Portal User'),
(20, 'HelpDesk', 'Send Email to Record Owner on Ticket Update', '[{\"fieldname\":\"from_portal\",\"operation\":\"is\",\"value\":0,\"valuetype\":\"rawtext\",\"joincondition\":\"and\",\"groupjoin\":\"and\",\"groupid\":0},{\"fieldname\":\"ticketstatus\",\"operation\":\"has changed to\",\"value\":\"Closed\",\"valuetype\":\"rawtext\",\"joincondition\":\"or\",\"groupjoin\":\"and\",\"groupid\":\"1\"},{\"fieldname\":\"solution\",\"operation\":\"has changed\",\"value\":\"\",\"valuetype\":\"\",\"joincondition\":\"or\",\"groupjoin\":\"and\",\"groupid\":\"1\"},{\"fieldname\":\"assigned_user_id\",\"operation\":\"has changed\",\"value\":\"\",\"valuetype\":\"\",\"joincondition\":\"or\",\"groupjoin\":\"and\",\"groupid\":\"1\"},{\"fieldname\":\"description\",\"operation\":\"has changed\",\"value\":\"\",\"valuetype\":\"\",\"joincondition\":\"or\",\"groupjoin\":\"and\",\"groupid\":\"1\"}]', 3, 1, 'basic', 6, NULL, NULL, NULL, NULL, NULL, NULL, 1, 'Send Email to Record Owner on Ticket Update'),
(21, 'HelpDesk', 'Ticket Creation From CRM : Send Email to Record Owner', '[{\"fieldname\":\"from_portal\",\"operation\":\"is\",\"value\":\"0\",\"valuetype\":\"rawtext\",\"joincondition\":\"\",\"groupjoin\":\"and\",\"groupid\":\"0\"}]', 1, 1, 'basic', 6, NULL, NULL, NULL, NULL, NULL, NULL, 1, 'Ticket Creation From CRM : Send Email to Record Owner'),
(22, 'HelpDesk', 'Send Email to Organization on Ticket Update', '[{\"fieldname\":\"(parent_id : (Accounts) emailoptout)\",\"operation\":\"is\",\"value\":\"0\",\"valuetype\":\"rawtext\",\"joincondition\":\"and\",\"groupjoin\":\"and\",\"groupid\":\"0\"},{\"fieldname\":\"from_portal\",\"operation\":\"is\",\"value\":0,\"valuetype\":\"rawtext\",\"joincondition\":\"and\",\"groupjoin\":\"and\",\"groupid\":0},{\"fieldname\":\"ticketstatus\",\"operation\":\"has changed to\",\"value\":\"Closed\",\"valuetype\":\"rawtext\",\"joincondition\":\"or\",\"groupjoin\":\"and\",\"groupid\":\"1\"},{\"fieldname\":\"solution\",\"operation\":\"has changed\",\"value\":\"\",\"valuetype\":\"\",\"joincondition\":\"or\",\"groupjoin\":\"and\",\"groupid\":\"1\"},{\"fieldname\":\"description\",\"operation\":\"has changed\",\"value\":\"\",\"valuetype\":\"\",\"joincondition\":\"or\",\"groupjoin\":\"and\",\"groupid\":\"1\"}]', 3, 1, 'basic', 6, NULL, NULL, NULL, NULL, NULL, NULL, 1, 'Send Email to Organization on Ticket Update'),
(23, 'HelpDesk', 'Ticket Creation From CRM : Send Email to Organization', '[{\"fieldname\":\"(parent_id : (Accounts) emailoptout)\",\"operation\":\"is\",\"value\":\"0\",\"valuetype\":\"rawtext\",\"joincondition\":\"and\",\"groupjoin\":\"and\",\"groupid\":\"0\"},{\"fieldname\":\"from_portal\",\"operation\":\"is\",\"value\":\"0\",\"valuetype\":\"rawtext\",\"joincondition\":\"\",\"groupjoin\":\"and\",\"groupid\":\"0\"}]', 1, 1, 'basic', 6, NULL, NULL, NULL, NULL, NULL, NULL, 1, 'Ticket Creation From CRM : Send Email to Organization'),
(24, 'HelpDesk', 'Ticket Creation From CRM : Send Email to Contact', '[{\"fieldname\":\"(contact_id : (Contacts) emailoptout)\",\"operation\":\"is\",\"value\":\"0\",\"valuetype\":\"rawtext\",\"joincondition\":\"and\",\"groupjoin\":\"and\",\"groupid\":\"0\"},{\"fieldname\":\"from_portal\",\"operation\":\"is\",\"value\":\"0\",\"valuetype\":\"rawtext\",\"joincondition\":\"\",\"groupjoin\":\"and\",\"groupid\":\"0\"}]', 1, 1, 'basic', 6, NULL, NULL, NULL, NULL, NULL, NULL, 1, 'Ticket Creation From CRM : Send Email to Contact'),
(25, 'Invoice', 'Mise à jour marge globale', '[]', 3, NULL, 'basic', 6, NULL, NULL, NULL, NULL, NULL, NULL, 1, 'Mise à jour Marge Globale');

-- --------------------------------------------------------

--
-- Structure de la table `com_vtiger_workflows_seq`
--

CREATE TABLE `com_vtiger_workflows_seq` (
  `id` int(11) NOT NULL
) ENGINE=MyISAM DEFAULT CHARSET=utf8;

--
-- Déchargement des données de la table `com_vtiger_workflows_seq`
--

INSERT INTO `com_vtiger_workflows_seq` (`id`) VALUES
(25);

-- --------------------------------------------------------

--
-- Structure de la table `com_vtiger_workflowtasks`
--

CREATE TABLE `com_vtiger_workflowtasks` (
  `task_id` int(11) NOT NULL,
  `workflow_id` int(11) DEFAULT NULL,
  `summary` varchar(400) NOT NULL,
  `task` text DEFAULT NULL
) ENGINE=InnoDB DEFAULT CHARSET=utf8;

--
-- Déchargement des données de la table `com_vtiger_workflowtasks`
--

INSERT INTO `com_vtiger_workflowtasks` (`task_id`, `workflow_id`, `summary`, `task`) VALUES
(1, 1, '', 'O:18:\"VTEntityMethodTask\":6:{s:18:\"executeImmediately\";b:1;s:10:\"workflowId\";i:1;s:7:\"summary\";s:0:\"\";s:6:\"active\";b:1;s:10:\"methodName\";s:15:\"UpdateInventory\";s:2:\"id\";i:1;}'),
(2, 2, 'An account has been created ', 'O:11:\"VTEmailTask\":9:{s:18:\"executeImmediately\";s:0:\"\";s:10:\"workflowId\";s:1:\"2\";s:7:\"summary\";s:28:\"An account has been created \";s:6:\"active\";s:1:\"1\";s:10:\"methodName\";s:11:\"NotifyOwner\";s:9:\"recepient\";s:36:\"$(assigned_user_id : (Users) email1)\";s:7:\"subject\";s:26:\"Regarding Account Creation\";s:7:\"content\";s:301:\"An Account has been assigned to you on vtigerCRM<br>Details of account are :<br><br>AccountId:<b>$account_no</b><br>AccountName:<b>$accountname</b><br>Rating:<b>$rating</b><br>Industry:<b>$industry</b><br>AccountType:<b>$accounttype</b><br>Description:<b>$description</b><br><br><br>Thank You<br>Admin\";s:2:\"id\";s:1:\"2\";}'),
(3, 3, 'An contact has been created ', 'O:11:\"VTEmailTask\":9:{s:18:\"executeImmediately\";s:0:\"\";s:10:\"workflowId\";s:1:\"3\";s:7:\"summary\";s:28:\"An contact has been created \";s:6:\"active\";s:1:\"1\";s:10:\"methodName\";s:11:\"NotifyOwner\";s:9:\"recepient\";s:36:\"$(assigned_user_id : (Users) email1)\";s:7:\"subject\";s:26:\"Regarding Contact Creation\";s:7:\"content\";s:305:\"An Contact has been assigned to you on vtigerCRM<br>Details of Contact are :<br><br>Contact Id:<b>$contact_no</b><br>LastName:<b>$lastname</b><br>FirstName:<b>$firstname</b><br>Lead Source:<b>$leadsource</b><br>Department:<b>$department</b><br>Description:<b>$description</b><br><br><br>Thank You<br>Admin\";s:2:\"id\";s:1:\"3\";}'),
(4, 4, 'Email Customer Portal Login Details', 'O:18:\"VTEntityMethodTask\":6:{s:18:\"executeImmediately\";b:1;s:10:\"workflowId\";i:4;s:7:\"summary\";s:35:\"Email Customer Portal Login Details\";s:6:\"active\";b:1;s:10:\"methodName\";s:22:\"SendPortalLoginDetails\";s:2:\"id\";i:4;}'),
(5, 5, 'An Potential has been created ', 'O:11:\"VTEmailTask\":8:{s:18:\"executeImmediately\";s:0:\"\";s:10:\"workflowId\";s:1:\"5\";s:7:\"summary\";s:30:\"An Potential has been created \";s:6:\"active\";s:1:\"1\";s:9:\"recepient\";s:36:\"$(assigned_user_id : (Users) email1)\";s:7:\"subject\";s:30:\"Regarding Potential Assignment\";s:7:\"content\";s:342:\"An Potential has been assigned to you on vtigerCRM<br>Details of Potential are :<br><br>Potential No:<b>$potential_no</b><br>Potential Name:<b>$potentialname</b><br>Amount:<b>$amount</b><br>Expected Close Date:<b>$closingdate ($_DATE_FORMAT_)</b><br>Type:<b>$opportunity_type</b><br><br><br>Description :$description<br><br>Thank You<br>Admin\";s:2:\"id\";s:1:\"5\";}'),
(6, 6, 'An contact has been created ', 'O:11:\"VTEmailTask\":8:{s:18:\"executeImmediately\";s:0:\"\";s:10:\"workflowId\";s:1:\"6\";s:7:\"summary\";s:28:\"An contact has been created \";s:6:\"active\";s:1:\"1\";s:9:\"recepient\";s:36:\"$(assigned_user_id : (Users) email1)\";s:7:\"subject\";s:28:\"Regarding Contact Assignment\";s:7:\"content\";s:384:\"An Contact has been assigned to you on vtigerCRM<br>Details of Contact are :<br><br>Contact Id:<b>$contact_no</b><br>LastName:<b>$lastname</b><br>FirstName:<b>$firstname</b><br>Lead Source:<b>$leadsource</b><br>Department:<b>$department</b><br>Description:<b>$description</b><br><br><br>And <b>CustomerPortal Login Details</b> is sent to the EmailID :-$email<br><br>Thank You<br>Admin\";s:2:\"id\";s:1:\"6\";}'),
(7, 7, 'Notify Related Contact when Ticket is created from Portal', 'O:11:\"VTEmailTask\":9:{s:18:\"executeImmediately\";s:1:\"0\";s:7:\"summary\";s:57:\"Notify Related Contact when Ticket is created from Portal\";s:6:\"active\";s:1:\"1\";s:2:\"id\";s:1:\"7\";s:10:\"workflowId\";s:1:\"7\";s:9:\"fromEmail\";s:93:\"$(general : (__VtigerMeta__) supportName)&lt;$(general : (__VtigerMeta__) supportEmailId)&gt;\";s:9:\"recepient\";s:33:\",$(contact_id : (Contacts) email)\";s:7:\"subject\";s:93:\"[From Portal] $ticket_no [ Ticket Id : $(general : (__VtigerMeta__) recordId) ] $ticket_title\";s:7:\"content\";s:158:\"Ticket No : $ticket_no<br>\n							  Ticket ID : $(general : (__VtigerMeta__) recordId)<br>\n							  Ticket Title : $ticket_title<br><br>\n							  $description\";}'),
(10, 9, 'Send Email to Contact on Ticket Update', 'O:11:\"VTEmailTask\":9:{s:18:\"executeImmediately\";s:1:\"0\";s:7:\"summary\";s:38:\"Send Email to Contact on Ticket Update\";s:6:\"active\";s:1:\"1\";s:2:\"id\";s:2:\"10\";s:9:\"fromEmail\";s:93:\"$(general : (__VtigerMeta__) supportName)&lt;$(general : (__VtigerMeta__) supportEmailId)&gt;\";s:9:\"recepient\";s:33:\",$(contact_id : (Contacts) email)\";s:7:\"subject\";s:79:\"$ticket_no [ Ticket Id : $(general : (__VtigerMeta__) recordId) ] $ticket_title\";s:7:\"content\";s:624:\"Ticket ID : $(general : (__VtigerMeta__) recordId)<br>Ticket Title : $ticket_title<br><br>\n								Dear $(contact_id : (Contacts) lastname) $(contact_id : (Contacts) firstname),<br><br>\n								The Ticket is replied the details are :<br><br>\n								Ticket No : $ticket_no<br>\n								Status : $ticketstatus<br>\n								Category : $ticketcategories<br>\n								Severity : $ticketseverities<br>\n								Priority : $ticketpriorities<br><br>\n								Description : <br>$description<br><br>\n								Solution : <br>$solution<br>\n								The comments are : <br>\n								$allComments<br><br>\n								Regards<br>Support Administrator\";s:10:\"workflowId\";s:1:\"9\";}'),
(13, 12, 'update forecast amount', 'O:18:\"VTUpdateFieldsTask\":7:{s:18:\"executeImmediately\";b:1;s:43:\"\0VTUpdateFieldsTask\0referenceFieldFocusList\";a:0:{}s:10:\"workflowId\";i:12;s:7:\"summary\";s:22:\"update forecast amount\";s:6:\"active\";b:1;s:19:\"field_value_mapping\";s:95:\"[{\"fieldname\":\"forecast_amount\",\"valuetype\":\"expression\",\"value\":\"amount * probability / 100\"}]\";s:2:\"id\";i:13;}'),
(14, 13, 'Send Notification Email to Record Owner', 'O:11:\"VTEmailTask\":8:{s:18:\"executeImmediately\";s:0:\"\";s:10:\"workflowId\";s:2:\"13\";s:7:\"summary\";s:39:\"Send Notification Email to Record Owner\";s:6:\"active\";s:1:\"1\";s:9:\"recepient\";s:36:\"$(assigned_user_id : (Users) email1)\";s:7:\"subject\";s:17:\"Event :  $subject\";s:7:\"content\";s:771:\"$(assigned_user_id : (Users) last_name) $(assigned_user_id : (Users) first_name) ,<br/><b>Activity Notification Details:</b><br/>Subject             : $subject<br/>Start date and time : $date_start ($(general : (__VtigerMeta__) usertimezone))<br/>End date and time   : $due_date ($(general : (__VtigerMeta__) usertimezone)) <br/>Status              : $eventstatus <br/>Priority            : $taskpriority <br/>Related To          : $(parent_id : (Leads) lastname) $(parent_id : (Leads) firstname) $(parent_id : (Accounts) accountname) $(parent_id : (Potentials) potentialname) $(parent_id : (HelpDesk) ticket_title) $(parent_id : (Campaigns) campaignname) <br/>Contacts List       : $contact_id <br/>Location            : $location <br/>Description         : $description\";s:2:\"id\";s:2:\"14\";}'),
(15, 14, 'Send Notification Email to Record Owner', 'O:11:\"VTEmailTask\":8:{s:18:\"executeImmediately\";s:0:\"\";s:10:\"workflowId\";s:2:\"14\";s:7:\"summary\";s:39:\"Send Notification Email to Record Owner\";s:6:\"active\";s:1:\"1\";s:9:\"recepient\";s:36:\"$(assigned_user_id : (Users) email1)\";s:7:\"subject\";s:16:\"Task :  $subject\";s:7:\"content\";s:689:\"$(assigned_user_id : (Users) last_name) $(assigned_user_id : (Users) first_name) ,<br/><b>Task Notification Details:</b><br/>Subject : $subject<br/>Start date and time : $date_start ($(general : (__VtigerMeta__) usertimezone))<br/>End date and time   : $due_date ($_DATE_FORMAT_) <br/>Status              : $taskstatus <br/>Priority            : $taskpriority <br/>Related To          : $(parent_id : (Leads) lastname) $(parent_id : (Leads) firstname) $(parent_id : (Accounts) accountname) $(parent_id : (Potentials) potentialname) $(parent_id : (HelpDesk) ticket_title) $(parent_id : (Campaigns) campaignname) <br/>Contacts List       : $contact_id <br/>Description         : $description\";s:2:\"id\";s:2:\"15\";}'),
(18, 16, 'Update Inventory Products', 'O:18:\"VTEntityMethodTask\":6:{s:18:\"executeImmediately\";b:1;s:10:\"workflowId\";i:16;s:7:\"summary\";s:25:\"Update Inventory Products\";s:6:\"active\";b:1;s:10:\"methodName\";s:15:\"UpdateInventory\";s:2:\"id\";i:18;}'),
(19, 17, 'Comment Added From Portal : Send Email to Record Owner', 'O:11:\"VTEmailTask\":9:{s:18:\"executeImmediately\";s:1:\"0\";s:7:\"summary\";s:54:\"Comment Added From Portal : Send Email to Record Owner\";s:6:\"active\";s:1:\"1\";s:2:\"id\";s:2:\"19\";s:10:\"workflowId\";s:2:\"17\";s:9:\"fromEmail\";s:112:\"$(contact_id : (Contacts) lastname) $(contact_id : (Contacts) firstname)&lt;$(contact_id : (Contacts) email)&gt;\";s:9:\"recepient\";s:37:\",$(assigned_user_id : (Users) email1)\";s:7:\"subject\";s:92:\"Respond to Ticket ID## $(general : (__VtigerMeta__) recordId) ## in Customer Portal - URGENT\";s:7:\"content\";s:325:\"Dear $(assigned_user_id : (Users) last_name) $(assigned_user_id : (Users) first_name),<br><br>\n								Customer has provided the following additional information to your reply:<br><br>\n								<b>$lastComment</b><br><br>\n								Kindly respond to above ticket at the earliest.<br><br>\n								Regards<br>Support Administrator\";}'),
(20, 18, 'Comment Added From CRM : Send Email to Contact, where Contact is not a Portal User', 'O:11:\"VTEmailTask\":9:{s:18:\"executeImmediately\";s:1:\"0\";s:7:\"summary\";s:82:\"Comment Added From CRM : Send Email to Contact, where Contact is not a Portal User\";s:6:\"active\";s:1:\"1\";s:2:\"id\";s:2:\"20\";s:10:\"workflowId\";s:2:\"18\";s:9:\"fromEmail\";s:93:\"$(general : (__VtigerMeta__) supportName)&lt;$(general : (__VtigerMeta__) supportEmailId)&gt;\";s:9:\"recepient\";s:33:\",$(contact_id : (Contacts) email)\";s:7:\"subject\";s:79:\"$ticket_no [ Ticket Id : $(general : (__VtigerMeta__) recordId) ] $ticket_title\";s:7:\"content\";s:514:\"Dear $(contact_id : (Contacts) lastname) $(contact_id : (Contacts) firstname),<br><br>\n							The Ticket is replied the details are :<br><br>\n							Ticket No : $ticket_no<br>\n							Status : $ticketstatus<br>\n							Category : $ticketcategories<br>\n							Severity : $ticketseverities<br>\n							Priority : $ticketpriorities<br><br>\n							Description : <br>$description<br><br>\n							Solution : <br>$solution<br>\n							The comments are : <br>\n							$allComments<br><br>\n							Regards<br>Support Administrator\";}'),
(21, 19, 'Comment Added From CRM : Send Email to Contact, where Contact is Portal User', 'O:11:\"VTEmailTask\":9:{s:18:\"executeImmediately\";s:1:\"0\";s:7:\"summary\";s:76:\"Comment Added From CRM : Send Email to Contact, where Contact is Portal User\";s:6:\"active\";s:1:\"1\";s:2:\"id\";s:2:\"21\";s:10:\"workflowId\";s:2:\"19\";s:9:\"fromEmail\";s:93:\"$(general : (__VtigerMeta__) supportName)&lt;$(general : (__VtigerMeta__) supportEmailId)&gt;\";s:9:\"recepient\";s:33:\",$(contact_id : (Contacts) email)\";s:7:\"subject\";s:79:\"$ticket_no [ Ticket Id : $(general : (__VtigerMeta__) recordId) ] $ticket_title\";s:7:\"content\";s:547:\"Ticket No : $ticket_no<br>\n										Ticket Id : $(general : (__VtigerMeta__) recordId)<br>\n										Subject : $ticket_title<br><br>\n										Dear $(contact_id : (Contacts) lastname) $(contact_id : (Contacts) firstname),<br><br>\n										There is a reply to <b>$ticket_title</b> in the \"Customer Portal\" at VTiger.\n										You can use the following link to view the replies made:<br>\n										<a href=\"$(general : (__VtigerMeta__) portaldetailviewurl)\">Ticket Details</a><br><br>\n										Thanks<br>$(general : (__VtigerMeta__) supportName)\";}'),
(22, 15, 'Comment Added From CRM : Send Email to Organization', 'O:11:\"VTEmailTask\":9:{s:18:\"executeImmediately\";s:1:\"0\";s:7:\"summary\";s:51:\"Comment Added From CRM : Send Email to Organization\";s:6:\"active\";s:1:\"1\";s:2:\"id\";s:2:\"22\";s:10:\"workflowId\";s:2:\"15\";s:9:\"fromEmail\";s:93:\"$(general : (__VtigerMeta__) supportName)&lt;$(general : (__VtigerMeta__) supportEmailId)&gt;\";s:9:\"recepient\";s:34:\",$(parent_id : (Accounts) email1),\";s:7:\"subject\";s:79:\"$ticket_no [ Ticket Id : $(general : (__VtigerMeta__) recordId) ] $ticket_title\";s:7:\"content\";s:589:\"Ticket ID : $(general : (__VtigerMeta__) recordId)<br>Ticket Title : $ticket_title<br><br>\n								Dear $(parent_id : (Accounts) accountname),<br><br>\n								The Ticket is replied the details are :<br><br>\n								Ticket No : $ticket_no<br>\n								Status : $ticketstatus<br>\n								Category : $ticketcategories<br>\n								Severity : $ticketseverities<br>\n								Priority : $ticketpriorities<br><br>\n								Description : <br>$description<br><br>\n								Solution : <br>$solution<br>\n								The comments are : <br>\n								$allComments<br><br>\n								Regards<br>Support Administrator\";}'),
(23, 7, 'Notify Record Owner when Ticket is created from Portal', 'O:11:\"VTEmailTask\":9:{s:18:\"executeImmediately\";s:1:\"0\";s:7:\"summary\";s:54:\"Notify Record Owner when Ticket is created from Portal\";s:6:\"active\";s:1:\"1\";s:2:\"id\";s:2:\"23\";s:10:\"workflowId\";s:1:\"7\";s:9:\"fromEmail\";s:124:\"$(contact_id : (Contacts) lastname) $(contact_id : (Contacts) firstname)&lt;$(general : (__VtigerMeta__) supportEmailId)&gt;\";s:9:\"recepient\";s:37:\",$(assigned_user_id : (Users) email1)\";s:7:\"subject\";s:93:\"[From Portal] $ticket_no [ Ticket Id : $(general : (__VtigerMeta__) recordId) ] $ticket_title\";s:7:\"content\";s:158:\"Ticket No : $ticket_no<br>\n							  Ticket ID : $(general : (__VtigerMeta__) recordId)<br>\n							  Ticket Title : $ticket_title<br><br>\n							  $description\";}'),
(24, 20, 'Send Email to Record Owner on Ticket Update', 'O:11:\"VTEmailTask\":9:{s:18:\"executeImmediately\";s:1:\"0\";s:7:\"summary\";s:43:\"Send Email to Record Owner on Ticket Update\";s:6:\"active\";s:1:\"1\";s:2:\"id\";s:2:\"24\";s:10:\"workflowId\";s:2:\"20\";s:9:\"fromEmail\";s:93:\"$(general : (__VtigerMeta__) supportName)&lt;$(general : (__VtigerMeta__) supportEmailId)&gt;\";s:9:\"recepient\";s:37:\",$(assigned_user_id : (Users) email1)\";s:7:\"subject\";s:40:\"Ticket Number : $ticket_no $ticket_title\";s:7:\"content\";s:596:\"Ticket ID : $(general : (__VtigerMeta__) recordId)<br>Ticket Title : $ticket_title<br><br>\n								Dear $(assigned_user_id : (Users) last_name) $(assigned_user_id : (Users) first_name),<br><br>\n								The Ticket is replied the details are :<br><br>\n								Ticket No : $ticket_no<br>\n								Status : $ticketstatus<br>\n								Category : $ticketcategories<br>\n								Severity : $ticketseverities<br>\n								Priority : $ticketpriorities<br><br>\n								Description : <br>$description<br><br>\n								Solution : <br>$solution\n								$allComments<br><br>\n								Regards<br>Support Administrator\";}'),
(25, 21, 'Ticket Creation From CRM : Send Email to Record Owner', 'O:11:\"VTEmailTask\":9:{s:18:\"executeImmediately\";s:1:\"0\";s:7:\"summary\";s:53:\"Ticket Creation From CRM : Send Email to Record Owner\";s:6:\"active\";s:1:\"1\";s:2:\"id\";s:2:\"25\";s:10:\"workflowId\";s:2:\"21\";s:9:\"fromEmail\";s:93:\"$(general : (__VtigerMeta__) supportName)&lt;$(general : (__VtigerMeta__) supportEmailId)&gt;\";s:9:\"recepient\";s:37:\",$(assigned_user_id : (Users) email1)\";s:7:\"subject\";s:40:\"Ticket Number : $ticket_no $ticket_title\";s:7:\"content\";s:596:\"Ticket ID : $(general : (__VtigerMeta__) recordId)<br>Ticket Title : $ticket_title<br><br>\n								Dear $(assigned_user_id : (Users) last_name) $(assigned_user_id : (Users) first_name),<br><br>\n								The Ticket is replied the details are :<br><br>\n								Ticket No : $ticket_no<br>\n								Status : $ticketstatus<br>\n								Category : $ticketcategories<br>\n								Severity : $ticketseverities<br>\n								Priority : $ticketpriorities<br><br>\n								Description : <br>$description<br><br>\n								Solution : <br>$solution\n								$allComments<br><br>\n								Regards<br>Support Administrator\";}'),
(26, 22, 'Send Email to Organization on Ticket Update', 'O:11:\"VTEmailTask\":9:{s:18:\"executeImmediately\";s:1:\"0\";s:7:\"summary\";s:43:\"Send Email to Organization on Ticket Update\";s:6:\"active\";s:1:\"1\";s:2:\"id\";s:2:\"26\";s:9:\"fromEmail\";s:93:\"$(general : (__VtigerMeta__) supportName)&lt;$(general : (__VtigerMeta__) supportEmailId)&gt;\";s:9:\"recepient\";s:33:\",$(parent_id : (Accounts) email1)\";s:7:\"subject\";s:79:\"$ticket_no [ Ticket Id : $(general : (__VtigerMeta__) recordId) ] $ticket_title\";s:7:\"content\";s:589:\"Ticket ID : $(general : (__VtigerMeta__) recordId)<br>Ticket Title : $ticket_title<br><br>\n								Dear $(parent_id : (Accounts) accountname),<br><br>\n								The Ticket is replied the details are :<br><br>\n								Ticket No : $ticket_no<br>\n								Status : $ticketstatus<br>\n								Category : $ticketcategories<br>\n								Severity : $ticketseverities<br>\n								Priority : $ticketpriorities<br><br>\n								Description : <br>$description<br><br>\n								Solution : <br>$solution<br>\n								The comments are : <br>\n								$allComments<br><br>\n								Regards<br>Support Administrator\";s:10:\"workflowId\";s:2:\"22\";}'),
(27, 23, 'Ticket Creation From CRM : Send Email to Organization', 'O:11:\"VTEmailTask\":9:{s:18:\"executeImmediately\";s:1:\"0\";s:7:\"summary\";s:53:\"Ticket Creation From CRM : Send Email to Organization\";s:6:\"active\";s:1:\"1\";s:2:\"id\";s:2:\"27\";s:9:\"fromEmail\";s:93:\"$(general : (__VtigerMeta__) supportName)&lt;$(general : (__VtigerMeta__) supportEmailId)&gt;\";s:9:\"recepient\";s:33:\",$(parent_id : (Accounts) email1)\";s:7:\"subject\";s:79:\"$ticket_no [ Ticket Id : $(general : (__VtigerMeta__) recordId) ] $ticket_title\";s:7:\"content\";s:589:\"Ticket ID : $(general : (__VtigerMeta__) recordId)<br>Ticket Title : $ticket_title<br><br>\n								Dear $(parent_id : (Accounts) accountname),<br><br>\n								The Ticket is replied the details are :<br><br>\n								Ticket No : $ticket_no<br>\n								Status : $ticketstatus<br>\n								Category : $ticketcategories<br>\n								Severity : $ticketseverities<br>\n								Priority : $ticketpriorities<br><br>\n								Description : <br>$description<br><br>\n								Solution : <br>$solution<br>\n								The comments are : <br>\n								$allComments<br><br>\n								Regards<br>Support Administrator\";s:10:\"workflowId\";s:2:\"23\";}'),
(28, 24, 'Ticket Creation From CRM : Send Email to Contact', 'O:11:\"VTEmailTask\":9:{s:18:\"executeImmediately\";s:1:\"0\";s:7:\"summary\";s:48:\"Ticket Creation From CRM : Send Email to Contact\";s:6:\"active\";s:1:\"1\";s:2:\"id\";s:2:\"28\";s:9:\"fromEmail\";s:93:\"$(general : (__VtigerMeta__) supportName)&lt;$(general : (__VtigerMeta__) supportEmailId)&gt;\";s:9:\"recepient\";s:33:\",$(contact_id : (Contacts) email)\";s:7:\"subject\";s:79:\"$ticket_no [ Ticket Id : $(general : (__VtigerMeta__) recordId) ] $ticket_title\";s:7:\"content\";s:624:\"Ticket ID : $(general : (__VtigerMeta__) recordId)<br>Ticket Title : $ticket_title<br><br>\n								Dear $(contact_id : (Contacts) lastname) $(contact_id : (Contacts) firstname),<br><br>\n								The Ticket is replied the details are :<br><br>\n								Ticket No : $ticket_no<br>\n								Status : $ticketstatus<br>\n								Category : $ticketcategories<br>\n								Severity : $ticketseverities<br>\n								Priority : $ticketpriorities<br><br>\n								Description : <br>$description<br><br>\n								Solution : <br>$solution<br>\n								The comments are : <br>\n								$allComments<br><br>\n								Regards<br>Support Administrator\";s:10:\"workflowId\";s:2:\"24\";}'),
(29, 25, 'Mise a jour marge globale', 'O:18:\"VTUpdateFieldsTask\":8:{s:18:\"executeImmediately\";b:1;s:43:\"\0VTUpdateFieldsTask\0referenceFieldFocusList\";a:0:{}s:10:\"workflowId\";s:2:\"25\";s:7:\"summary\";s:25:\"Mise a jour marge globale\";s:6:\"active\";b:1;s:7:\"trigger\";N;s:19:\"field_value_mapping\";s:82:\"[{\"fieldname\":\"cf_1008\",\"value\":\"cf_1006+hdnS_H_Amount\",\"valuetype\":\"expression\"}]\";s:2:\"id\";i:29;}');

-- --------------------------------------------------------

--
-- Structure de la table `com_vtiger_workflowtasks_entitymethod`
--

CREATE TABLE `com_vtiger_workflowtasks_entitymethod` (
  `workflowtasks_entitymethod_id` int(11) NOT NULL,
  `module_name` varchar(100) DEFAULT NULL,
  `method_name` varchar(100) DEFAULT NULL,
  `function_path` varchar(400) DEFAULT NULL,
  `function_name` varchar(100) DEFAULT NULL
) ENGINE=InnoDB DEFAULT CHARSET=utf8;

--
-- Déchargement des données de la table `com_vtiger_workflowtasks_entitymethod`
--

INSERT INTO `com_vtiger_workflowtasks_entitymethod` (`workflowtasks_entitymethod_id`, `module_name`, `method_name`, `function_path`, `function_name`) VALUES
(1, 'SalesOrder', 'UpdateInventory', 'include/InventoryHandler.php', 'handleInventoryProductRel'),
(2, 'Invoice', 'UpdateInventory', 'include/InventoryHandler.php', 'handleInventoryProductRel'),
(3, 'Contacts', 'SendPortalLoginDetails', 'modules/Contacts/ContactsHandler.php', 'Contacts_sendCustomerPortalLoginDetails'),
(4, 'HelpDesk', 'NotifyOnPortalTicketCreation', 'modules/HelpDesk/HelpDeskHandler.php', 'HelpDesk_nofifyOnPortalTicketCreation'),
(5, 'HelpDesk', 'NotifyOnPortalTicketComment', 'modules/HelpDesk/HelpDeskHandler.php', 'HelpDesk_notifyOnPortalTicketComment'),
(6, 'HelpDesk', 'NotifyOwnerOnTicketChange', 'modules/HelpDesk/HelpDeskHandler.php', 'HelpDesk_notifyOwnerOnTicketChange'),
(7, 'HelpDesk', 'NotifyParentOnTicketChange', 'modules/HelpDesk/HelpDeskHandler.php', 'HelpDesk_notifyParentOnTicketChange'),
(8, 'ModComments', 'CustomerCommentFromPortal', 'modules/ModComments/ModCommentsHandler.php', 'CustomerCommentFromPortal'),
(9, 'ModComments', 'TicketOwnerComments', 'modules/ModComments/ModCommentsHandler.php', 'TicketOwnerComments'),
(10, 'PurchaseOrder', 'UpdateInventory', 'include/InventoryHandler.php', 'handleInventoryProductRel');

-- --------------------------------------------------------

--
-- Structure de la table `com_vtiger_workflowtasks_entitymethod_seq`
--

CREATE TABLE `com_vtiger_workflowtasks_entitymethod_seq` (
  `id` int(11) NOT NULL
) ENGINE=MyISAM DEFAULT CHARSET=utf8;

--
-- Déchargement des données de la table `com_vtiger_workflowtasks_entitymethod_seq`
--

INSERT INTO `com_vtiger_workflowtasks_entitymethod_seq` (`id`) VALUES
(10);

-- --------------------------------------------------------

--
-- Structure de la table `com_vtiger_workflowtasks_seq`
--

CREATE TABLE `com_vtiger_workflowtasks_seq` (
  `id` int(11) NOT NULL
) ENGINE=MyISAM DEFAULT CHARSET=utf8;

--
-- Déchargement des données de la table `com_vtiger_workflowtasks_seq`
--

INSERT INTO `com_vtiger_workflowtasks_seq` (`id`) VALUES
(29);

-- --------------------------------------------------------

--
-- Structure de la table `com_vtiger_workflowtask_queue`
--

CREATE TABLE `com_vtiger_workflowtask_queue` (
  `task_id` int(11) DEFAULT NULL,
  `entity_id` varchar(100) DEFAULT NULL,
  `do_after` int(11) DEFAULT NULL,
  `relatedinfo` varchar(255) DEFAULT NULL,
  `task_contents` text DEFAULT NULL
) ENGINE=InnoDB DEFAULT CHARSET=utf8;

-- --------------------------------------------------------

--
-- Structure de la table `com_vtiger_workflowtemplates`
--

CREATE TABLE `com_vtiger_workflowtemplates` (
  `template_id` int(11) NOT NULL,
  `module_name` varchar(100) DEFAULT NULL,
  `title` varchar(400) DEFAULT NULL,
  `template` text DEFAULT NULL
) ENGINE=InnoDB DEFAULT CHARSET=utf8;

-- --------------------------------------------------------

--
-- Structure de la table `com_vtiger_workflow_activatedonce`
--

CREATE TABLE `com_vtiger_workflow_activatedonce` (
  `workflow_id` int(11) NOT NULL,
  `entity_id` int(11) NOT NULL
) ENGINE=InnoDB DEFAULT CHARSET=utf8;

-- --------------------------------------------------------

--
-- Structure de la table `com_vtiger_workflow_tasktypes`
--

CREATE TABLE `com_vtiger_workflow_tasktypes` (
  `id` int(11) NOT NULL,
  `tasktypename` varchar(255) NOT NULL,
  `label` varchar(255) DEFAULT NULL,
  `classname` varchar(255) DEFAULT NULL,
  `classpath` varchar(255) DEFAULT NULL,
  `templatepath` varchar(255) DEFAULT NULL,
  `modules` varchar(500) DEFAULT NULL,
  `sourcemodule` varchar(255) DEFAULT NULL
) ENGINE=InnoDB DEFAULT CHARSET=utf8;

--
-- Déchargement des données de la table `com_vtiger_workflow_tasktypes`
--

INSERT INTO `com_vtiger_workflow_tasktypes` (`id`, `tasktypename`, `label`, `classname`, `classpath`, `templatepath`, `modules`, `sourcemodule`) VALUES
(1, 'VTEmailTask', 'Send Mail', 'VTEmailTask', 'modules/com_vtiger_workflow/tasks/VTEmailTask.inc', 'modules/Settings/Workflows/Tasks/VTEmailTask.tpl', '{\"include\":[],\"exclude\":[]}', ''),
(2, 'VTEntityMethodTask', 'Invoke Custom Function', 'VTEntityMethodTask', 'modules/com_vtiger_workflow/tasks/VTEntityMethodTask.inc', 'modules/Settings/Workflows/Tasks/VTEntityMethodTask.tpl', '{\"include\":[],\"exclude\":[]}', ''),
(3, 'VTCreateTodoTask', 'Create Todo', 'VTCreateTodoTask', 'modules/com_vtiger_workflow/tasks/VTCreateTodoTask.inc', 'modules/Settings/Workflows/Tasks/VTCreateTodoTask.tpl', '{\"include\":[\"Leads\",\"Accounts\",\"Potentials\",\"Contacts\",\"HelpDesk\",\"Campaigns\",\"Quotes\",\"PurchaseOrder\",\"SalesOrder\",\"Invoice\",\"Project\"],\"exclude\":[\"Calendar\",\"FAQ\",\"Events\"]}', ''),
(4, 'VTCreateEventTask', 'Create Event', 'VTCreateEventTask', 'modules/com_vtiger_workflow/tasks/VTCreateEventTask.inc', 'modules/Settings/Workflows/Tasks/VTCreateEventTask.tpl', '{\"include\":[\"Leads\",\"Accounts\",\"Potentials\",\"Contacts\",\"HelpDesk\",\"Campaigns\",\"Project\"],\"exclude\":[\"Calendar\",\"FAQ\",\"Events\"]}', ''),
(5, 'VTUpdateFieldsTask', 'Update Fields', 'VTUpdateFieldsTask', 'modules/com_vtiger_workflow/tasks/VTUpdateFieldsTask.inc', 'modules/Settings/Workflows/Tasks/VTUpdateFieldsTask.tpl', '{\"include\":[],\"exclude\":[]}', ''),
(6, 'VTCreateEntityTask', 'Create Entity', 'VTCreateEntityTask', 'modules/com_vtiger_workflow/tasks/VTCreateEntityTask.inc', 'modules/Settings/Workflows/Tasks/VTCreateEntityTask.tpl', '{\"include\":[],\"exclude\":[]}', ''),
(7, 'VTSMSTask', 'SMS Task', 'VTSMSTask', 'modules/com_vtiger_workflow/tasks/VTSMSTask.inc', 'modules/Settings/Workflows/Tasks/VTSMSTask.tpl', '{\"include\":[],\"exclude\":[]}', 'SMSNotifier'),
(8, 'VTPDFMakerMailTask', 'Send Email with PDF Maker attachments', 'VTPDFMakerMailTask', 'modules/PDFMaker/workflow/VTPDFMakerMailTask.inc', 'modules/PDFMaker/taskforms/VTPDFMakerMailTask.tpl', '{\"include\":[],\"exclude\":[]}', 'PDFMaker'),
(9, 'VTPDFMakerTask', 'Save Document from PDF Maker', 'VTPDFMakerTask', 'modules/PDFMaker/workflow/VTPDFMakerTask.inc', 'modules/PDFMaker/taskforms/VTPDFMakerTask.tpl', '{\"include\":[],\"exclude\":[]}', 'PDFMaker');

-- --------------------------------------------------------

--
-- Structure de la table `com_vtiger_workflow_tasktypes_seq`
--

CREATE TABLE `com_vtiger_workflow_tasktypes_seq` (
  `id` int(11) NOT NULL
) ENGINE=MyISAM DEFAULT CHARSET=utf8;

--
-- Déchargement des données de la table `com_vtiger_workflow_tasktypes_seq`
--

INSERT INTO `com_vtiger_workflow_tasktypes_seq` (`id`) VALUES
(9);

-- --------------------------------------------------------

--
-- Structure de la table `its4you_cashflow4you`
--

CREATE TABLE `its4you_cashflow4you` (
  `cashflow4youid` int(19) NOT NULL DEFAULT 0,
  `cashflow4youname` varchar(255) DEFAULT NULL,
  `cashflow4you_no` varchar(100) DEFAULT NULL,
  `paymentdate` date DEFAULT NULL,
  `cashflow4you_paymethod` varchar(255) DEFAULT NULL,
  `paymentamount` decimal(25,3) DEFAULT NULL,
  `relationid` int(19) DEFAULT NULL,
  `transactionid` varchar(100) DEFAULT NULL,
  `relation_no` varchar(100) DEFAULT NULL,
  `due_date` date DEFAULT NULL,
  `currency_id` int(19) NOT NULL DEFAULT 1,
  `payamount_main` decimal(25,3) DEFAULT NULL,
  `cashflow4you_paytype` varchar(255) DEFAULT NULL,
  `cashflow4you_category` varchar(255) DEFAULT NULL,
  `relatedto` int(19) DEFAULT NULL,
  `cashflow4you_cash` varchar(255) DEFAULT NULL,
  `accountingdate` date DEFAULT NULL,
  `vat_amount` decimal(25,3) DEFAULT NULL,
  `total_without_vat` decimal(25,3) DEFAULT NULL,
  `tax_expense` varchar(3) DEFAULT '0',
  `cashflow4you_subcategory` varchar(255) DEFAULT NULL,
  `cashflow4you_status` varchar(255) DEFAULT NULL,
  `cashflow4you_associated_no` varchar(255) NOT NULL,
  `contactid` int(19) DEFAULT NULL,
  `relations` varchar(255) DEFAULT NULL,
  `conversion_rate` decimal(10,3) NOT NULL DEFAULT 1.000,
  `tags` varchar(1) DEFAULT NULL
) ENGINE=InnoDB DEFAULT CHARSET=utf8;

--
-- Déchargement des données de la table `its4you_cashflow4you`
--

INSERT INTO `its4you_cashflow4you` (`cashflow4youid`, `cashflow4youname`, `cashflow4you_no`, `paymentdate`, `cashflow4you_paymethod`, `paymentamount`, `relationid`, `transactionid`, `relation_no`, `due_date`, `currency_id`, `payamount_main`, `cashflow4you_paytype`, `cashflow4you_category`, `relatedto`, `cashflow4you_cash`, `accountingdate`, `vat_amount`, `total_without_vat`, `tax_expense`, `cashflow4you_subcategory`, `cashflow4you_status`, `cashflow4you_associated_no`, `contactid`, `relations`, `conversion_rate`, `tags`) VALUES
(12, 'test', 'CC001', '2019-04-18', NULL, 10000.000, 11, NULL, 'I1', '2019-04-18', 1, 10000.000, 'Incoming', NULL, 10, 'Cashflow', NULL, NULL, 10000.000, '0', NULL, 'Received', 'I1', 0, 'I1', 1.000, '');

-- --------------------------------------------------------

--
-- Structure de la table `its4you_cashflow4youcf`
--

CREATE TABLE `its4you_cashflow4youcf` (
  `cashflow4youid` int(19) NOT NULL
) ENGINE=InnoDB DEFAULT CHARSET=utf8;

--
-- Déchargement des données de la table `its4you_cashflow4youcf`
--

INSERT INTO `its4you_cashflow4youcf` (`cashflow4youid`) VALUES
(12);

-- --------------------------------------------------------

--
-- Structure de la table `its4you_cashflow4you_associatedto`
--

CREATE TABLE `its4you_cashflow4you_associatedto` (
  `cashflow4youid` int(19) NOT NULL,
  `cashflow4you_associated_id` int(19) NOT NULL,
  `partial_amount` decimal(25,3) DEFAULT NULL
) ENGINE=InnoDB DEFAULT CHARSET=utf8;

--
-- Déchargement des données de la table `its4you_cashflow4you_associatedto`
--

INSERT INTO `its4you_cashflow4you_associatedto` (`cashflow4youid`, `cashflow4you_associated_id`, `partial_amount`) VALUES
(12, 11, 10000.000);

-- --------------------------------------------------------

--
-- Structure de la table `its4you_cashflow4you_license`
--

CREATE TABLE `its4you_cashflow4you_license` (
  `version_type` varchar(255) NOT NULL,
  `license_key` varchar(255) NOT NULL,
  `license_info` text DEFAULT NULL,
  `license_due_date` date DEFAULT NULL
) ENGINE=InnoDB DEFAULT CHARSET=utf8;

-- --------------------------------------------------------

--
-- Structure de la table `its4you_cashflow4you_version`
--

CREATE TABLE `its4you_cashflow4you_version` (
  `version` varchar(30) NOT NULL,
  `license` varchar(255) NOT NULL
) ENGINE=InnoDB DEFAULT CHARSET=utf8;

--
-- Déchargement des données de la table `its4you_cashflow4you_version`
--

INSERT INTO `its4you_cashflow4you_version` (`version`, `license`) VALUES
('7.1.0', 'deactivate');

-- --------------------------------------------------------

--
-- Structure de la table `its4you_styles`
--

CREATE TABLE `its4you_styles` (
  `styleid` int(11) NOT NULL DEFAULT 0,
  `stylename` varchar(255) DEFAULT NULL,
  `stylecontent` longtext DEFAULT NULL,
  `priority` int(11) DEFAULT NULL,
  `tags` varchar(1) DEFAULT NULL
) ENGINE=InnoDB DEFAULT CHARSET=utf8;

-- --------------------------------------------------------

--
-- Structure de la table `its4you_stylescf`
--

CREATE TABLE `its4you_stylescf` (
  `styleid` int(11) NOT NULL
) ENGINE=InnoDB DEFAULT CHARSET=utf8;

-- --------------------------------------------------------

--
-- Structure de la table `its4you_stylesrel`
--

CREATE TABLE `its4you_stylesrel` (
  `styleid` int(11) NOT NULL,
  `parentid` int(11) NOT NULL,
  `module` varchar(255) CHARACTER SET utf8 COLLATE utf8_unicode_ci NOT NULL
) ENGINE=InnoDB DEFAULT CHARSET=utf8;

-- --------------------------------------------------------

--
-- Structure de la table `old_vtiger_modtracker_basic`
--

CREATE TABLE `old_vtiger_modtracker_basic` (
  `id` int(20) NOT NULL,
  `crmid` int(20) DEFAULT NULL,
  `module` varchar(50) DEFAULT NULL,
  `whodid` int(20) DEFAULT NULL,
  `changedon` datetime DEFAULT NULL,
  `status` int(1) DEFAULT 0
) ENGINE=InnoDB DEFAULT CHARSET=utf8;

--
-- Déchargement des données de la table `old_vtiger_modtracker_basic`
--

INSERT INTO `old_vtiger_modtracker_basic` (`id`, `crmid`, `module`, `whodid`, `changedon`, `status`) VALUES
(1, 2, 'Services', 1, '2019-02-21 20:41:07', 2),
(2, 2, 'Services', 1, '2019-02-21 20:43:12', 0),
(12, 13, 'Emails', 1, '2019-04-18 14:14:19', 2),
(13, 15, 'Emails', 1, '2019-04-18 14:19:33', 2),
(14, 17, 'Emails', 1, '2019-04-18 14:22:13', 2),
(15, 19, 'Emails', 1, '2019-04-18 14:23:53', 2),
(16, 21, 'Emails', 1, '2019-04-18 14:28:22', 2),
(17, 23, 'Emails', 1, '2019-04-18 14:29:24', 2),
(18, 25, 'Emails', 1, '2019-04-18 14:35:27', 2),
(21, 4, 'Vendors', 1, '2019-04-18 14:43:32', 0);

-- --------------------------------------------------------

--
-- Structure de la table `old_vtiger_modtracker_detail`
--

CREATE TABLE `old_vtiger_modtracker_detail` (
  `id` int(11) DEFAULT NULL,
  `fieldname` varchar(100) DEFAULT NULL,
  `prevalue` text DEFAULT NULL,
  `postvalue` text DEFAULT NULL
) ENGINE=InnoDB DEFAULT CHARSET=utf8;

--
-- Déchargement des données de la table `old_vtiger_modtracker_detail`
--

INSERT INTO `old_vtiger_modtracker_detail` (`id`, `fieldname`, `prevalue`, `postvalue`) VALUES
(1, 'label', NULL, 'Eticket'),
(1, 'servicename', NULL, 'Eticket'),
(1, 'service_no', NULL, 'SER1'),
(1, 'discontinued', NULL, '1'),
(1, 'createdtime', NULL, '2019-02-21 20:41:07'),
(1, 'modifiedby', NULL, '1'),
(1, 'qty_per_unit', NULL, '0.00'),
(1, 'assigned_user_id', NULL, '1'),
(1, 'unit_price', NULL, '0.00000000'),
(1, 'source', NULL, 'CRM'),
(1, 'purchase_cost', NULL, '0.00000000'),
(1, 'record_id', NULL, '2'),
(1, 'record_module', NULL, 'Services'),
(2, 'label', 'Eticket', 'ticket'),
(2, 'servicename', 'Eticket', 'ticket'),
(10, 'bill_street', '', 'Deux Plateau Riviera'),
(10, 'bill_city', '', 'Abidjan'),
(10, 'bill_country', '', 'Cote d&#039;Ivoire'),
(11, 'label', NULL, 'test'),
(11, 'cashflow4youname', NULL, 'test'),
(11, 'cashflow4you_no', NULL, 'CC001'),
(11, 'paymentdate', NULL, '2019-04-18'),
(11, 'paymentamount', NULL, '10000.000'),
(11, 'relationid', NULL, '11'),
(11, 'due_date', NULL, '2019-04-18'),
(11, 'currency_id', NULL, '1'),
(11, 'cashflow4you_paytype', NULL, 'Incoming'),
(11, 'relatedto', NULL, '10'),
(11, 'createdtime', NULL, '2019-04-18 11:52:43'),
(11, 'cashflow4you_cash', NULL, 'Cashflow'),
(11, 'cashflow4you_status', NULL, 'Received'),
(11, 'assigned_user_id', NULL, '1'),
(11, 'cashflow4you_associated_no', NULL, 'I1'),
(11, 'relations', NULL, 'I1'),
(11, 'total_without_vat', NULL, '10000.000'),
(11, 'source', NULL, 'CRM'),
(11, 'record_id', NULL, '12'),
(11, 'record_module', NULL, 'Cashflow4You'),
(12, 'label', NULL, '$companydetails-organizationname$ - Votre facture '),
(12, 'date_start', NULL, '2019-04-18'),
(12, 'activitytype', NULL, 'Emails'),
(12, 'assigned_user_id', NULL, '1'),
(12, 'subject', NULL, '$companydetails-organizationname$ - Votre facture '),
(12, 'description', NULL, '&lt;!DOCTYPE HTML PUBLIC &quot;-//W3C//DTD HTML 4.01//EN&quot; &quot;http://www.w3.org/TR/html4/strict.dtd&quot;&gt;\r\n&lt;html&gt;\r\n&lt;head&gt;\r\n	&lt;title&gt;&lt;/title&gt;\r\n&lt;/head&gt;\r\n&lt;body class=&quot;scayt-enabled&quot;&gt;\r\n&lt;div&gt;\r\n&lt;center&gt;\r\n&lt;table border=&quot;0&quot; cellpadding=&quot;0&quot; cellspacing=&quot;0&quot; class=&quot;borderGrey&quot; width=&quot;600px&quot;&gt;\r\n	&lt;tbody&gt;\r\n		&lt;tr style=&quot;height:50px;&quot;&gt;\r\n			&lt;td colspan=&quot;6&quot; style=&quot;border-top: 1px solid #ddd; font-family: Helvetica,Verdana,sans-serif&quot;&gt;Madame, Monsieur,&lt;br /&gt;\r\n			&lt;br /&gt;\r\n			Merci de trouver en pi&egrave;ce jointe la facture relative &agrave; votre billet d&#039;avion.&lt;br /&gt;\r\n			&lt;br /&gt;\r\n			Nous restons &agrave; votre disposition pour tout compl&eacute;ment d&#039;information.&lt;br /&gt;\r\n			&lt;br /&gt;\r\n			Cordialement&lt;br /&gt;\r\n			&lt;br /&gt;\r\n			--------------------------------------------------------------------------------------&lt;br /&gt;\r\n			$companydetails-logoname$&lt;br /&gt;\r\n			&lt;br /&gt;\r\n			&amp;nbsp;&lt;/td&gt;\r\n		&lt;/tr&gt;\r\n		&lt;tr&gt;\r\n			&lt;td colspan=&quot;6&quot; style=&quot;font-family: Helvetica,Verdana,sans-serif;font-size: 11px;color: #666666;&quot;&gt;\r\n			&lt;table border=&quot;0&quot; cellpadding=&quot;4&quot; cellspacing=&quot;0&quot; width=&quot;100%&quot;&gt;\r\n				&lt;tbody&gt;\r\n					&lt;tr&gt;\r\n						&lt;td colspan=&quot;2&quot; id=&quot;social&quot; valign=&quot;middle&quot;&gt;\r\n						&lt;center&gt;&lt;/center&gt;\r\n						&lt;/td&gt;\r\n					&lt;/tr&gt;\r\n					&lt;!--copy right data--&gt;\r\n					&lt;tr&gt;\r\n						&lt;td valign=&quot;top&quot; width=&quot;350px&quot;&gt;\r\n						&lt;center&gt;\r\n						&lt;div&gt;&lt;em&gt;Copyright &copy; 2019 &lt;a href=&quot;http://www.ceteristours.com&quot; target=&quot;_blank&quot;&gt;www.ceteristours.com&lt;/a&gt;, All rights reserved.&lt;/em&gt;&lt;/div&gt;\r\n						&lt;/center&gt;\r\n						&lt;/td&gt;\r\n					&lt;/tr&gt;\r\n				&lt;/tbody&gt;\r\n			&lt;/table&gt;\r\n			&lt;/td&gt;\r\n		&lt;/tr&gt;\r\n	&lt;/tbody&gt;\r\n&lt;/table&gt;\r\n&lt;/center&gt;\r\n&lt;/div&gt;\r\n&lt;/body&gt;\r\n&lt;/html&gt;\r\n'),
(12, 'time_start', NULL, '14:14'),
(12, 'createdtime', NULL, '2019-04-18 14:14:19'),
(12, 'modifiedby', NULL, '1'),
(12, 'from_email', NULL, 'info@estair.travel'),
(12, 'saved_toid', NULL, '[&quot;agbehi@gmail.com&quot;]'),
(12, 'ccmail', NULL, '[&quot;&quot;]'),
(12, 'bccmail', NULL, '[&quot;&quot;]'),
(12, 'email_flag', NULL, 'SENT'),
(12, 'source', NULL, 'CRM'),
(12, 'record_id', NULL, '13'),
(12, 'record_module', NULL, 'Emails'),
(13, 'label', NULL, '$companydetails-organizationname$ - Votre re&ccedil;u de paiement'),
(13, 'date_start', NULL, '2019-04-18'),
(13, 'activitytype', NULL, 'Emails'),
(13, 'assigned_user_id', NULL, '1'),
(13, 'subject', NULL, '$companydetails-organizationname$ - Votre re&ccedil;u de paiement'),
(13, 'description', NULL, '&lt;!DOCTYPE HTML PUBLIC &quot;-//W3C//DTD HTML 4.01//EN&quot; &quot;http://www.w3.org/TR/html4/strict.dtd&quot;&gt;\r\n&lt;html&gt;\r\n&lt;head&gt;\r\n	&lt;title&gt;&lt;/title&gt;\r\n&lt;/head&gt;\r\n&lt;body class=&quot;scayt-enabled&quot;&gt;\r\n&lt;div&gt;\r\n&lt;center&gt;\r\n&lt;table border=&quot;0&quot; cellpadding=&quot;0&quot; cellspacing=&quot;0&quot; class=&quot;borderGrey&quot; width=&quot;600px&quot;&gt;\r\n	&lt;tbody&gt;\r\n		&lt;tr style=&quot;height:50px;&quot;&gt;\r\n			&lt;td colspan=&quot;6&quot; style=&quot;border-top: 1px solid #ddd; font-family: Helvetica,Verdana,sans-serif&quot;&gt;Madame, Monsieur,&lt;br /&gt;\r\n			&lt;br /&gt;\r\n			Merci de trouver en pi&egrave;ce jointe votre recu de paiement.&lt;br /&gt;\r\n			&lt;br /&gt;\r\n			Nous restons &agrave; votre disposition pour tout compl&eacute;ment d&#039;information.&lt;br /&gt;\r\n			&lt;br /&gt;\r\n			Cordialement&lt;br /&gt;\r\n			&lt;br /&gt;\r\n			$logo$&lt;/td&gt;\r\n		&lt;/tr&gt;\r\n		&lt;tr&gt;\r\n			&lt;td colspan=&quot;6&quot; style=&quot;font-family: Helvetica,Verdana,sans-serif;font-size: 11px;color: #666666;&quot;&gt;\r\n			&lt;table border=&quot;0&quot; cellpadding=&quot;4&quot; cellspacing=&quot;0&quot; width=&quot;100%&quot;&gt;\r\n				&lt;tbody&gt;&lt;!--copy right data--&gt;\r\n					&lt;tr&gt;\r\n						&lt;td valign=&quot;top&quot; width=&quot;350px&quot;&gt;\r\n						&lt;center&gt;\r\n						&lt;div&gt;&lt;em&gt;Copyright &copy; 2019 &lt;a href=&quot;http://www.ceteristours.com&quot; target=&quot;_blank&quot;&gt;www.ceteristours.com&lt;/a&gt;, All rights reserved.&lt;/em&gt;&lt;/div&gt;\r\n						&lt;/center&gt;\r\n						&lt;/td&gt;\r\n					&lt;/tr&gt;\r\n				&lt;/tbody&gt;\r\n			&lt;/table&gt;\r\n			&lt;/td&gt;\r\n		&lt;/tr&gt;\r\n	&lt;/tbody&gt;\r\n&lt;/table&gt;\r\n&lt;/center&gt;\r\n&lt;/div&gt;\r\n&lt;/body&gt;\r\n&lt;/html&gt;\r\n'),
(13, 'time_start', NULL, '14:19'),
(13, 'createdtime', NULL, '2019-04-18 14:19:33'),
(13, 'modifiedby', NULL, '1'),
(13, 'from_email', NULL, 'info@estair.travel'),
(13, 'saved_toid', NULL, '[&quot;agbehi@gmail.com&quot;]'),
(13, 'ccmail', NULL, '[&quot;&quot;]'),
(13, 'bccmail', NULL, '[&quot;&quot;]'),
(13, 'email_flag', NULL, 'SENT'),
(13, 'source', NULL, 'CRM'),
(13, 'record_id', NULL, '15'),
(13, 'record_module', NULL, 'Emails'),
(14, 'label', NULL, '$companydetails-organizationname$ - Votre re&ccedil;u de paiement'),
(14, 'date_start', NULL, '2019-04-18'),
(14, 'activitytype', NULL, 'Emails'),
(14, 'assigned_user_id', NULL, '1'),
(14, 'subject', NULL, '$companydetails-organizationname$ - Votre re&ccedil;u de paiement'),
(14, 'description', NULL, '&lt;!DOCTYPE HTML PUBLIC &quot;-//W3C//DTD HTML 4.01//EN&quot; &quot;http://www.w3.org/TR/html4/strict.dtd&quot;&gt;\r\n&lt;html&gt;\r\n&lt;head&gt;\r\n	&lt;title&gt;&lt;/title&gt;\r\n&lt;/head&gt;\r\n&lt;body class=&quot;scayt-enabled&quot;&gt;\r\n&lt;div&gt;\r\n&lt;center&gt;\r\n&lt;table border=&quot;0&quot; cellpadding=&quot;0&quot; cellspacing=&quot;0&quot; class=&quot;borderGrey&quot; width=&quot;600px&quot;&gt;\r\n	&lt;tbody&gt;\r\n		&lt;tr style=&quot;height:50px;&quot;&gt;\r\n			&lt;td colspan=&quot;6&quot; style=&quot;border-top: 1px solid #ddd; font-family: Helvetica,Verdana,sans-serif&quot;&gt;Madame, Monsieur,&lt;br /&gt;\r\n			&lt;br /&gt;\r\n			Merci de trouver en pi&egrave;ce jointe votre recu de paiement.&lt;br /&gt;\r\n			&lt;br /&gt;\r\n			Nous restons &agrave; votre disposition pour tout compl&eacute;ment d&#039;information.&lt;br /&gt;\r\n			&lt;br /&gt;\r\n			Cordialement&lt;br /&gt;\r\n			&lt;br /&gt;\r\n			$logo$&lt;/td&gt;\r\n		&lt;/tr&gt;\r\n		&lt;tr&gt;\r\n			&lt;td colspan=&quot;6&quot; style=&quot;font-family: Helvetica,Verdana,sans-serif;font-size: 11px;color: #666666;&quot;&gt;\r\n			&lt;table border=&quot;0&quot; cellpadding=&quot;4&quot; cellspacing=&quot;0&quot; width=&quot;100%&quot;&gt;\r\n				&lt;tbody&gt;&lt;!--copy right data--&gt;\r\n					&lt;tr&gt;\r\n						&lt;td valign=&quot;top&quot; width=&quot;350px&quot;&gt;\r\n						&lt;center&gt;\r\n						&lt;div&gt;&lt;em&gt;Copyright &copy; 2019 &lt;a href=&quot;http://www.ceteristours.com&quot; target=&quot;_blank&quot;&gt;www.ceteristours.com&lt;/a&gt;, All rights reserved.&lt;/em&gt;&lt;/div&gt;\r\n						&lt;/center&gt;\r\n						&lt;/td&gt;\r\n					&lt;/tr&gt;\r\n				&lt;/tbody&gt;\r\n			&lt;/table&gt;\r\n			&lt;/td&gt;\r\n		&lt;/tr&gt;\r\n	&lt;/tbody&gt;\r\n&lt;/table&gt;\r\n&lt;/center&gt;\r\n&lt;/div&gt;\r\n&lt;/body&gt;\r\n&lt;/html&gt;\r\n'),
(14, 'time_start', NULL, '14:22'),
(14, 'createdtime', NULL, '2019-04-18 14:22:13'),
(14, 'modifiedby', NULL, '1'),
(14, 'from_email', NULL, 'info@estair.travel'),
(14, 'saved_toid', NULL, '[&quot;agbehi@gmail.com&quot;]'),
(14, 'ccmail', NULL, '[&quot;&quot;]'),
(14, 'bccmail', NULL, '[&quot;&quot;]'),
(14, 'email_flag', NULL, 'SENT'),
(14, 'source', NULL, 'CRM'),
(14, 'record_id', NULL, '17'),
(14, 'record_module', NULL, 'Emails'),
(15, 'label', NULL, '$companydetails-organizationname$ - Votre facture '),
(15, 'date_start', NULL, '2019-04-18'),
(15, 'activitytype', NULL, 'Emails'),
(15, 'assigned_user_id', NULL, '1'),
(15, 'subject', NULL, '$companydetails-organizationname$ - Votre facture '),
(15, 'description', NULL, '&lt;!DOCTYPE HTML PUBLIC &quot;-//W3C//DTD HTML 4.01//EN&quot; &quot;http://www.w3.org/TR/html4/strict.dtd&quot;&gt;\r\n&lt;html&gt;\r\n&lt;head&gt;\r\n	&lt;title&gt;&lt;/title&gt;\r\n&lt;/head&gt;\r\n&lt;body class=&quot;scayt-enabled&quot;&gt;\r\n&lt;div&gt;\r\n&lt;center&gt;\r\n&lt;table border=&quot;0&quot; cellpadding=&quot;0&quot; cellspacing=&quot;0&quot; class=&quot;borderGrey&quot; width=&quot;600px&quot;&gt;\r\n	&lt;tbody&gt;\r\n		&lt;tr style=&quot;height:50px;&quot;&gt;\r\n			&lt;td colspan=&quot;6&quot; style=&quot;border-top: 1px solid #ddd; font-family: Helvetica,Verdana,sans-serif&quot;&gt;Madame, Monsieur,&lt;br /&gt;\r\n			&lt;br /&gt;\r\n			Merci de trouver en pi&egrave;ce jointe la facture relative &agrave; votre billet d&#039;avion.&lt;br /&gt;\r\n			&lt;br /&gt;\r\n			Nous restons &agrave; votre disposition pour tout compl&eacute;ment d&#039;information.&lt;br /&gt;\r\n			&lt;br /&gt;\r\n			Cordialement&lt;br /&gt;\r\n			&lt;br /&gt;\r\n			--------------------------------------------------------------------------------------&lt;br /&gt;\r\n			$logo$&lt;br /&gt;\r\n			$organizationname$&lt;br /&gt;\r\n			&lt;br /&gt;\r\n			&amp;nbsp;&lt;/td&gt;\r\n		&lt;/tr&gt;\r\n		&lt;tr&gt;\r\n			&lt;td colspan=&quot;6&quot; style=&quot;font-family: Helvetica,Verdana,sans-serif;font-size: 11px;color: #666666;&quot;&gt;\r\n			&lt;table border=&quot;0&quot; cellpadding=&quot;4&quot; cellspacing=&quot;0&quot; width=&quot;100%&quot;&gt;\r\n				&lt;tbody&gt;\r\n					&lt;tr&gt;\r\n						&lt;td colspan=&quot;2&quot; id=&quot;social&quot; valign=&quot;middle&quot;&gt;\r\n						&lt;center&gt;&lt;/center&gt;\r\n						&lt;/td&gt;\r\n					&lt;/tr&gt;\r\n					&lt;!--copy right data--&gt;\r\n					&lt;tr&gt;\r\n						&lt;td valign=&quot;top&quot; width=&quot;350px&quot;&gt;\r\n						&lt;center&gt;\r\n						&lt;div&gt;&lt;em&gt;Copyright &copy; 2019 &lt;a href=&quot;http://www.ceteristours.com&quot; target=&quot;_blank&quot;&gt;www.ceteristours.com&lt;/a&gt;, All rights reserved.&lt;/em&gt;&lt;/div&gt;\r\n						&lt;/center&gt;\r\n						&lt;/td&gt;\r\n					&lt;/tr&gt;\r\n				&lt;/tbody&gt;\r\n			&lt;/table&gt;\r\n			&lt;/td&gt;\r\n		&lt;/tr&gt;\r\n	&lt;/tbody&gt;\r\n&lt;/table&gt;\r\n&lt;/center&gt;\r\n&lt;/div&gt;\r\n&lt;/body&gt;\r\n&lt;/html&gt;\r\n'),
(15, 'time_start', NULL, '14:23'),
(15, 'createdtime', NULL, '2019-04-18 14:23:53'),
(15, 'modifiedby', NULL, '1'),
(15, 'from_email', NULL, 'info@estair.travel'),
(15, 'saved_toid', NULL, '[&quot;agbehi@gmail.com&quot;]'),
(15, 'ccmail', NULL, '[&quot;&quot;]'),
(15, 'bccmail', NULL, '[&quot;&quot;]'),
(15, 'email_flag', NULL, 'SENT'),
(15, 'source', NULL, 'CRM'),
(15, 'record_id', NULL, '19'),
(15, 'record_module', NULL, 'Emails'),
(16, 'label', NULL, 'Votre facture'),
(16, 'date_start', NULL, '2019-04-18'),
(16, 'activitytype', NULL, 'Emails'),
(16, 'assigned_user_id', NULL, '1'),
(16, 'subject', NULL, 'Votre facture'),
(16, 'description', NULL, '&lt;!DOCTYPE HTML PUBLIC &quot;-//W3C//DTD HTML 4.01//EN&quot; &quot;http://www.w3.org/TR/html4/strict.dtd&quot;&gt;\r\n&lt;html&gt;\r\n&lt;head&gt;\r\n	&lt;title&gt;&lt;/title&gt;\r\n&lt;/head&gt;\r\n&lt;body class=&quot;scayt-enabled&quot;&gt;\r\n&lt;div&gt;\r\n&lt;center&gt;\r\n&lt;table border=&quot;0&quot; cellpadding=&quot;0&quot; cellspacing=&quot;0&quot; class=&quot;borderGrey&quot; width=&quot;600px&quot;&gt;\r\n	&lt;tbody&gt;\r\n		&lt;tr style=&quot;height:50px;&quot;&gt;\r\n			&lt;td colspan=&quot;6&quot; style=&quot;border-top: 1px solid #ddd; font-family: Helvetica,Verdana,sans-serif&quot;&gt;Madame, Monsieur,&lt;br /&gt;\r\n			&lt;br /&gt;\r\n			Merci de trouver en pi&egrave;ce jointe la facture relative &agrave; votre billet d&#039;avion.&lt;br /&gt;\r\n			&lt;br /&gt;\r\n			Nous restons &agrave; votre disposition pour tout compl&eacute;ment d&#039;information.&lt;br /&gt;\r\n			&lt;br /&gt;\r\n			Cordialement&lt;br /&gt;\r\n			&lt;br /&gt;\r\n			--------------------------------------------------------------------------------------&lt;br /&gt;\r\n			$logo$&lt;br /&gt;\r\n			$companydetails-organizationname$&lt;br /&gt;\r\n			$company$&lt;br /&gt;\r\n			$organizationname$&lt;br /&gt;\r\n			$organization$&lt;br /&gt;\r\n			&lt;br /&gt;\r\n			&lt;br /&gt;\r\n			&amp;nbsp;&lt;/td&gt;\r\n		&lt;/tr&gt;\r\n		&lt;tr&gt;\r\n			&lt;td colspan=&quot;6&quot; style=&quot;font-family: Helvetica,Verdana,sans-serif;font-size: 11px;color: #666666;&quot;&gt;\r\n			&lt;table border=&quot;0&quot; cellpadding=&quot;4&quot; cellspacing=&quot;0&quot; width=&quot;100%&quot;&gt;\r\n				&lt;tbody&gt;\r\n					&lt;tr&gt;\r\n						&lt;td colspan=&quot;2&quot; id=&quot;social&quot; valign=&quot;middle&quot;&gt;\r\n						&lt;center&gt;&lt;/center&gt;\r\n						&lt;/td&gt;\r\n					&lt;/tr&gt;\r\n					&lt;!--copy right data--&gt;\r\n					&lt;tr&gt;\r\n						&lt;td valign=&quot;top&quot; width=&quot;350px&quot;&gt;\r\n						&lt;center&gt;\r\n						&lt;div&gt;&lt;em&gt;Copyright &copy; 2019 &lt;a href=&quot;http://www.ceteristours.com&quot; target=&quot;_blank&quot;&gt;www.ceteristours.com&lt;/a&gt;, All rights reserved.&lt;/em&gt;&lt;/div&gt;\r\n						&lt;/center&gt;\r\n						&lt;/td&gt;\r\n					&lt;/tr&gt;\r\n				&lt;/tbody&gt;\r\n			&lt;/table&gt;\r\n			&lt;/td&gt;\r\n		&lt;/tr&gt;\r\n	&lt;/tbody&gt;\r\n&lt;/table&gt;\r\n&lt;/center&gt;\r\n&lt;/div&gt;\r\n&lt;/body&gt;\r\n&lt;/html&gt;\r\n'),
(16, 'time_start', NULL, '14:28'),
(16, 'createdtime', NULL, '2019-04-18 14:28:22'),
(16, 'modifiedby', NULL, '1'),
(16, 'from_email', NULL, 'info@estair.travel'),
(16, 'saved_toid', NULL, '[&quot;agbehi@gmail.com&quot;]'),
(16, 'ccmail', NULL, '[&quot;&quot;]'),
(16, 'bccmail', NULL, '[&quot;&quot;]'),
(16, 'email_flag', NULL, 'SENT'),
(16, 'source', NULL, 'CRM'),
(16, 'record_id', NULL, '21'),
(16, 'record_module', NULL, 'Emails'),
(17, 'label', NULL, 'Votre facture'),
(17, 'date_start', NULL, '2019-04-18'),
(17, 'activitytype', NULL, 'Emails'),
(17, 'assigned_user_id', NULL, '1'),
(17, 'subject', NULL, 'Votre facture'),
(17, 'description', NULL, '&lt;!DOCTYPE HTML PUBLIC &quot;-//W3C//DTD HTML 4.01//EN&quot; &quot;http://www.w3.org/TR/html4/strict.dtd&quot;&gt;\r\n&lt;html&gt;\r\n&lt;head&gt;\r\n	&lt;title&gt;&lt;/title&gt;\r\n&lt;/head&gt;\r\n&lt;body class=&quot;scayt-enabled&quot;&gt;\r\n&lt;div&gt;\r\n&lt;center&gt;\r\n&lt;table border=&quot;0&quot; cellpadding=&quot;0&quot; cellspacing=&quot;0&quot; class=&quot;borderGrey&quot; width=&quot;600px&quot;&gt;\r\n	&lt;tbody&gt;\r\n		&lt;tr style=&quot;height:50px;&quot;&gt;\r\n			&lt;td colspan=&quot;6&quot; style=&quot;border-top: 1px solid #ddd; font-family: Helvetica,Verdana,sans-serif&quot;&gt;Madame, Monsieur,&lt;br /&gt;\r\n			&lt;br /&gt;\r\n			Merci de trouver en pi&egrave;ce jointe la facture relative &agrave; votre billet d&#039;avion.&lt;br /&gt;\r\n			&lt;br /&gt;\r\n			Nous restons &agrave; votre disposition pour tout compl&eacute;ment d&#039;information.&lt;br /&gt;\r\n			&lt;br /&gt;\r\n			Cordialement&lt;br /&gt;\r\n			&lt;br /&gt;\r\n			--------------------------------------------------------------------------------------&lt;br /&gt;\r\n			$logo$&lt;br /&gt;\r\n			$companydetails-organizationname$&lt;br /&gt;\r\n			$company$&lt;br /&gt;\r\n			$organizationname$&lt;br /&gt;\r\n			$organization$&lt;br /&gt;\r\n			&lt;br /&gt;\r\n			&lt;br /&gt;\r\n			&amp;nbsp;&lt;/td&gt;\r\n		&lt;/tr&gt;\r\n		&lt;tr&gt;\r\n			&lt;td colspan=&quot;6&quot; style=&quot;font-family: Helvetica,Verdana,sans-serif;font-size: 11px;color: #666666;&quot;&gt;\r\n			&lt;table border=&quot;0&quot; cellpadding=&quot;4&quot; cellspacing=&quot;0&quot; width=&quot;100%&quot;&gt;\r\n				&lt;tbody&gt;\r\n					&lt;tr&gt;\r\n						&lt;td colspan=&quot;2&quot; id=&quot;social&quot; valign=&quot;middle&quot;&gt;\r\n						&lt;center&gt;&lt;/center&gt;\r\n						&lt;/td&gt;\r\n					&lt;/tr&gt;\r\n					&lt;!--copy right data--&gt;\r\n					&lt;tr&gt;\r\n						&lt;td valign=&quot;top&quot; width=&quot;350px&quot;&gt;\r\n						&lt;center&gt;\r\n						&lt;div&gt;&lt;em&gt;Copyright &copy; 2019 &lt;a href=&quot;http://www.ceteristours.com&quot; target=&quot;_blank&quot;&gt;www.ceteristours.com&lt;/a&gt;, All rights reserved.&lt;/em&gt;&lt;/div&gt;\r\n						&lt;/center&gt;\r\n						&lt;/td&gt;\r\n					&lt;/tr&gt;\r\n				&lt;/tbody&gt;\r\n			&lt;/table&gt;\r\n			&lt;/td&gt;\r\n		&lt;/tr&gt;\r\n	&lt;/tbody&gt;\r\n&lt;/table&gt;\r\n&lt;/center&gt;\r\n&lt;/div&gt;\r\n&lt;/body&gt;\r\n&lt;/html&gt;\r\n'),
(17, 'time_start', NULL, '14:29'),
(17, 'createdtime', NULL, '2019-04-18 14:29:24'),
(17, 'modifiedby', NULL, '1'),
(17, 'from_email', NULL, 'info@estair.travel'),
(17, 'saved_toid', NULL, '[&quot;agbehi@gmail.com&quot;]'),
(17, 'ccmail', NULL, '[&quot;&quot;]'),
(17, 'bccmail', NULL, '[&quot;&quot;]'),
(17, 'email_flag', NULL, 'SENT'),
(17, 'source', NULL, 'CRM'),
(17, 'record_id', NULL, '23'),
(17, 'record_module', NULL, 'Emails'),
(18, 'label', NULL, 'Votre re&ccedil;u de paiement'),
(18, 'date_start', NULL, '2019-04-18'),
(18, 'activitytype', NULL, 'Emails'),
(18, 'assigned_user_id', NULL, '1'),
(18, 'subject', NULL, 'Votre re&ccedil;u de paiement'),
(18, 'description', NULL, '&lt;!DOCTYPE HTML PUBLIC &quot;-//W3C//DTD HTML 4.01//EN&quot; &quot;http://www.w3.org/TR/html4/strict.dtd&quot;&gt;\r\n&lt;html&gt;\r\n&lt;head&gt;\r\n	&lt;title&gt;&lt;/title&gt;\r\n&lt;/head&gt;\r\n&lt;body class=&quot;scayt-enabled&quot;&gt;\r\n&lt;div&gt;\r\n&lt;center&gt;\r\n&lt;table border=&quot;0&quot; cellpadding=&quot;0&quot; cellspacing=&quot;0&quot; class=&quot;borderGrey&quot; width=&quot;600px&quot;&gt;\r\n	&lt;tbody&gt;\r\n		&lt;tr style=&quot;height:50px;&quot;&gt;\r\n			&lt;td colspan=&quot;6&quot; style=&quot;border-top: 1px solid #ddd; font-family: Helvetica,Verdana,sans-serif&quot;&gt;Madame, Monsieur,&lt;br /&gt;\r\n			&lt;br /&gt;\r\n			Merci de trouver en pi&egrave;ce jointe votre recu de paiement.&lt;br /&gt;\r\n			&lt;br /&gt;\r\n			Nous restons &agrave; votre disposition pour tout compl&eacute;ment d&#039;information.&lt;br /&gt;\r\n			&lt;br /&gt;\r\n			Cordialement&lt;br /&gt;\r\n			&lt;br /&gt;\r\n			$logo$&lt;br /&gt;\r\n			&lt;br /&gt;\r\n			$companydetails-organizationname$&lt;br /&gt;\r\n			$companydetails-address$&lt;/td&gt;\r\n		&lt;/tr&gt;\r\n	&lt;/tbody&gt;\r\n&lt;/table&gt;\r\n&lt;/center&gt;\r\n&lt;/div&gt;\r\n&lt;/body&gt;\r\n&lt;/html&gt;\r\n'),
(18, 'time_start', NULL, '14:35'),
(18, 'createdtime', NULL, '2019-04-18 14:35:27'),
(18, 'modifiedby', NULL, '1'),
(18, 'from_email', NULL, 'info@estair.travel'),
(18, 'saved_toid', NULL, '[&quot;agbehi@gmail.Com&quot;]'),
(18, 'ccmail', NULL, '[&quot;&quot;]'),
(18, 'bccmail', NULL, '[&quot;&quot;]'),
(18, 'email_flag', NULL, 'SENT'),
(18, 'source', NULL, 'CRM'),
(18, 'record_id', NULL, '25'),
(18, 'record_module', NULL, 'Emails'),
(21, 'email', '', 'info@ceteristours.com'),
(21, 'city', '', 'Abidjan'),
(21, 'country', '', 'C&ocirc;te d&#039;Ivoire');

-- --------------------------------------------------------

--
-- Structure de la table `vtiger_account`
--

CREATE TABLE `vtiger_account` (
  `accountid` int(19) NOT NULL DEFAULT 0,
  `account_no` varchar(100) NOT NULL,
  `accountname` varchar(100) NOT NULL,
  `parentid` int(19) DEFAULT 0,
  `account_type` varchar(200) DEFAULT NULL,
  `industry` varchar(200) DEFAULT NULL,
  `annualrevenue` decimal(25,8) DEFAULT NULL,
  `rating` varchar(200) DEFAULT NULL,
  `ownership` varchar(50) DEFAULT NULL,
  `siccode` varchar(50) DEFAULT NULL,
  `tickersymbol` varchar(30) DEFAULT NULL,
  `phone` varchar(30) DEFAULT NULL,
  `otherphone` varchar(30) DEFAULT NULL,
  `email1` varchar(100) DEFAULT NULL,
  `email2` varchar(100) DEFAULT NULL,
  `website` varchar(100) DEFAULT NULL,
  `fax` varchar(30) DEFAULT NULL,
  `employees` int(10) DEFAULT 0,
  `emailoptout` varchar(3) DEFAULT '0',
  `notify_owner` varchar(3) DEFAULT '0',
  `isconvertedfromlead` varchar(3) DEFAULT '0',
  `tags` varchar(1) DEFAULT NULL
) ENGINE=InnoDB DEFAULT CHARSET=utf8;

--
-- Déchargement des données de la table `vtiger_account`
--

INSERT INTO `vtiger_account` (`accountid`, `account_no`, `accountname`, `parentid`, `account_type`, `industry`, `annualrevenue`, `rating`, `ownership`, `siccode`, `tickersymbol`, `phone`, `otherphone`, `email1`, `email2`, `website`, `fax`, `employees`, `emailoptout`, `notify_owner`, `isconvertedfromlead`, `tags`) VALUES
(74, 'Acco1', 'CETERIS TOURS', 0, '', '', 0.00000000, NULL, '', NULL, NULL, '', '', '', '', '', '', 0, '0', '0', '0', '');

-- --------------------------------------------------------

--
-- Structure de la table `vtiger_accountbillads`
--

CREATE TABLE `vtiger_accountbillads` (
  `accountaddressid` int(19) NOT NULL DEFAULT 0,
  `bill_city` varchar(30) DEFAULT NULL,
  `bill_code` varchar(30) DEFAULT NULL,
  `bill_country` varchar(30) DEFAULT NULL,
  `bill_state` varchar(30) DEFAULT NULL,
  `bill_street` varchar(250) DEFAULT NULL,
  `bill_pobox` varchar(30) DEFAULT NULL
) ENGINE=InnoDB DEFAULT CHARSET=utf8;

--
-- Déchargement des données de la table `vtiger_accountbillads`
--

INSERT INTO `vtiger_accountbillads` (`accountaddressid`, `bill_city`, `bill_code`, `bill_country`, `bill_state`, `bill_street`, `bill_pobox`) VALUES
(74, '', '', '', NULL, '', NULL);

-- --------------------------------------------------------

--
-- Structure de la table `vtiger_accountrating`
--

CREATE TABLE `vtiger_accountrating` (
  `accountratingid` int(19) NOT NULL,
  `rating` varchar(200) NOT NULL,
  `sortorderid` int(19) NOT NULL DEFAULT 0,
  `presence` int(1) NOT NULL DEFAULT 1
) ENGINE=InnoDB DEFAULT CHARSET=utf8;

-- --------------------------------------------------------

--
-- Structure de la table `vtiger_accountscf`
--

CREATE TABLE `vtiger_accountscf` (
  `accountid` int(19) NOT NULL DEFAULT 0,
  `cf_881` varchar(15) DEFAULT ''
) ENGINE=InnoDB DEFAULT CHARSET=utf8;

--
-- Déchargement des données de la table `vtiger_accountscf`
--

INSERT INTO `vtiger_accountscf` (`accountid`, `cf_881`) VALUES
(74, '');

-- --------------------------------------------------------

--
-- Structure de la table `vtiger_accountshipads`
--

CREATE TABLE `vtiger_accountshipads` (
  `accountaddressid` int(19) NOT NULL DEFAULT 0,
  `ship_city` varchar(30) DEFAULT NULL,
  `ship_code` varchar(30) DEFAULT NULL,
  `ship_country` varchar(30) DEFAULT NULL,
  `ship_state` varchar(30) DEFAULT NULL,
  `ship_pobox` varchar(30) DEFAULT NULL,
  `ship_street` varchar(250) DEFAULT NULL
) ENGINE=InnoDB DEFAULT CHARSET=utf8;

--
-- Déchargement des données de la table `vtiger_accountshipads`
--

INSERT INTO `vtiger_accountshipads` (`accountaddressid`, `ship_city`, `ship_code`, `ship_country`, `ship_state`, `ship_pobox`, `ship_street`) VALUES
(74, NULL, NULL, NULL, NULL, NULL, NULL);

-- --------------------------------------------------------

--
-- Structure de la table `vtiger_accounttype`
--

CREATE TABLE `vtiger_accounttype` (
  `accounttypeid` int(19) NOT NULL,
  `accounttype` varchar(200) NOT NULL,
  `presence` int(1) NOT NULL DEFAULT 1,
  `picklist_valueid` int(19) NOT NULL DEFAULT 0,
  `sortorderid` int(11) DEFAULT NULL,
  `color` varchar(10) DEFAULT NULL
) ENGINE=InnoDB DEFAULT CHARSET=utf8;

--
-- Déchargement des données de la table `vtiger_accounttype`
--

INSERT INTO `vtiger_accounttype` (`accounttypeid`, `accounttype`, `presence`, `picklist_valueid`, `sortorderid`, `color`) VALUES
(2, 'Analyst', 1, 2, 1, NULL),
(3, 'Competitor', 1, 3, 2, NULL),
(4, 'Customer', 1, 4, 3, NULL),
(5, 'Integrator', 1, 5, 4, NULL),
(6, 'Investor', 1, 6, 5, NULL),
(7, 'Partner', 1, 7, 6, NULL),
(8, 'Press', 1, 8, 7, NULL),
(9, 'Prospect', 1, 9, 8, NULL),
(10, 'Reseller', 1, 10, 9, NULL),
(11, 'Other', 1, 11, 10, NULL);

-- --------------------------------------------------------

--
-- Structure de la table `vtiger_accounttype_seq`
--

CREATE TABLE `vtiger_accounttype_seq` (
  `id` int(11) NOT NULL
) ENGINE=MyISAM DEFAULT CHARSET=utf8;

--
-- Déchargement des données de la table `vtiger_accounttype_seq`
--

INSERT INTO `vtiger_accounttype_seq` (`id`) VALUES
(11);

-- --------------------------------------------------------

--
-- Structure de la table `vtiger_actionmapping`
--

CREATE TABLE `vtiger_actionmapping` (
  `actionid` int(19) NOT NULL,
  `actionname` varchar(200) NOT NULL,
  `securitycheck` int(19) DEFAULT NULL
) ENGINE=InnoDB DEFAULT CHARSET=utf8;

--
-- Déchargement des données de la table `vtiger_actionmapping`
--

INSERT INTO `vtiger_actionmapping` (`actionid`, `actionname`, `securitycheck`) VALUES
(0, 'Save', 0),
(0, 'SavePriceBook', 1),
(0, 'SaveVendor', 1),
(1, 'DetailViewAjax', 1),
(1, 'EditView', 0),
(1, 'PriceBookEditView', 1),
(1, 'QuickCreate', 1),
(1, 'VendorEditView', 1),
(2, 'Delete', 0),
(2, 'DeletePriceBook', 1),
(2, 'DeleteVendor', 1),
(3, 'index', 0),
(3, 'Popup', 1),
(4, 'DetailView', 0),
(4, 'PriceBookDetailView', 1),
(4, 'TagCloud', 1),
(4, 'VendorDetailView', 1),
(5, 'Import', 0),
(6, 'Export', 0),
(7, 'CreateView', 0),
(8, 'Merge', 0),
(9, 'ConvertLead', 0),
(10, 'DuplicatesHandling', 0),
(13, 'Print', 0);

-- --------------------------------------------------------

--
-- Structure de la table `vtiger_activity`
--

CREATE TABLE `vtiger_activity` (
  `activityid` int(19) NOT NULL DEFAULT 0,
  `subject` varchar(255) DEFAULT NULL,
  `semodule` varchar(20) DEFAULT NULL,
  `activitytype` varchar(200) NOT NULL,
  `date_start` date NOT NULL,
  `due_date` date DEFAULT NULL,
  `time_start` varchar(50) DEFAULT NULL,
  `time_end` varchar(50) DEFAULT NULL,
  `sendnotification` varchar(3) NOT NULL DEFAULT '0',
  `duration_hours` varchar(200) DEFAULT NULL,
  `duration_minutes` varchar(200) DEFAULT NULL,
  `status` varchar(200) DEFAULT NULL,
  `eventstatus` varchar(200) DEFAULT NULL,
  `priority` varchar(200) DEFAULT NULL,
  `location` varchar(150) DEFAULT NULL,
  `notime` varchar(3) NOT NULL DEFAULT '0',
  `visibility` varchar(50) NOT NULL DEFAULT 'all',
  `recurringtype` varchar(200) DEFAULT NULL,
  `tags` varchar(1) DEFAULT NULL
) ENGINE=InnoDB DEFAULT CHARSET=utf8;

--
-- Déchargement des données de la table `vtiger_activity`
--

INSERT INTO `vtiger_activity` (`activityid`, `subject`, `semodule`, `activitytype`, `date_start`, `due_date`, `time_start`, `time_end`, `sendnotification`, `duration_hours`, `duration_minutes`, `status`, `eventstatus`, `priority`, `location`, `notime`, `visibility`, `recurringtype`, `tags`) VALUES
(13, '$companydetails-organizationname$ - Votre facture ', '', 'Emails', '2019-04-18', NULL, '14:14', NULL, '0', NULL, NULL, NULL, NULL, NULL, NULL, '0', 'all', NULL, ''),
(15, '$companydetails-organizationname$ - Votre reçu de paiement', '', 'Emails', '2019-04-18', NULL, '14:19', NULL, '0', NULL, NULL, NULL, NULL, NULL, NULL, '0', 'all', NULL, ''),
(17, '$companydetails-organizationname$ - Votre reçu de paiement', '', 'Emails', '2019-04-18', NULL, '14:22', NULL, '0', NULL, NULL, NULL, NULL, NULL, NULL, '0', 'all', NULL, ''),
(19, '$companydetails-organizationname$ - Votre facture ', '', 'Emails', '2019-04-18', NULL, '14:23', NULL, '0', NULL, NULL, NULL, NULL, NULL, NULL, '0', 'all', NULL, ''),
(21, 'Votre facture', '', 'Emails', '2019-04-18', NULL, '14:28', NULL, '0', NULL, NULL, NULL, NULL, NULL, NULL, '0', 'all', NULL, ''),
(23, 'Votre facture', '', 'Emails', '2019-04-18', NULL, '14:29', NULL, '0', NULL, NULL, NULL, NULL, NULL, NULL, '0', 'all', NULL, ''),
(25, 'Votre reçu de paiement', '', 'Emails', '2019-04-18', NULL, '14:35', NULL, '0', NULL, NULL, NULL, NULL, NULL, NULL, '0', 'all', NULL, ''),
(30, 'Votre facture ', '', 'Emails', '2019-04-18', NULL, '19:30', NULL, '0', NULL, NULL, NULL, NULL, NULL, NULL, '0', 'all', NULL, ''),
(32, '$companydetails-organizationname$ - Votre facture ', '', 'Emails', '2019-04-18', NULL, '19:36', NULL, '0', NULL, NULL, NULL, NULL, NULL, NULL, '0', 'all', NULL, ''),
(34, '$companydetails-organizationname$ - Votre facture ', '', 'Emails', '2019-04-18', NULL, '19:37', NULL, '0', NULL, NULL, NULL, NULL, NULL, NULL, '0', 'all', NULL, '');

-- --------------------------------------------------------

--
-- Structure de la table `vtiger_activitycf`
--

CREATE TABLE `vtiger_activitycf` (
  `activityid` int(19) NOT NULL DEFAULT 0
) ENGINE=InnoDB DEFAULT CHARSET=utf8;

-- --------------------------------------------------------

--
-- Structure de la table `vtiger_activityproductrel`
--

CREATE TABLE `vtiger_activityproductrel` (
  `activityid` int(19) NOT NULL DEFAULT 0,
  `productid` int(19) NOT NULL DEFAULT 0
) ENGINE=InnoDB DEFAULT CHARSET=utf8;

-- --------------------------------------------------------

--
-- Structure de la table `vtiger_activitytype`
--

CREATE TABLE `vtiger_activitytype` (
  `activitytypeid` int(19) NOT NULL,
  `activitytype` varchar(200) NOT NULL,
  `presence` int(1) NOT NULL DEFAULT 1,
  `picklist_valueid` int(19) NOT NULL DEFAULT 0,
  `sortorderid` int(11) DEFAULT NULL,
  `color` varchar(10) DEFAULT NULL
) ENGINE=InnoDB DEFAULT CHARSET=utf8;

--
-- Déchargement des données de la table `vtiger_activitytype`
--

INSERT INTO `vtiger_activitytype` (`activitytypeid`, `activitytype`, `presence`, `picklist_valueid`, `sortorderid`, `color`) VALUES
(1, 'Call', 0, 12, 0, NULL),
(2, 'Meeting', 0, 13, 1, NULL),
(3, 'Mobile Call', 0, 295, 1, NULL);

-- --------------------------------------------------------

--
-- Structure de la table `vtiger_activitytype_seq`
--

CREATE TABLE `vtiger_activitytype_seq` (
  `id` int(11) NOT NULL
) ENGINE=MyISAM DEFAULT CHARSET=utf8;

--
-- Déchargement des données de la table `vtiger_activitytype_seq`
--

INSERT INTO `vtiger_activitytype_seq` (`id`) VALUES
(3);

-- --------------------------------------------------------

--
-- Structure de la table `vtiger_activity_recurring_info`
--

CREATE TABLE `vtiger_activity_recurring_info` (
  `activityid` int(19) NOT NULL,
  `recurrenceid` int(19) NOT NULL
) ENGINE=InnoDB DEFAULT CHARSET=utf8;

-- --------------------------------------------------------

--
-- Structure de la table `vtiger_activity_reminder`
--

CREATE TABLE `vtiger_activity_reminder` (
  `activity_id` int(11) NOT NULL,
  `reminder_time` int(11) NOT NULL,
  `reminder_sent` int(2) NOT NULL,
  `recurringid` int(19) NOT NULL
) ENGINE=InnoDB DEFAULT CHARSET=utf8;

-- --------------------------------------------------------

--
-- Structure de la table `vtiger_activity_reminder_popup`
--

CREATE TABLE `vtiger_activity_reminder_popup` (
  `reminderid` int(19) NOT NULL,
  `semodule` varchar(100) NOT NULL,
  `recordid` int(19) NOT NULL,
  `date_start` date NOT NULL,
  `time_start` varchar(100) NOT NULL,
  `status` int(2) NOT NULL
) ENGINE=InnoDB DEFAULT CHARSET=utf8;

-- --------------------------------------------------------

--
-- Structure de la table `vtiger_activity_view`
--

CREATE TABLE `vtiger_activity_view` (
  `activity_viewid` int(19) NOT NULL,
  `activity_view` varchar(200) NOT NULL,
  `sortorderid` int(19) NOT NULL DEFAULT 0,
  `presence` int(1) NOT NULL DEFAULT 1
) ENGINE=InnoDB DEFAULT CHARSET=utf8;

--
-- Déchargement des données de la table `vtiger_activity_view`
--

INSERT INTO `vtiger_activity_view` (`activity_viewid`, `activity_view`, `sortorderid`, `presence`) VALUES
(1, 'Today', 0, 1),
(2, 'This Week', 1, 1),
(3, 'This Month', 2, 1),
(4, 'This Year', 3, 1),
(5, 'Agenda', 4, 1);

-- --------------------------------------------------------

--
-- Structure de la table `vtiger_activity_view_seq`
--

CREATE TABLE `vtiger_activity_view_seq` (
  `id` int(11) NOT NULL
) ENGINE=MyISAM DEFAULT CHARSET=utf8;

--
-- Déchargement des données de la table `vtiger_activity_view_seq`
--

INSERT INTO `vtiger_activity_view_seq` (`id`) VALUES
(5);

-- --------------------------------------------------------

--
-- Structure de la table `vtiger_announcement`
--

CREATE TABLE `vtiger_announcement` (
  `creatorid` int(19) NOT NULL,
  `announcement` text DEFAULT NULL,
  `title` varchar(255) DEFAULT NULL,
  `time` timestamp NOT NULL DEFAULT current_timestamp() ON UPDATE current_timestamp()
) ENGINE=InnoDB DEFAULT CHARSET=utf8;

-- --------------------------------------------------------

--
-- Structure de la table `vtiger_app2tab`
--

CREATE TABLE `vtiger_app2tab` (
  `tabid` int(11) DEFAULT NULL,
  `appname` varchar(20) DEFAULT NULL,
  `sequence` int(19) DEFAULT NULL,
  `visible` int(3) DEFAULT 1
) ENGINE=InnoDB DEFAULT CHARSET=utf8;

--
-- Déchargement des données de la table `vtiger_app2tab`
--

INSERT INTO `vtiger_app2tab` (`tabid`, `appname`, `sequence`, `visible`) VALUES
(34, 'TOOLS', 5, 1),
(35, 'SUPPORT', 3, 1),
(36, 'INVENTORY', 2, 0),
(40, 'TOOLS', 1, 0),
(46, 'TOOLS', 4, 1),
(49, 'SETTINGS', 1, 1),
(2, 'SALES', 1, 1),
(20, 'SALES', 2, 1),
(4, 'SALES', 6, 1),
(6, 'SALES', 7, 1),
(14, 'SALES', 3, 1),
(36, 'SALES', 4, 0),
(4, 'MARKETING', 3, 0),
(6, 'MARKETING', 4, 0),
(7, 'MARKETING', 2, 1),
(26, 'MARKETING', 1, 1),
(4, 'INVENTORY', 8, 0),
(6, 'INVENTORY', 9, 0),
(22, 'INVENTORY', 5, 0),
(23, 'INVENTORY', 2, 1),
(14, 'INVENTORY', 1, 1),
(18, 'INVENTORY', 3, 0),
(19, 'INVENTORY', 3, 1),
(21, 'INVENTORY', 1, 1),
(4, 'SUPPORT', 6, 0),
(6, 'SUPPORT', 7, 0),
(13, 'SUPPORT', 1, 1),
(15, 'SUPPORT', 2, 0),
(38, 'SUPPORT', 4, 1),
(45, 'PROJECT', 1, 1),
(44, 'PROJECT', 2, 1),
(43, 'PROJECT', 3, 1),
(4, 'PROJECT', 4, 0),
(6, 'PROJECT', 5, 0),
(47, 'SALES', 5, 1),
(47, 'SUPPORT', 5, 1),
(24, 'TOOLS', 2, 1),
(27, 'TOOLS', 3, 1),
(50, 'TOOLS', 6, 0),
(51, 'SALES', 8, 1),
(53, 'TOOLS', 7, 0);

-- --------------------------------------------------------

--
-- Structure de la table `vtiger_assets`
--

CREATE TABLE `vtiger_assets` (
  `assetsid` int(11) NOT NULL,
  `asset_no` varchar(30) NOT NULL,
  `account` int(19) DEFAULT NULL,
  `product` int(19) NOT NULL,
  `serialnumber` varchar(200) DEFAULT NULL,
  `datesold` date DEFAULT NULL,
  `dateinservice` date DEFAULT NULL,
  `assetstatus` varchar(200) DEFAULT 'In Service',
  `tagnumber` varchar(300) DEFAULT NULL,
  `invoiceid` int(19) DEFAULT NULL,
  `shippingmethod` varchar(200) DEFAULT NULL,
  `shippingtrackingnumber` varchar(200) DEFAULT NULL,
  `assetname` varchar(100) DEFAULT NULL,
  `contact` int(19) DEFAULT NULL,
  `tags` varchar(1) DEFAULT NULL
) ENGINE=InnoDB DEFAULT CHARSET=utf8;

-- --------------------------------------------------------

--
-- Structure de la table `vtiger_assetscf`
--

CREATE TABLE `vtiger_assetscf` (
  `assetsid` int(19) NOT NULL
) ENGINE=InnoDB DEFAULT CHARSET=utf8;

-- --------------------------------------------------------

--
-- Structure de la table `vtiger_assetstatus`
--

CREATE TABLE `vtiger_assetstatus` (
  `assetstatusid` int(11) NOT NULL,
  `assetstatus` varchar(200) NOT NULL,
  `presence` int(1) NOT NULL DEFAULT 1,
  `picklist_valueid` int(11) NOT NULL DEFAULT 0,
  `sortorderid` int(11) DEFAULT 0,
  `color` varchar(10) DEFAULT NULL
) ENGINE=InnoDB DEFAULT CHARSET=utf8;

--
-- Déchargement des données de la table `vtiger_assetstatus`
--

INSERT INTO `vtiger_assetstatus` (`assetstatusid`, `assetstatus`, `presence`, `picklist_valueid`, `sortorderid`, `color`) VALUES
(1, 'In Service', 1, 235, 1, NULL),
(2, 'Out-of-service', 1, 236, 2, NULL);

-- --------------------------------------------------------

--
-- Structure de la table `vtiger_assetstatus_seq`
--

CREATE TABLE `vtiger_assetstatus_seq` (
  `id` int(11) NOT NULL
) ENGINE=MyISAM DEFAULT CHARSET=utf8;

--
-- Déchargement des données de la table `vtiger_assetstatus_seq`
--

INSERT INTO `vtiger_assetstatus_seq` (`id`) VALUES
(2);

-- --------------------------------------------------------

--
-- Structure de la table `vtiger_asterisk`
--

CREATE TABLE `vtiger_asterisk` (
  `server` varchar(30) DEFAULT NULL,
  `port` varchar(30) DEFAULT NULL,
  `username` varchar(50) DEFAULT NULL,
  `password` varchar(50) DEFAULT NULL,
  `version` varchar(50) DEFAULT NULL
) ENGINE=InnoDB DEFAULT CHARSET=utf8;

-- --------------------------------------------------------

--
-- Structure de la table `vtiger_asteriskextensions`
--

CREATE TABLE `vtiger_asteriskextensions` (
  `userid` int(11) DEFAULT NULL,
  `asterisk_extension` varchar(50) DEFAULT NULL,
  `use_asterisk` varchar(3) DEFAULT NULL
) ENGINE=InnoDB DEFAULT CHARSET=utf8;

--
-- Déchargement des données de la table `vtiger_asteriskextensions`
--

INSERT INTO `vtiger_asteriskextensions` (`userid`, `asterisk_extension`, `use_asterisk`) VALUES
(1, NULL, NULL),
(6, NULL, NULL);

-- --------------------------------------------------------

--
-- Structure de la table `vtiger_asteriskincomingcalls`
--

CREATE TABLE `vtiger_asteriskincomingcalls` (
  `from_number` varchar(50) DEFAULT NULL,
  `from_name` varchar(50) DEFAULT NULL,
  `to_number` varchar(50) DEFAULT NULL,
  `callertype` varchar(30) DEFAULT NULL,
  `flag` int(19) DEFAULT NULL,
  `timer` int(19) DEFAULT NULL,
  `refuid` varchar(255) DEFAULT NULL
) ENGINE=InnoDB DEFAULT CHARSET=utf8;

-- --------------------------------------------------------

--
-- Structure de la table `vtiger_asteriskincomingevents`
--

CREATE TABLE `vtiger_asteriskincomingevents` (
  `uid` varchar(255) NOT NULL,
  `channel` varchar(100) DEFAULT NULL,
  `from_number` bigint(20) DEFAULT NULL,
  `from_name` varchar(100) DEFAULT NULL,
  `to_number` bigint(20) DEFAULT NULL,
  `callertype` varchar(100) DEFAULT NULL,
  `timer` int(20) DEFAULT NULL,
  `flag` varchar(3) DEFAULT NULL,
  `pbxrecordid` int(19) DEFAULT NULL,
  `relcrmid` int(19) DEFAULT NULL
) ENGINE=MyISAM DEFAULT CHARSET=utf8;

-- --------------------------------------------------------

--
-- Structure de la table `vtiger_attachments`
--

CREATE TABLE `vtiger_attachments` (
  `attachmentsid` int(19) NOT NULL,
  `name` varchar(255) NOT NULL,
  `description` text DEFAULT NULL,
  `type` varchar(100) DEFAULT NULL,
  `path` text DEFAULT NULL,
  `subject` varchar(255) DEFAULT NULL
) ENGINE=InnoDB DEFAULT CHARSET=utf8;

--
-- Déchargement des données de la table `vtiger_attachments`
--

INSERT INTO `vtiger_attachments` (`attachmentsid`, `name`, `description`, `type`, `path`, `subject`) VALUES
(14, 'CC001.pdf', '<!DOCTYPE HTML PUBLIC \"-//W3C//DTD HTML 4.01//EN\" \"http://www.w3.org/TR/html4/strict.dtd\">\r\n<html>\r\n<head>\r\n	<title></title>\r\n</head>\r\n<body class=\"scayt-enabled\">\r\n<div>\r\n<center>\r\n<table border=\"0\" cellpadding=\"0\" cellspacing=\"0\" class=\"borderGrey\" width=\"600px\">\r\n	<tbody>\r\n		<tr style=\"height:50px;\">\r\n			<td colspan=\"6\" style=\"border-top: 1px solid #ddd; font-family: Helvetica,Verdana,sans-serif\">Madame, Monsieur,<br />\r\n			<br />\r\n			Merci de trouver en pièce jointe la facture relative à votre billet d\'avion.<br />\r\n			<br />\r\n			Nous restons à votre disposition pour tout complément d\'information.<br />\r\n			<br />\r\n			Cordialement<br />\r\n			<br />\r\n			--------------------------------------------------------------------------------------<br />\r\n			$companydetails-logoname$<br />\r\n			<br />\r\n			 </td>\r\n		</tr>\r\n		<tr>\r\n			<td colspan=\"6\" style=\"font-family: Helvetica,Verdana,sans-serif;font-size: 11px;color: #666666;\">\r\n			<table border=\"0\" cellpadding=\"4\" cellspacing=\"0\" width=\"100%\">\r\n				<tbody>\r\n					<tr>\r\n						<td colspan=\"2\" id=\"social\" valign=\"middle\">\r\n						<center></center>\r\n						</td>\r\n					</tr>\r\n					<!--copy right data-->\r\n					<tr>\r\n						<td valign=\"top\" width=\"350px\">\r\n						<center>\r\n						<div><em>Copyright © 2019 <a href=\"http://www.ceteristours.com\" target=\"_blank\">www.ceteristours.com</a>, All rights reserved.</em></div>\r\n						</center>\r\n						</td>\r\n					</tr>\r\n				</tbody>\r\n			</table>\r\n			</td>\r\n		</tr>\r\n	</tbody>\r\n</table>\r\n</center>\r\n</div>\r\n</body>\r\n</html>\r\n', 'pdf', 'storage/2019/April/week3/', NULL),
(16, 'CC001.pdf', '<!DOCTYPE HTML PUBLIC \"-//W3C//DTD HTML 4.01//EN\" \"http://www.w3.org/TR/html4/strict.dtd\">\r\n<html>\r\n<head>\r\n	<title></title>\r\n</head>\r\n<body class=\"scayt-enabled\">\r\n<div>\r\n<center>\r\n<table border=\"0\" cellpadding=\"0\" cellspacing=\"0\" class=\"borderGrey\" width=\"600px\">\r\n	<tbody>\r\n		<tr style=\"height:50px;\">\r\n			<td colspan=\"6\" style=\"border-top: 1px solid #ddd; font-family: Helvetica,Verdana,sans-serif\">Madame, Monsieur,<br />\r\n			<br />\r\n			Merci de trouver en pièce jointe votre recu de paiement.<br />\r\n			<br />\r\n			Nous restons à votre disposition pour tout complément d\'information.<br />\r\n			<br />\r\n			Cordialement<br />\r\n			<br />\r\n			$logo$</td>\r\n		</tr>\r\n		<tr>\r\n			<td colspan=\"6\" style=\"font-family: Helvetica,Verdana,sans-serif;font-size: 11px;color: #666666;\">\r\n			<table border=\"0\" cellpadding=\"4\" cellspacing=\"0\" width=\"100%\">\r\n				<tbody><!--copy right data-->\r\n					<tr>\r\n						<td valign=\"top\" width=\"350px\">\r\n						<center>\r\n						<div><em>Copyright © 2019 <a href=\"http://www.ceteristours.com\" target=\"_blank\">www.ceteristours.com</a>, All rights reserved.</em></div>\r\n						</center>\r\n						</td>\r\n					</tr>\r\n				</tbody>\r\n			</table>\r\n			</td>\r\n		</tr>\r\n	</tbody>\r\n</table>\r\n</center>\r\n</div>\r\n</body>\r\n</html>\r\n', 'pdf', 'storage/2019/April/week3/', NULL),
(18, 'CC001.pdf', '<!DOCTYPE HTML PUBLIC \"-//W3C//DTD HTML 4.01//EN\" \"http://www.w3.org/TR/html4/strict.dtd\">\r\n<html>\r\n<head>\r\n	<title></title>\r\n</head>\r\n<body class=\"scayt-enabled\">\r\n<div>\r\n<center>\r\n<table border=\"0\" cellpadding=\"0\" cellspacing=\"0\" class=\"borderGrey\" width=\"600px\">\r\n	<tbody>\r\n		<tr style=\"height:50px;\">\r\n			<td colspan=\"6\" style=\"border-top: 1px solid #ddd; font-family: Helvetica,Verdana,sans-serif\">Madame, Monsieur,<br />\r\n			<br />\r\n			Merci de trouver en pièce jointe votre recu de paiement.<br />\r\n			<br />\r\n			Nous restons à votre disposition pour tout complément d\'information.<br />\r\n			<br />\r\n			Cordialement<br />\r\n			<br />\r\n			$logo$</td>\r\n		</tr>\r\n		<tr>\r\n			<td colspan=\"6\" style=\"font-family: Helvetica,Verdana,sans-serif;font-size: 11px;color: #666666;\">\r\n			<table border=\"0\" cellpadding=\"4\" cellspacing=\"0\" width=\"100%\">\r\n				<tbody><!--copy right data-->\r\n					<tr>\r\n						<td valign=\"top\" width=\"350px\">\r\n						<center>\r\n						<div><em>Copyright © 2019 <a href=\"http://www.ceteristours.com\" target=\"_blank\">www.ceteristours.com</a>, All rights reserved.</em></div>\r\n						</center>\r\n						</td>\r\n					</tr>\r\n				</tbody>\r\n			</table>\r\n			</td>\r\n		</tr>\r\n	</tbody>\r\n</table>\r\n</center>\r\n</div>\r\n</body>\r\n</html>\r\n', 'pdf', 'storage/2019/April/week3/', NULL),
(20, 'I1-176-3117679629-issue_-_SAFABHE_VOYAGES_-_DIALLO_MARIAMA_MR.pdf', '<!DOCTYPE HTML PUBLIC \"-//W3C//DTD HTML 4.01//EN\" \"http://www.w3.org/TR/html4/strict.dtd\">\r\n<html>\r\n<head>\r\n	<title></title>\r\n</head>\r\n<body class=\"scayt-enabled\">\r\n<div>\r\n<center>\r\n<table border=\"0\" cellpadding=\"0\" cellspacing=\"0\" class=\"borderGrey\" width=\"600px\">\r\n	<tbody>\r\n		<tr style=\"height:50px;\">\r\n			<td colspan=\"6\" style=\"border-top: 1px solid #ddd; font-family: Helvetica,Verdana,sans-serif\">Madame, Monsieur,<br />\r\n			<br />\r\n			Merci de trouver en pièce jointe la facture relative à votre billet d\'avion.<br />\r\n			<br />\r\n			Nous restons à votre disposition pour tout complément d\'information.<br />\r\n			<br />\r\n			Cordialement<br />\r\n			<br />\r\n			--------------------------------------------------------------------------------------<br />\r\n			$logo$<br />\r\n			$organizationname$<br />\r\n			<br />\r\n			 </td>\r\n		</tr>\r\n		<tr>\r\n			<td colspan=\"6\" style=\"font-family: Helvetica,Verdana,sans-serif;font-size: 11px;color: #666666;\">\r\n			<table border=\"0\" cellpadding=\"4\" cellspacing=\"0\" width=\"100%\">\r\n				<tbody>\r\n					<tr>\r\n						<td colspan=\"2\" id=\"social\" valign=\"middle\">\r\n						<center></center>\r\n						</td>\r\n					</tr>\r\n					<!--copy right data-->\r\n					<tr>\r\n						<td valign=\"top\" width=\"350px\">\r\n						<center>\r\n						<div><em>Copyright © 2019 <a href=\"http://www.ceteristours.com\" target=\"_blank\">www.ceteristours.com</a>, All rights reserved.</em></div>\r\n						</center>\r\n						</td>\r\n					</tr>\r\n				</tbody>\r\n			</table>\r\n			</td>\r\n		</tr>\r\n	</tbody>\r\n</table>\r\n</center>\r\n</div>\r\n</body>\r\n</html>\r\n', 'pdf', 'storage/2019/April/week3/', NULL),
(22, 'I1-176-3117679629-issue_-_SAFABHE_VOYAGES_-_DIALLO_MARIAMA_MR.pdf', '<!DOCTYPE HTML PUBLIC \"-//W3C//DTD HTML 4.01//EN\" \"http://www.w3.org/TR/html4/strict.dtd\">\r\n<html>\r\n<head>\r\n	<title></title>\r\n</head>\r\n<body class=\"scayt-enabled\">\r\n<div>\r\n<center>\r\n<table border=\"0\" cellpadding=\"0\" cellspacing=\"0\" class=\"borderGrey\" width=\"600px\">\r\n	<tbody>\r\n		<tr style=\"height:50px;\">\r\n			<td colspan=\"6\" style=\"border-top: 1px solid #ddd; font-family: Helvetica,Verdana,sans-serif\">Madame, Monsieur,<br />\r\n			<br />\r\n			Merci de trouver en pièce jointe la facture relative à votre billet d\'avion.<br />\r\n			<br />\r\n			Nous restons à votre disposition pour tout complément d\'information.<br />\r\n			<br />\r\n			Cordialement<br />\r\n			<br />\r\n			--------------------------------------------------------------------------------------<br />\r\n			$logo$<br />\r\n			$companydetails-organizationname$<br />\r\n			$company$<br />\r\n			$organizationname$<br />\r\n			$organization$<br />\r\n			<br />\r\n			<br />\r\n			 </td>\r\n		</tr>\r\n		<tr>\r\n			<td colspan=\"6\" style=\"font-family: Helvetica,Verdana,sans-serif;font-size: 11px;color: #666666;\">\r\n			<table border=\"0\" cellpadding=\"4\" cellspacing=\"0\" width=\"100%\">\r\n				<tbody>\r\n					<tr>\r\n						<td colspan=\"2\" id=\"social\" valign=\"middle\">\r\n						<center></center>\r\n						</td>\r\n					</tr>\r\n					<!--copy right data-->\r\n					<tr>\r\n						<td valign=\"top\" width=\"350px\">\r\n						<center>\r\n						<div><em>Copyright © 2019 <a href=\"http://www.ceteristours.com\" target=\"_blank\">www.ceteristours.com</a>, All rights reserved.</em></div>\r\n						</center>\r\n						</td>\r\n					</tr>\r\n				</tbody>\r\n			</table>\r\n			</td>\r\n		</tr>\r\n	</tbody>\r\n</table>\r\n</center>\r\n</div>\r\n</body>\r\n</html>\r\n', 'pdf', 'storage/2019/April/week3/', NULL),
(24, 'I1-176-3117679629-issue_-_SAFABHE_VOYAGES_-_DIALLO_MARIAMA_MR.pdf', '<!DOCTYPE HTML PUBLIC \"-//W3C//DTD HTML 4.01//EN\" \"http://www.w3.org/TR/html4/strict.dtd\">\r\n<html>\r\n<head>\r\n	<title></title>\r\n</head>\r\n<body class=\"scayt-enabled\">\r\n<div>\r\n<center>\r\n<table border=\"0\" cellpadding=\"0\" cellspacing=\"0\" class=\"borderGrey\" width=\"600px\">\r\n	<tbody>\r\n		<tr style=\"height:50px;\">\r\n			<td colspan=\"6\" style=\"border-top: 1px solid #ddd; font-family: Helvetica,Verdana,sans-serif\">Madame, Monsieur,<br />\r\n			<br />\r\n			Merci de trouver en pièce jointe la facture relative à votre billet d\'avion.<br />\r\n			<br />\r\n			Nous restons à votre disposition pour tout complément d\'information.<br />\r\n			<br />\r\n			Cordialement<br />\r\n			<br />\r\n			--------------------------------------------------------------------------------------<br />\r\n			$logo$<br />\r\n			$companydetails-organizationname$<br />\r\n			$company$<br />\r\n			$organizationname$<br />\r\n			$organization$<br />\r\n			<br />\r\n			<br />\r\n			 </td>\r\n		</tr>\r\n		<tr>\r\n			<td colspan=\"6\" style=\"font-family: Helvetica,Verdana,sans-serif;font-size: 11px;color: #666666;\">\r\n			<table border=\"0\" cellpadding=\"4\" cellspacing=\"0\" width=\"100%\">\r\n				<tbody>\r\n					<tr>\r\n						<td colspan=\"2\" id=\"social\" valign=\"middle\">\r\n						<center></center>\r\n						</td>\r\n					</tr>\r\n					<!--copy right data-->\r\n					<tr>\r\n						<td valign=\"top\" width=\"350px\">\r\n						<center>\r\n						<div><em>Copyright © 2019 <a href=\"http://www.ceteristours.com\" target=\"_blank\">www.ceteristours.com</a>, All rights reserved.</em></div>\r\n						</center>\r\n						</td>\r\n					</tr>\r\n				</tbody>\r\n			</table>\r\n			</td>\r\n		</tr>\r\n	</tbody>\r\n</table>\r\n</center>\r\n</div>\r\n</body>\r\n</html>\r\n', 'pdf', 'storage/2019/April/week3/', NULL),
(26, 'CC001.pdf', '<!DOCTYPE HTML PUBLIC \"-//W3C//DTD HTML 4.01//EN\" \"http://www.w3.org/TR/html4/strict.dtd\">\r\n<html>\r\n<head>\r\n	<title></title>\r\n</head>\r\n<body class=\"scayt-enabled\">\r\n<div>\r\n<center>\r\n<table border=\"0\" cellpadding=\"0\" cellspacing=\"0\" class=\"borderGrey\" width=\"600px\">\r\n	<tbody>\r\n		<tr style=\"height:50px;\">\r\n			<td colspan=\"6\" style=\"border-top: 1px solid #ddd; font-family: Helvetica,Verdana,sans-serif\">Madame, Monsieur,<br />\r\n			<br />\r\n			Merci de trouver en pièce jointe votre recu de paiement.<br />\r\n			<br />\r\n			Nous restons à votre disposition pour tout complément d\'information.<br />\r\n			<br />\r\n			Cordialement<br />\r\n			<br />\r\n			$logo$<br />\r\n			<br />\r\n			$companydetails-organizationname$<br />\r\n			$companydetails-address$</td>\r\n		</tr>\r\n	</tbody>\r\n</table>\r\n</center>\r\n</div>\r\n</body>\r\n</html>\r\n', 'pdf', 'storage/2019/April/week3/', NULL),
(31, 'I3-176-3117679629-issue_-_SAFABHE_VOYAGES_-_DIALLO_MARIAMA_MR.pdf', '<!DOCTYPE HTML PUBLIC \"-//W3C//DTD HTML 4.01//EN\" \"http://www.w3.org/TR/html4/strict.dtd\">\r\n<html>\r\n<head>\r\n	<title></title>\r\n</head>\r\n<body class=\"scayt-enabled\">\r\n<div>\r\n<center>\r\n<table border=\"0\" cellpadding=\"0\" cellspacing=\"0\" class=\"borderGrey\" width=\"600px\">\r\n	<tbody>\r\n		<tr style=\"height:50px;\">\r\n			<td colspan=\"6\" style=\"border-top: 1px solid #ddd; font-family: Helvetica,Verdana,sans-serif\">Madame, Monsieur,<br />\r\n			<br />\r\n			Merci de trouver en pièce jointe la facture relative à votre billet d\'avion.<br />\r\n			<br />\r\n			Nous restons à votre disposition pour tout complément d\'information.<br />\r\n			<br />\r\n			Cordialement<br />\r\n			<br />\r\n			--------------------------------------------------------------------------------------<br />\r\n			$logo$<br />\r\n			 </td>\r\n		</tr>\r\n	</tbody>\r\n</table>\r\n</center>\r\n</div>\r\n</body>\r\n</html>\r\n', 'pdf', 'storage/2019/April/week3/', NULL),
(33, 'I3-176-3117679629-issue_-_SAFABHE_VOYAGES_-_DIALLO_MARIAMA_MR.pdf', '<!DOCTYPE HTML PUBLIC \"-//W3C//DTD HTML 4.01//EN\" \"http://www.w3.org/TR/html4/strict.dtd\">\r\n<html>\r\n<head>\r\n	<title></title>\r\n</head>\r\n<body class=\"scayt-enabled\">\r\n<div>\r\n<center>\r\n<table border=\"0\" cellpadding=\"0\" cellspacing=\"0\" class=\"borderGrey\" width=\"600px\">\r\n	<tbody>\r\n		<tr style=\"height:50px;\">\r\n			<td colspan=\"6\" style=\"border-top: 1px solid #ddd; font-family: Helvetica,Verdana,sans-serif\">Madame, Monsieur,<br />\r\n			<br />\r\n			Merci de trouver en pièce jointe la facture relative à votre billet d\'avion.<br />\r\n			<br />\r\n			Nous restons à votre disposition pour tout complément d\'information.<br />\r\n			<br />\r\n			Cordialement<br />\r\n			<br />\r\n			--------------------------------------------------------------------------------------<br />\r\n			$logo$<br />\r\n			<br />\r\n			$companydetails-organizationname$<br />\r\n			<br />\r\n			$companydetails-country$<br />\r\n			<br />\r\n			$custom-currentdate$<br />\r\n			<br />\r\n			<br />\r\n			 </td>\r\n		</tr>\r\n	</tbody>\r\n</table>\r\n</center>\r\n</div>\r\n</body>\r\n</html>\r\n', 'pdf', 'storage/2019/April/week3/', NULL),
(35, 'I3-176-3117679629-issue_-_SAFABHE_VOYAGES_-_DIALLO_MARIAMA_MR.pdf', '<!DOCTYPE HTML PUBLIC \"-//W3C//DTD HTML 4.01//EN\" \"http://www.w3.org/TR/html4/strict.dtd\">\r\n<html>\r\n<head>\r\n	<title></title>\r\n</head>\r\n<body class=\"scayt-enabled\">\r\n<div>\r\n<center>\r\n<table border=\"0\" cellpadding=\"0\" cellspacing=\"0\" class=\"borderGrey\" width=\"600px\">\r\n	<tbody>\r\n		<tr style=\"height:50px;\">\r\n			<td colspan=\"6\" style=\"border-top: 1px solid #ddd; font-family: Helvetica,Verdana,sans-serif\">Madame, Monsieur,<br />\r\n			<br />\r\n			Merci de trouver en pièce jointe la facture relative à votre billet d\'avion.<br />\r\n			<br />\r\n			Nous restons à votre disposition pour tout complément d\'information.<br />\r\n			<br />\r\n			Cordialement<br />\r\n			<br />\r\n			--------------------------------------------------------------------------------------<br />\r\n			$logo$<br />\r\n			<br />\r\n			$organizationname$<br />\r\n			<br />\r\n			$companydetailscountry$<br />\r\n			<br />\r\n			$custom-currentdate$<br />\r\n			<br />\r\n			<br />\r\n			 </td>\r\n		</tr>\r\n	</tbody>\r\n</table>\r\n</center>\r\n</div>\r\n</body>\r\n</html>\r\n', 'pdf', 'storage/2019/April/week3/', NULL);

-- --------------------------------------------------------

--
-- Structure de la table `vtiger_attachmentsfolder`
--

CREATE TABLE `vtiger_attachmentsfolder` (
  `folderid` int(19) NOT NULL,
  `foldername` varchar(200) NOT NULL,
  `description` varchar(250) DEFAULT NULL,
  `createdby` int(19) NOT NULL,
  `sequence` int(19) DEFAULT NULL
) ENGINE=InnoDB DEFAULT CHARSET=utf8;

--
-- Déchargement des données de la table `vtiger_attachmentsfolder`
--

INSERT INTO `vtiger_attachmentsfolder` (`folderid`, `foldername`, `description`, `createdby`, `sequence`) VALUES
(1, 'Default', 'This is a Default Folder', 1, 1);

-- --------------------------------------------------------

--
-- Structure de la table `vtiger_attachmentsfolder_seq`
--

CREATE TABLE `vtiger_attachmentsfolder_seq` (
  `id` int(11) NOT NULL
) ENGINE=MyISAM DEFAULT CHARSET=utf8;

--
-- Déchargement des données de la table `vtiger_attachmentsfolder_seq`
--

INSERT INTO `vtiger_attachmentsfolder_seq` (`id`) VALUES
(1);

-- --------------------------------------------------------

--
-- Structure de la table `vtiger_audit_trial`
--

CREATE TABLE `vtiger_audit_trial` (
  `auditid` int(19) NOT NULL,
  `userid` int(19) DEFAULT NULL,
  `module` varchar(255) DEFAULT NULL,
  `action` varchar(255) DEFAULT NULL,
  `recordid` varchar(20) DEFAULT NULL,
  `actiondate` datetime DEFAULT NULL
) ENGINE=InnoDB DEFAULT CHARSET=utf8;

-- --------------------------------------------------------

--
-- Structure de la table `vtiger_blocks`
--

CREATE TABLE `vtiger_blocks` (
  `blockid` int(19) NOT NULL,
  `tabid` int(19) NOT NULL,
  `blocklabel` varchar(100) NOT NULL,
  `sequence` int(10) DEFAULT NULL,
  `show_title` int(2) DEFAULT NULL,
  `visible` int(2) NOT NULL DEFAULT 0,
  `create_view` int(2) NOT NULL DEFAULT 0,
  `edit_view` int(2) NOT NULL DEFAULT 0,
  `detail_view` int(2) NOT NULL DEFAULT 0,
  `display_status` int(1) NOT NULL DEFAULT 1,
  `iscustom` int(1) NOT NULL DEFAULT 0
) ENGINE=InnoDB DEFAULT CHARSET=utf8;

--
-- Déchargement des données de la table `vtiger_blocks`
--

INSERT INTO `vtiger_blocks` (`blockid`, `tabid`, `blocklabel`, `sequence`, `show_title`, `visible`, `create_view`, `edit_view`, `detail_view`, `display_status`, `iscustom`) VALUES
(1, 2, 'LBL_OPPORTUNITY_INFORMATION', 1, 0, 0, 0, 0, 0, 1, 0),
(2, 2, 'LBL_CUSTOM_INFORMATION', 2, 0, 0, 0, 0, 0, 1, 0),
(3, 2, 'LBL_DESCRIPTION_INFORMATION', 3, 0, 0, 0, 0, 0, 1, 0),
(4, 4, 'LBL_CONTACT_INFORMATION', 1, 0, 0, 0, 0, 0, 1, 0),
(5, 4, 'LBL_CUSTOM_INFORMATION', 2, 0, 0, 0, 0, 0, 1, 0),
(6, 4, 'LBL_CUSTOMER_PORTAL_INFORMATION', 3, 0, 0, 0, 0, 0, 1, 0),
(7, 4, 'LBL_ADDRESS_INFORMATION', 4, 0, 0, 0, 0, 0, 1, 0),
(8, 4, 'LBL_DESCRIPTION_INFORMATION', 5, 0, 0, 0, 0, 0, 1, 0),
(9, 6, 'LBL_ACCOUNT_INFORMATION', 1, 0, 0, 0, 0, 0, 1, 0),
(10, 6, 'LBL_CUSTOM_INFORMATION', 2, 0, 0, 0, 0, 0, 1, 0),
(11, 6, 'LBL_ADDRESS_INFORMATION', 3, 0, 0, 0, 0, 0, 1, 0),
(12, 6, 'LBL_DESCRIPTION_INFORMATION', 4, 0, 0, 0, 0, 0, 1, 0),
(13, 7, 'LBL_LEAD_INFORMATION', 1, 0, 0, 0, 0, 0, 1, 0),
(14, 7, 'LBL_CUSTOM_INFORMATION', 2, 0, 0, 0, 0, 0, 1, 0),
(15, 7, 'LBL_ADDRESS_INFORMATION', 3, 0, 0, 0, 0, 0, 1, 0),
(16, 7, 'LBL_DESCRIPTION_INFORMATION', 4, 0, 0, 0, 0, 0, 1, 0),
(17, 8, 'LBL_NOTE_INFORMATION', 1, 0, 0, 0, 0, 0, 1, 0),
(18, 8, 'LBL_FILE_INFORMATION', 3, 1, 0, 0, 0, 0, 1, 0),
(19, 9, 'LBL_TASK_INFORMATION', 1, 0, 0, 0, 0, 0, 1, 0),
(20, 9, 'LBL_DESCRIPTION_INFORMATION', 3, 1, 0, 0, 0, 0, 1, 0),
(21, 10, 'LBL_EMAIL_INFORMATION', 1, 0, 0, 0, 0, 0, 1, 0),
(22, 10, 'Emails_Block1', 2, 1, 0, 0, 0, 0, 1, 0),
(23, 10, 'Emails_Block2', 3, 1, 0, 0, 0, 0, 1, 0),
(24, 10, 'Emails_Block3', 4, 1, 0, 0, 0, 0, 1, 0),
(25, 13, 'LBL_TICKET_INFORMATION', 1, 0, 0, 0, 0, 0, 1, 0),
(26, 13, '', 2, 1, 0, 0, 0, 0, 1, 0),
(27, 13, 'LBL_CUSTOM_INFORMATION', 3, 0, 0, 0, 0, 0, 1, 0),
(28, 13, 'LBL_DESCRIPTION_INFORMATION', 4, 0, 0, 0, 0, 0, 1, 0),
(29, 13, 'LBL_TICKET_RESOLUTION', 5, 0, 0, 1, 0, 0, 1, 0),
(30, 13, 'LBL_COMMENTS', 6, 0, 0, 1, 0, 0, 1, 0),
(31, 14, 'LBL_PRODUCT_INFORMATION', 1, 0, 0, 0, 0, 0, 1, 0),
(32, 14, 'LBL_PRICING_INFORMATION', 2, 0, 0, 0, 0, 0, 1, 0),
(33, 14, 'LBL_STOCK_INFORMATION', 3, 0, 0, 0, 0, 0, 1, 0),
(34, 14, 'LBL_CUSTOM_INFORMATION', 4, 0, 0, 0, 0, 0, 1, 0),
(35, 14, 'LBL_IMAGE_INFORMATION', 5, 0, 0, 0, 0, 0, 1, 0),
(36, 14, 'LBL_DESCRIPTION_INFORMATION', 6, 0, 0, 0, 0, 0, 1, 0),
(37, 15, 'LBL_FAQ_INFORMATION', 1, 0, 0, 0, 0, 0, 1, 0),
(38, 15, 'LBL_COMMENT_INFORMATION', 4, 0, 0, 1, 0, 0, 1, 0),
(39, 16, 'LBL_EVENT_INFORMATION', 1, 0, 0, 0, 0, 0, 1, 0),
(40, 16, 'LBL_REMINDER_INFORMATION', 2, 0, 0, 0, 0, 0, 1, 0),
(41, 16, 'LBL_DESCRIPTION_INFORMATION', 5, 0, 0, 0, 0, 0, 1, 0),
(42, 18, 'LBL_VENDOR_INFORMATION', 1, 0, 0, 0, 0, 0, 1, 0),
(43, 18, 'LBL_CUSTOM_INFORMATION', 2, 0, 0, 0, 0, 0, 1, 0),
(44, 18, 'LBL_VENDOR_ADDRESS_INFORMATION', 3, 0, 0, 0, 0, 0, 1, 0),
(45, 18, 'LBL_DESCRIPTION_INFORMATION', 4, 0, 0, 0, 0, 0, 1, 0),
(46, 19, 'LBL_PRICEBOOK_INFORMATION', 1, 0, 0, 0, 0, 0, 1, 0),
(47, 19, 'LBL_CUSTOM_INFORMATION', 2, 0, 0, 0, 0, 0, 1, 0),
(48, 19, 'LBL_DESCRIPTION_INFORMATION', 3, 0, 0, 0, 0, 0, 1, 0),
(49, 20, 'LBL_QUOTE_INFORMATION', 1, 0, 0, 0, 0, 0, 1, 0),
(50, 20, 'LBL_CUSTOM_INFORMATION', 2, 0, 0, 0, 0, 0, 1, 0),
(51, 20, 'LBL_ADDRESS_INFORMATION', 3, 0, 0, 0, 0, 0, 1, 0),
(52, 20, 'LBL_RELATED_PRODUCTS', 4, 0, 0, 0, 0, 0, 1, 0),
(53, 20, 'LBL_TERMS_INFORMATION', 5, 0, 0, 0, 0, 0, 1, 0),
(54, 20, 'LBL_DESCRIPTION_INFORMATION', 6, 0, 0, 0, 0, 0, 1, 0),
(55, 21, 'LBL_PO_INFORMATION', 7, 0, 0, 0, 0, 0, 0, 0),
(56, 21, 'LBL_CUSTOM_INFORMATION', 8, 0, 0, 0, 0, 0, 0, 0),
(57, 21, 'LBL_ADDRESS_INFORMATION', 9, 0, 0, 0, 0, 0, 0, 0),
(58, 21, 'LBL_RELATED_PRODUCTS', 10, 0, 0, 0, 0, 0, 1, 0),
(59, 21, 'LBL_TERMS_INFORMATION', 10, 0, 0, 0, 0, 0, 0, 0),
(60, 21, 'LBL_DESCRIPTION_INFORMATION', 11, 0, 0, 0, 0, 0, 1, 0),
(61, 22, 'LBL_SO_INFORMATION', 1, 0, 0, 0, 0, 0, 1, 0),
(62, 22, 'LBL_CUSTOM_INFORMATION', 3, 0, 0, 0, 0, 0, 1, 0),
(63, 22, 'LBL_ADDRESS_INFORMATION', 4, 0, 0, 0, 0, 0, 1, 0),
(64, 22, 'LBL_RELATED_PRODUCTS', 5, 0, 0, 0, 0, 0, 1, 0),
(65, 22, 'LBL_TERMS_INFORMATION', 6, 0, 0, 0, 0, 0, 1, 0),
(66, 22, 'LBL_DESCRIPTION_INFORMATION', 7, 0, 0, 0, 0, 0, 1, 0),
(67, 23, 'LBL_INVOICE_INFORMATION', 1, 0, 0, 0, 0, 0, 1, 0),
(68, 23, 'LBL_CUSTOM_INFORMATION', 2, 0, 0, 0, 0, 0, 1, 0),
(69, 23, 'LBL_ADDRESS_INFORMATION', 3, 0, 0, 0, 0, 0, 1, 0),
(70, 23, 'LBL_RELATED_PRODUCTS', 4, 0, 0, 0, 0, 0, 1, 0),
(71, 23, 'LBL_TERMS_INFORMATION', 5, 0, 0, 0, 0, 0, 1, 0),
(72, 23, 'LBL_DESCRIPTION_INFORMATION', 6, 0, 0, 0, 0, 0, 1, 0),
(73, 4, 'LBL_IMAGE_INFORMATION', 6, 0, 0, 0, 0, 0, 1, 0),
(74, 26, 'LBL_CAMPAIGN_INFORMATION', 1, 0, 0, 0, 0, 0, 1, 0),
(75, 26, 'LBL_CUSTOM_INFORMATION', 2, 0, 0, 0, 0, 0, 1, 0),
(76, 26, 'LBL_EXPECTATIONS_AND_ACTUALS', 3, 0, 0, 0, 0, 0, 1, 0),
(77, 29, 'LBL_USERLOGIN_ROLE', 1, 0, 0, 0, 0, 0, 1, 0),
(78, 29, 'LBL_CURRENCY_CONFIGURATION', 3, 0, 0, 0, 0, 0, 1, 0),
(79, 29, 'LBL_MORE_INFORMATION', 4, 0, 0, 0, 0, 0, 1, 0),
(80, 29, 'LBL_ADDRESS_INFORMATION', 5, 0, 0, 0, 0, 0, 1, 0),
(81, 26, 'LBL_DESCRIPTION_INFORMATION', 4, 0, 0, 0, 0, 0, 1, 0),
(82, 29, 'LBL_USER_IMAGE_INFORMATION', 5, 0, 0, 0, 0, 0, 1, 0),
(83, 29, 'LBL_USER_ADV_OPTIONS', 6, 0, 0, 0, 0, 0, 1, 0),
(84, 8, 'LBL_DESCRIPTION', 2, 0, 0, 0, 0, 0, 1, 0),
(85, 22, 'Recurring Invoice Information', 2, 0, 0, 0, 0, 0, 1, 0),
(86, 9, 'LBL_CUSTOM_INFORMATION', 4, 0, 0, 0, 0, 0, 1, 0),
(87, 16, 'LBL_CUSTOM_INFORMATION', 6, 0, 0, 0, 0, 0, 1, 0),
(88, 34, 'LBL_PBXMANAGER_INFORMATION', 1, 0, 0, 0, 0, 0, 1, 0),
(89, 35, 'LBL_SERVICE_CONTRACT_INFORMATION', 1, 0, 0, 0, 0, 0, 1, 0),
(90, 35, 'LBL_CUSTOM_INFORMATION', 2, 0, 0, 0, 0, 0, 1, 0),
(91, 36, 'LBL_SERVICE_INFORMATION', 1, 0, 0, 0, 0, 0, 1, 0),
(92, 36, 'LBL_PRICING_INFORMATION', 2, 0, 0, 0, 0, 0, 1, 0),
(93, 36, 'LBL_CUSTOM_INFORMATION', 3, 0, 0, 0, 0, 0, 1, 0),
(94, 36, 'LBL_DESCRIPTION_INFORMATION', 4, 0, 0, 0, 0, 0, 1, 0),
(95, 38, 'LBL_ASSET_INFORMATION', 1, 0, 0, 0, 0, 0, 1, 0),
(96, 38, 'LBL_CUSTOM_INFORMATION', 2, 0, 0, 0, 0, 0, 1, 0),
(97, 38, 'LBL_DESCRIPTION_INFORMATION', 3, 0, 0, 0, 0, 0, 1, 0),
(98, 42, 'LBL_MODCOMMENTS_INFORMATION', 1, 0, 0, 0, 0, 0, 1, 0),
(99, 42, 'LBL_OTHER_INFORMATION', 2, 0, 0, 0, 0, 0, 1, 0),
(100, 42, 'LBL_CUSTOM_INFORMATION', 3, 0, 0, 0, 0, 0, 1, 0),
(101, 43, 'LBL_PROJECT_MILESTONE_INFORMATION', 1, 0, 0, 0, 0, 0, 1, 0),
(102, 43, 'LBL_CUSTOM_INFORMATION', 2, 0, 0, 0, 0, 0, 1, 0),
(103, 43, 'LBL_DESCRIPTION_INFORMATION', 3, 0, 0, 0, 0, 0, 1, 0),
(104, 44, 'LBL_PROJECT_TASK_INFORMATION', 1, 0, 0, 0, 0, 0, 1, 0),
(105, 44, 'LBL_CUSTOM_INFORMATION', 2, 0, 0, 0, 0, 0, 1, 0),
(106, 44, 'LBL_DESCRIPTION_INFORMATION', 3, 0, 0, 0, 0, 0, 1, 0),
(107, 45, 'LBL_PROJECT_INFORMATION', 1, 0, 0, 0, 0, 0, 1, 0),
(108, 45, 'LBL_CUSTOM_INFORMATION', 2, 0, 0, 0, 0, 0, 1, 0),
(109, 45, 'LBL_DESCRIPTION_INFORMATION', 3, 0, 0, 0, 0, 0, 1, 0),
(110, 47, 'LBL_SMSNOTIFIER_INFORMATION', 1, 0, 0, 0, 0, 0, 1, 0),
(111, 47, 'LBL_CUSTOM_INFORMATION', 2, 0, 0, 0, 0, 0, 1, 0),
(112, 47, 'StatusInformation', 3, 0, 0, 0, 0, 0, 1, 0),
(113, 23, 'LBL_ITEM_DETAILS', 5, 0, 0, 0, 0, 0, 1, 0),
(114, 22, 'LBL_ITEM_DETAILS', 5, 0, 0, 0, 0, 0, 1, 0),
(115, 21, 'LBL_ITEM_DETAILS', 11, 0, 0, 0, 0, 0, 1, 0),
(116, 20, 'LBL_ITEM_DETAILS', 5, 0, 0, 0, 0, 0, 1, 0),
(117, 16, 'LBL_RECURRENCE_INFORMATION', 3, 0, 0, 0, 0, 0, 1, 0),
(118, 29, 'LBL_CALENDAR_SETTINGS', 2, 0, 0, 0, 0, 0, 1, 0),
(119, 16, 'LBL_RELATED_TO', 4, 0, 0, 0, 0, 0, 1, 0),
(120, 9, 'LBL_REMINDER_INFORMATION', 2, 0, 0, 0, 0, 0, 1, 0),
(125, 21, 'PNR Information', 1, 0, 0, 0, 0, 0, 1, 1),
(126, 21, 'Passenger Information', 2, 0, 0, 0, 0, 0, 1, 1),
(127, 21, 'Flight Information', 3, 0, 0, 0, 0, 0, 1, 1),
(128, 21, 'Ticket Information', 4, 0, 0, 0, 0, 0, 1, 1),
(129, 21, 'Remarks', 5, 0, 0, 0, 0, 0, 1, 1),
(130, 21, 'Financial Information', 6, 0, 0, 0, 0, 0, 1, 1),
(131, 23, 'Cashflow Information', 7, 0, 0, 0, 0, 0, 1, 0),
(132, 22, 'Cashflow Information', 8, 0, 0, 0, 0, 0, 1, 0),
(133, 21, 'Cashflow Information', 12, 0, 0, 0, 0, 0, 1, 0),
(134, 2, 'Cashflow Information', 4, 0, 0, 0, 0, 0, 1, 0),
(135, 51, 'LBL_CASHFLOW_INFORMATION', 1, 0, 0, 0, 0, 0, 1, 0),
(136, 51, 'LBL_CUSTOM_INFORMATION', 2, 0, 0, 0, 0, 0, 1, 0),
(137, 51, 'LBL_DESCRIPTION_INFORMATION', 3, 0, 0, 0, 0, 0, 1, 0),
(138, 51, 'LBL_TAX_INFORMATION', 4, 0, 0, 0, 0, 0, 1, 0),
(139, 52, 'LBL_BLOCK_GENERAL_INFORMATION', 1, 0, 0, 0, 0, 0, 1, 0),
(140, 52, 'LBL_CONTENT_INFORMATION', 2, 0, 0, 0, 0, 0, 1, 0),
(141, 52, 'LBL_BLOCK_SYSTEM_INFORMATION', 3, 0, 0, 0, 0, 0, 1, 0);

-- --------------------------------------------------------

--
-- Structure de la table `vtiger_blocks_seq`
--

CREATE TABLE `vtiger_blocks_seq` (
  `id` int(11) NOT NULL
) ENGINE=MyISAM DEFAULT CHARSET=utf8;

--
-- Déchargement des données de la table `vtiger_blocks_seq`
--

INSERT INTO `vtiger_blocks_seq` (`id`) VALUES
(141);

-- --------------------------------------------------------

--
-- Structure de la table `vtiger_calendarsharedtype`
--

CREATE TABLE `vtiger_calendarsharedtype` (
  `calendarsharedtypeid` int(11) NOT NULL,
  `calendarsharedtype` varchar(200) NOT NULL,
  `sortorderid` int(11) DEFAULT NULL,
  `presence` int(11) NOT NULL DEFAULT 1
) ENGINE=InnoDB DEFAULT CHARSET=utf8;

--
-- Déchargement des données de la table `vtiger_calendarsharedtype`
--

INSERT INTO `vtiger_calendarsharedtype` (`calendarsharedtypeid`, `calendarsharedtype`, `sortorderid`, `presence`) VALUES
(1, 'public', 0, 1),
(2, 'private', 1, 1),
(3, 'seletedusers', 2, 1);

-- --------------------------------------------------------

--
-- Structure de la table `vtiger_calendarsharedtype_seq`
--

CREATE TABLE `vtiger_calendarsharedtype_seq` (
  `id` int(11) NOT NULL
) ENGINE=MyISAM DEFAULT CHARSET=utf8;

--
-- Déchargement des données de la table `vtiger_calendarsharedtype_seq`
--

INSERT INTO `vtiger_calendarsharedtype_seq` (`id`) VALUES
(3);

-- --------------------------------------------------------

--
-- Structure de la table `vtiger_calendar_default_activitytypes`
--

CREATE TABLE `vtiger_calendar_default_activitytypes` (
  `id` int(19) NOT NULL,
  `module` varchar(50) DEFAULT NULL,
  `fieldname` varchar(50) DEFAULT NULL,
  `defaultcolor` varchar(50) DEFAULT NULL,
  `isdefault` int(11) DEFAULT 1,
  `conditions` varchar(255) DEFAULT NULL
) ENGINE=InnoDB DEFAULT CHARSET=utf8;

--
-- Déchargement des données de la table `vtiger_calendar_default_activitytypes`
--

INSERT INTO `vtiger_calendar_default_activitytypes` (`id`, `module`, `fieldname`, `defaultcolor`, `isdefault`, `conditions`) VALUES
(1, 'Events', '[\"date_start\",\"due_date\"]', '#17309A', 1, NULL),
(2, 'Calendar', '[\"date_start\",\"due_date\"]', '#3A87AD', 1, NULL),
(3, 'Potentials', '[\"closingdate\"]', '#AA6705', 1, NULL),
(4, 'Contacts', '[\"support_end_date\"]', '#953B39', 1, NULL),
(5, 'Contacts', '[\"birthday\"]', '#545252', 1, NULL),
(6, 'Invoice', '[\"duedate\"]', '#87865D', 1, NULL),
(7, 'Project', '[\"startdate\",\"targetenddate\"]', '#C71585', 1, NULL),
(8, 'ProjectTask', '[\"startdate\",\"enddate\"]', '#006400', 1, NULL);

-- --------------------------------------------------------

--
-- Structure de la table `vtiger_calendar_default_activitytypes_seq`
--

CREATE TABLE `vtiger_calendar_default_activitytypes_seq` (
  `id` int(11) NOT NULL
) ENGINE=MyISAM DEFAULT CHARSET=utf8;

--
-- Déchargement des données de la table `vtiger_calendar_default_activitytypes_seq`
--

INSERT INTO `vtiger_calendar_default_activitytypes_seq` (`id`) VALUES
(8);

-- --------------------------------------------------------

--
-- Structure de la table `vtiger_calendar_user_activitytypes`
--

CREATE TABLE `vtiger_calendar_user_activitytypes` (
  `id` int(19) NOT NULL,
  `defaultid` int(19) DEFAULT NULL,
  `userid` int(19) DEFAULT NULL,
  `color` varchar(50) DEFAULT NULL,
  `visible` int(19) DEFAULT 1
) ENGINE=InnoDB DEFAULT CHARSET=utf8;

--
-- Déchargement des données de la table `vtiger_calendar_user_activitytypes`
--

INSERT INTO `vtiger_calendar_user_activitytypes` (`id`, `defaultid`, `userid`, `color`, `visible`) VALUES
(1, 1, 1, '#17309A', 1),
(2, 2, 1, '#3A87AD', 1),
(3, 3, 1, '#AA6705', 1),
(4, 4, 1, '#953B39', 1),
(5, 5, 1, '#545252', 1),
(6, 6, 1, '#87865D', 1),
(7, 7, 1, '#C71585', 1),
(8, 8, 1, '#006400', 1),
(9, 1, 6, '#17309A', 1),
(10, 2, 6, '#3A87AD', 1),
(11, 3, 6, '#AA6705', 1),
(12, 4, 6, '#953B39', 1),
(13, 5, 6, '#545252', 1),
(14, 6, 6, '#87865D', 1),
(15, 7, 6, '#C71585', 1),
(16, 8, 6, '#006400', 1);

-- --------------------------------------------------------

--
-- Structure de la table `vtiger_calendar_user_activitytypes_seq`
--

CREATE TABLE `vtiger_calendar_user_activitytypes_seq` (
  `id` int(11) NOT NULL
) ENGINE=MyISAM DEFAULT CHARSET=utf8;

--
-- Déchargement des données de la table `vtiger_calendar_user_activitytypes_seq`
--

INSERT INTO `vtiger_calendar_user_activitytypes_seq` (`id`) VALUES
(16);

-- --------------------------------------------------------

--
-- Structure de la table `vtiger_callduration`
--

CREATE TABLE `vtiger_callduration` (
  `calldurationid` int(11) NOT NULL,
  `callduration` varchar(200) NOT NULL,
  `sortorderid` int(11) DEFAULT NULL,
  `presence` int(11) NOT NULL DEFAULT 1
) ENGINE=InnoDB DEFAULT CHARSET=utf8;

--
-- Déchargement des données de la table `vtiger_callduration`
--

INSERT INTO `vtiger_callduration` (`calldurationid`, `callduration`, `sortorderid`, `presence`) VALUES
(1, '5', 0, 1),
(2, '10', 1, 1),
(3, '30', 2, 1),
(4, '60', 3, 1),
(5, '120', 4, 1);

-- --------------------------------------------------------

--
-- Structure de la table `vtiger_callduration_seq`
--

CREATE TABLE `vtiger_callduration_seq` (
  `id` int(11) NOT NULL
) ENGINE=MyISAM DEFAULT CHARSET=utf8;

--
-- Déchargement des données de la table `vtiger_callduration_seq`
--

INSERT INTO `vtiger_callduration_seq` (`id`) VALUES
(5);

-- --------------------------------------------------------

--
-- Structure de la table `vtiger_campaign`
--

CREATE TABLE `vtiger_campaign` (
  `campaign_no` varchar(100) NOT NULL,
  `campaignname` varchar(255) DEFAULT NULL,
  `campaigntype` varchar(200) DEFAULT NULL,
  `campaignstatus` varchar(200) DEFAULT NULL,
  `expectedrevenue` decimal(25,8) DEFAULT NULL,
  `budgetcost` decimal(25,8) DEFAULT NULL,
  `actualcost` decimal(25,8) DEFAULT NULL,
  `expectedresponse` varchar(200) DEFAULT NULL,
  `numsent` decimal(11,0) DEFAULT NULL,
  `product_id` int(19) DEFAULT NULL,
  `sponsor` varchar(255) DEFAULT NULL,
  `targetaudience` varchar(255) DEFAULT NULL,
  `targetsize` int(19) DEFAULT NULL,
  `expectedresponsecount` int(19) DEFAULT NULL,
  `expectedsalescount` int(19) DEFAULT NULL,
  `expectedroi` decimal(25,8) DEFAULT NULL,
  `actualresponsecount` int(19) DEFAULT NULL,
  `actualsalescount` int(19) DEFAULT NULL,
  `actualroi` decimal(25,8) DEFAULT NULL,
  `campaignid` int(19) NOT NULL,
  `closingdate` date DEFAULT NULL,
  `tags` varchar(1) DEFAULT NULL
) ENGINE=InnoDB DEFAULT CHARSET=utf8;

-- --------------------------------------------------------

--
-- Structure de la table `vtiger_campaignaccountrel`
--

CREATE TABLE `vtiger_campaignaccountrel` (
  `campaignid` int(19) DEFAULT NULL,
  `accountid` int(19) DEFAULT NULL,
  `campaignrelstatusid` int(19) DEFAULT NULL
) ENGINE=InnoDB DEFAULT CHARSET=utf8;

-- --------------------------------------------------------

--
-- Structure de la table `vtiger_campaigncontrel`
--

CREATE TABLE `vtiger_campaigncontrel` (
  `campaignid` int(19) NOT NULL DEFAULT 0,
  `contactid` int(19) NOT NULL DEFAULT 0,
  `campaignrelstatusid` int(19) NOT NULL DEFAULT 0
) ENGINE=InnoDB DEFAULT CHARSET=utf8;

-- --------------------------------------------------------

--
-- Structure de la table `vtiger_campaignleadrel`
--

CREATE TABLE `vtiger_campaignleadrel` (
  `campaignid` int(19) NOT NULL DEFAULT 0,
  `leadid` int(19) NOT NULL DEFAULT 0,
  `campaignrelstatusid` int(19) NOT NULL DEFAULT 0
) ENGINE=InnoDB DEFAULT CHARSET=utf8;

-- --------------------------------------------------------

--
-- Structure de la table `vtiger_campaignrelstatus`
--

CREATE TABLE `vtiger_campaignrelstatus` (
  `campaignrelstatusid` int(19) DEFAULT NULL,
  `campaignrelstatus` varchar(256) DEFAULT NULL,
  `sortorderid` int(19) DEFAULT NULL,
  `presence` int(19) DEFAULT NULL,
  `color` varchar(10) DEFAULT NULL
) ENGINE=InnoDB DEFAULT CHARSET=utf8;

--
-- Déchargement des données de la table `vtiger_campaignrelstatus`
--

INSERT INTO `vtiger_campaignrelstatus` (`campaignrelstatusid`, `campaignrelstatus`, `sortorderid`, `presence`, `color`) VALUES
(2, 'Contacted - Successful', 1, 1, NULL),
(3, 'Contacted - Unsuccessful', 2, 1, NULL),
(4, 'Contacted - Never Contact Again', 3, 1, NULL);

-- --------------------------------------------------------

--
-- Structure de la table `vtiger_campaignrelstatus_seq`
--

CREATE TABLE `vtiger_campaignrelstatus_seq` (
  `id` int(11) NOT NULL
) ENGINE=MyISAM DEFAULT CHARSET=utf8;

--
-- Déchargement des données de la table `vtiger_campaignrelstatus_seq`
--

INSERT INTO `vtiger_campaignrelstatus_seq` (`id`) VALUES
(4);

-- --------------------------------------------------------

--
-- Structure de la table `vtiger_campaignscf`
--

CREATE TABLE `vtiger_campaignscf` (
  `campaignid` int(19) NOT NULL DEFAULT 0
) ENGINE=InnoDB DEFAULT CHARSET=utf8;

-- --------------------------------------------------------

--
-- Structure de la table `vtiger_campaignstatus`
--

CREATE TABLE `vtiger_campaignstatus` (
  `campaignstatusid` int(19) NOT NULL,
  `campaignstatus` varchar(200) NOT NULL,
  `presence` int(1) NOT NULL DEFAULT 1,
  `picklist_valueid` int(19) NOT NULL DEFAULT 0,
  `sortorderid` int(11) DEFAULT NULL,
  `color` varchar(10) DEFAULT NULL
) ENGINE=InnoDB DEFAULT CHARSET=utf8;

--
-- Déchargement des données de la table `vtiger_campaignstatus`
--

INSERT INTO `vtiger_campaignstatus` (`campaignstatusid`, `campaignstatus`, `presence`, `picklist_valueid`, `sortorderid`, `color`) VALUES
(2, 'Planning', 1, 15, 1, NULL),
(3, 'Active', 1, 16, 2, NULL),
(4, 'Inactive', 1, 17, 3, NULL),
(5, 'Completed', 1, 18, 4, NULL),
(6, 'Cancelled', 1, 19, 5, NULL);

-- --------------------------------------------------------

--
-- Structure de la table `vtiger_campaignstatus_seq`
--

CREATE TABLE `vtiger_campaignstatus_seq` (
  `id` int(11) NOT NULL
) ENGINE=MyISAM DEFAULT CHARSET=utf8;

--
-- Déchargement des données de la table `vtiger_campaignstatus_seq`
--

INSERT INTO `vtiger_campaignstatus_seq` (`id`) VALUES
(6);

-- --------------------------------------------------------

--
-- Structure de la table `vtiger_campaigntype`
--

CREATE TABLE `vtiger_campaigntype` (
  `campaigntypeid` int(19) NOT NULL,
  `campaigntype` varchar(200) NOT NULL,
  `presence` int(1) NOT NULL DEFAULT 1,
  `picklist_valueid` int(19) NOT NULL DEFAULT 0,
  `sortorderid` int(11) DEFAULT NULL,
  `color` varchar(10) DEFAULT NULL
) ENGINE=InnoDB DEFAULT CHARSET=utf8;

--
-- Déchargement des données de la table `vtiger_campaigntype`
--

INSERT INTO `vtiger_campaigntype` (`campaigntypeid`, `campaigntype`, `presence`, `picklist_valueid`, `sortorderid`, `color`) VALUES
(2, 'Conference', 1, 21, 1, NULL),
(3, 'Webinar', 1, 22, 2, NULL),
(4, 'Trade Show', 1, 23, 3, NULL),
(5, 'Public Relations', 1, 24, 4, NULL),
(6, 'Partners', 1, 25, 5, NULL),
(7, 'Referral Program', 1, 26, 6, NULL),
(8, 'Advertisement', 1, 27, 7, NULL),
(9, 'Banner Ads', 1, 28, 8, NULL),
(10, 'Direct Mail', 1, 29, 9, NULL),
(11, 'Email', 1, 30, 10, NULL),
(12, 'Telemarketing', 1, 31, 11, NULL),
(13, 'Others', 1, 32, 12, NULL);

-- --------------------------------------------------------

--
-- Structure de la table `vtiger_campaigntype_seq`
--

CREATE TABLE `vtiger_campaigntype_seq` (
  `id` int(11) NOT NULL
) ENGINE=MyISAM DEFAULT CHARSET=utf8;

--
-- Déchargement des données de la table `vtiger_campaigntype_seq`
--

INSERT INTO `vtiger_campaigntype_seq` (`id`) VALUES
(13);

-- --------------------------------------------------------

--
-- Structure de la table `vtiger_carrier`
--

CREATE TABLE `vtiger_carrier` (
  `carrierid` int(19) NOT NULL,
  `carrier` varchar(200) NOT NULL,
  `presence` int(1) NOT NULL DEFAULT 1,
  `picklist_valueid` int(19) NOT NULL DEFAULT 0,
  `sortorderid` int(11) DEFAULT NULL,
  `color` varchar(10) DEFAULT NULL
) ENGINE=InnoDB DEFAULT CHARSET=utf8;

--
-- Déchargement des données de la table `vtiger_carrier`
--

INSERT INTO `vtiger_carrier` (`carrierid`, `carrier`, `presence`, `picklist_valueid`, `sortorderid`, `color`) VALUES
(1, 'FedEx', 1, 33, 0, NULL),
(2, 'UPS', 1, 34, 1, NULL),
(3, 'USPS', 1, 35, 2, NULL),
(4, 'DHL', 1, 36, 3, NULL),
(5, 'BlueDart', 1, 37, 4, NULL);

-- --------------------------------------------------------

--
-- Structure de la table `vtiger_carrier_seq`
--

CREATE TABLE `vtiger_carrier_seq` (
  `id` int(11) NOT NULL
) ENGINE=MyISAM DEFAULT CHARSET=utf8;

--
-- Déchargement des données de la table `vtiger_carrier_seq`
--

INSERT INTO `vtiger_carrier_seq` (`id`) VALUES
(5);

-- --------------------------------------------------------

--
-- Structure de la table `vtiger_cashflow4you_cash`
--

CREATE TABLE `vtiger_cashflow4you_cash` (
  `cashflow4you_cashid` int(11) NOT NULL,
  `cashflow4you_cash` varchar(200) NOT NULL,
  `presence` int(1) NOT NULL DEFAULT 1,
  `picklist_valueid` int(11) NOT NULL DEFAULT 0,
  `sortorderid` int(11) DEFAULT 0,
  `color` varchar(10) DEFAULT NULL
) ENGINE=InnoDB DEFAULT CHARSET=utf8;

--
-- Déchargement des données de la table `vtiger_cashflow4you_cash`
--

INSERT INTO `vtiger_cashflow4you_cash` (`cashflow4you_cashid`, `cashflow4you_cash`, `presence`, `picklist_valueid`, `sortorderid`, `color`) VALUES
(1, 'Cashflow', 1, 351, 1, NULL),
(2, 'Cheque', 1, 352, 2, '#ffffff'),
(3, 'Virement bancaire', 1, 366, 3, '#ffffff');

-- --------------------------------------------------------

--
-- Structure de la table `vtiger_cashflow4you_cash_seq`
--

CREATE TABLE `vtiger_cashflow4you_cash_seq` (
  `id` int(11) NOT NULL
) ENGINE=MyISAM DEFAULT CHARSET=utf8;

--
-- Déchargement des données de la table `vtiger_cashflow4you_cash_seq`
--

INSERT INTO `vtiger_cashflow4you_cash_seq` (`id`) VALUES
(3);

-- --------------------------------------------------------

--
-- Structure de la table `vtiger_cashflow4you_category`
--

CREATE TABLE `vtiger_cashflow4you_category` (
  `cashflow4you_categoryid` int(11) NOT NULL,
  `cashflow4you_category` varchar(200) NOT NULL,
  `presence` int(1) NOT NULL DEFAULT 1,
  `picklist_valueid` int(11) NOT NULL DEFAULT 0,
  `sortorderid` int(11) DEFAULT 0,
  `color` varchar(10) DEFAULT NULL
) ENGINE=InnoDB DEFAULT CHARSET=utf8;

--
-- Déchargement des données de la table `vtiger_cashflow4you_category`
--

INSERT INTO `vtiger_cashflow4you_category` (`cashflow4you_categoryid`, `cashflow4you_category`, `presence`, `picklist_valueid`, `sortorderid`, `color`) VALUES
(1, 'Income for services', 1, 342, 1, NULL),
(2, 'Income for products', 1, 343, 2, NULL),
(3, 'Office cost', 1, 344, 3, NULL),
(4, 'Telephone', 1, 345, 4, NULL),
(5, 'Salaries', 1, 346, 5, NULL),
(6, 'Wages', 1, 347, 6, NULL),
(7, 'Rent', 1, 348, 7, NULL),
(8, 'Fuel', 1, 349, 8, NULL),
(9, 'Other', 1, 350, 9, NULL);

-- --------------------------------------------------------

--
-- Structure de la table `vtiger_cashflow4you_category_seq`
--

CREATE TABLE `vtiger_cashflow4you_category_seq` (
  `id` int(11) NOT NULL
) ENGINE=MyISAM DEFAULT CHARSET=utf8;

--
-- Déchargement des données de la table `vtiger_cashflow4you_category_seq`
--

INSERT INTO `vtiger_cashflow4you_category_seq` (`id`) VALUES
(9);

-- --------------------------------------------------------

--
-- Structure de la table `vtiger_cashflow4you_paymethod`
--

CREATE TABLE `vtiger_cashflow4you_paymethod` (
  `cashflow4you_paymethodid` int(11) NOT NULL,
  `cashflow4you_paymethod` varchar(200) NOT NULL,
  `presence` int(1) NOT NULL DEFAULT 1,
  `picklist_valueid` int(11) NOT NULL DEFAULT 0,
  `sortorderid` int(11) DEFAULT 0,
  `color` varchar(10) DEFAULT NULL
) ENGINE=InnoDB DEFAULT CHARSET=utf8;

--
-- Déchargement des données de la table `vtiger_cashflow4you_paymethod`
--

INSERT INTO `vtiger_cashflow4you_paymethod` (`cashflow4you_paymethodid`, `cashflow4you_paymethod`, `presence`, `picklist_valueid`, `sortorderid`, `color`) VALUES
(1, 'Bank Transfer', 1, 333, 1, NULL),
(2, 'Cash', 1, 334, 2, NULL),
(3, 'Credit card', 1, 335, 3, NULL),
(4, 'Google Checkout', 1, 336, 4, NULL),
(5, 'Paypal', 1, 337, 5, NULL),
(6, 'Wire transfer', 1, 338, 6, NULL),
(7, 'Other', 1, 339, 7, NULL);

-- --------------------------------------------------------

--
-- Structure de la table `vtiger_cashflow4you_paymethod_seq`
--

CREATE TABLE `vtiger_cashflow4you_paymethod_seq` (
  `id` int(11) NOT NULL
) ENGINE=MyISAM DEFAULT CHARSET=utf8;

--
-- Déchargement des données de la table `vtiger_cashflow4you_paymethod_seq`
--

INSERT INTO `vtiger_cashflow4you_paymethod_seq` (`id`) VALUES
(7);

-- --------------------------------------------------------

--
-- Structure de la table `vtiger_cashflow4you_paytype`
--

CREATE TABLE `vtiger_cashflow4you_paytype` (
  `cashflow4you_paytypeid` int(11) NOT NULL,
  `cashflow4you_paytype` varchar(200) NOT NULL,
  `presence` int(1) NOT NULL DEFAULT 1,
  `picklist_valueid` int(11) NOT NULL DEFAULT 0,
  `sortorderid` int(11) DEFAULT 0,
  `color` varchar(10) DEFAULT NULL
) ENGINE=InnoDB DEFAULT CHARSET=utf8;

--
-- Déchargement des données de la table `vtiger_cashflow4you_paytype`
--

INSERT INTO `vtiger_cashflow4you_paytype` (`cashflow4you_paytypeid`, `cashflow4you_paytype`, `presence`, `picklist_valueid`, `sortorderid`, `color`) VALUES
(1, 'Incoming', 0, 340, 1, NULL),
(2, 'Outgoing', 0, 341, 2, NULL);

-- --------------------------------------------------------

--
-- Structure de la table `vtiger_cashflow4you_paytype_seq`
--

CREATE TABLE `vtiger_cashflow4you_paytype_seq` (
  `id` int(11) NOT NULL
) ENGINE=MyISAM DEFAULT CHARSET=utf8;

--
-- Déchargement des données de la table `vtiger_cashflow4you_paytype_seq`
--

INSERT INTO `vtiger_cashflow4you_paytype_seq` (`id`) VALUES
(2);

-- --------------------------------------------------------

--
-- Structure de la table `vtiger_cashflow4you_status`
--

CREATE TABLE `vtiger_cashflow4you_status` (
  `cashflow4you_statusid` int(11) NOT NULL,
  `cashflow4you_status` varchar(200) NOT NULL,
  `presence` int(1) NOT NULL DEFAULT 1,
  `picklist_valueid` int(11) NOT NULL DEFAULT 0,
  `sortorderid` int(11) DEFAULT 0,
  `color` varchar(10) DEFAULT NULL
) ENGINE=InnoDB DEFAULT CHARSET=utf8;

--
-- Déchargement des données de la table `vtiger_cashflow4you_status`
--

INSERT INTO `vtiger_cashflow4you_status` (`cashflow4you_statusid`, `cashflow4you_status`, `presence`, `picklist_valueid`, `sortorderid`, `color`) VALUES
(1, 'Pending', 1, 358, 1, NULL),
(2, 'Created', 1, 359, 2, NULL),
(3, 'Received', 1, 360, 3, NULL),
(4, 'Waiting', 1, 361, 4, NULL),
(5, 'Paid', 1, 362, 5, NULL);

-- --------------------------------------------------------

--
-- Structure de la table `vtiger_cashflow4you_status_seq`
--

CREATE TABLE `vtiger_cashflow4you_status_seq` (
  `id` int(11) NOT NULL
) ENGINE=MyISAM DEFAULT CHARSET=utf8;

--
-- Déchargement des données de la table `vtiger_cashflow4you_status_seq`
--

INSERT INTO `vtiger_cashflow4you_status_seq` (`id`) VALUES
(5);

-- --------------------------------------------------------

--
-- Structure de la table `vtiger_cashflow4you_subcategory`
--

CREATE TABLE `vtiger_cashflow4you_subcategory` (
  `cashflow4you_subcategoryid` int(11) NOT NULL,
  `cashflow4you_subcategory` varchar(200) NOT NULL,
  `presence` int(1) NOT NULL DEFAULT 1,
  `picklist_valueid` int(11) NOT NULL DEFAULT 0,
  `sortorderid` int(11) DEFAULT 0,
  `color` varchar(10) DEFAULT NULL
) ENGINE=InnoDB DEFAULT CHARSET=utf8;

--
-- Déchargement des données de la table `vtiger_cashflow4you_subcategory`
--

INSERT INTO `vtiger_cashflow4you_subcategory` (`cashflow4you_subcategoryid`, `cashflow4you_subcategory`, `presence`, `picklist_valueid`, `sortorderid`, `color`) VALUES
(1, 'none', 1, 353, 1, NULL),
(2, 'Extensions', 1, 354, 2, NULL),
(3, 'Programming', 1, 355, 3, NULL),
(4, 'Telephone', 1, 356, 4, NULL),
(5, 'Auto', 1, 357, 5, NULL);

-- --------------------------------------------------------

--
-- Structure de la table `vtiger_cashflow4you_subcategory_seq`
--

CREATE TABLE `vtiger_cashflow4you_subcategory_seq` (
  `id` int(11) NOT NULL
) ENGINE=MyISAM DEFAULT CHARSET=utf8;

--
-- Déchargement des données de la table `vtiger_cashflow4you_subcategory_seq`
--

INSERT INTO `vtiger_cashflow4you_subcategory_seq` (`id`) VALUES
(5);

-- --------------------------------------------------------

--
-- Structure de la table `vtiger_cashflow4you_user_field`
--

CREATE TABLE `vtiger_cashflow4you_user_field` (
  `recordid` int(25) NOT NULL,
  `userid` int(25) NOT NULL,
  `starred` varchar(100) DEFAULT NULL
) ENGINE=InnoDB DEFAULT CHARSET=utf8;

-- --------------------------------------------------------

--
-- Structure de la table `vtiger_cf_883`
--

CREATE TABLE `vtiger_cf_883` (
  `cf_883id` int(11) NOT NULL,
  `cf_883` varchar(200) NOT NULL,
  `sortorderid` int(11) DEFAULT NULL,
  `presence` int(11) NOT NULL DEFAULT 1,
  `color` varchar(10) DEFAULT NULL
) ENGINE=InnoDB DEFAULT CHARSET=utf8;

--
-- Déchargement des données de la table `vtiger_cf_883`
--

INSERT INTO `vtiger_cf_883` (`cf_883id`, `cf_883`, `sortorderid`, `presence`, `color`) VALUES
(1, 'Issue', 0, 1, NULL),
(2, 'void', 1, 1, '#ffffff'),
(3, 'reissue', 2, 1, NULL);

-- --------------------------------------------------------

--
-- Structure de la table `vtiger_cf_883_seq`
--

CREATE TABLE `vtiger_cf_883_seq` (
  `id` int(11) NOT NULL
) ENGINE=MyISAM DEFAULT CHARSET=utf8;

--
-- Déchargement des données de la table `vtiger_cf_883_seq`
--

INSERT INTO `vtiger_cf_883_seq` (`id`) VALUES
(3);

-- --------------------------------------------------------

--
-- Structure de la table `vtiger_cntactivityrel`
--

CREATE TABLE `vtiger_cntactivityrel` (
  `contactid` int(19) NOT NULL DEFAULT 0,
  `activityid` int(19) NOT NULL DEFAULT 0
) ENGINE=InnoDB DEFAULT CHARSET=utf8;

-- --------------------------------------------------------

--
-- Structure de la table `vtiger_contactaddress`
--

CREATE TABLE `vtiger_contactaddress` (
  `contactaddressid` int(19) NOT NULL DEFAULT 0,
  `mailingcity` varchar(40) DEFAULT NULL,
  `mailingstreet` varchar(250) DEFAULT NULL,
  `mailingcountry` varchar(40) DEFAULT NULL,
  `othercountry` varchar(30) DEFAULT NULL,
  `mailingstate` varchar(30) DEFAULT NULL,
  `mailingpobox` varchar(30) DEFAULT NULL,
  `othercity` varchar(40) DEFAULT NULL,
  `otherstate` varchar(50) DEFAULT NULL,
  `mailingzip` varchar(30) DEFAULT NULL,
  `otherzip` varchar(30) DEFAULT NULL,
  `otherstreet` varchar(250) DEFAULT NULL,
  `otherpobox` varchar(30) DEFAULT NULL
) ENGINE=InnoDB DEFAULT CHARSET=utf8;

-- --------------------------------------------------------

--
-- Structure de la table `vtiger_contactdetails`
--

CREATE TABLE `vtiger_contactdetails` (
  `contactid` int(19) NOT NULL DEFAULT 0,
  `contact_no` varchar(100) NOT NULL,
  `accountid` int(19) DEFAULT NULL,
  `salutation` varchar(200) DEFAULT NULL,
  `firstname` varchar(40) DEFAULT NULL,
  `lastname` varchar(80) NOT NULL,
  `email` varchar(100) DEFAULT NULL,
  `phone` varchar(50) DEFAULT NULL,
  `mobile` varchar(50) DEFAULT NULL,
  `title` varchar(50) DEFAULT NULL,
  `department` varchar(30) DEFAULT NULL,
  `fax` varchar(50) DEFAULT NULL,
  `reportsto` varchar(30) DEFAULT NULL,
  `training` varchar(50) DEFAULT NULL,
  `usertype` varchar(50) DEFAULT NULL,
  `contacttype` varchar(50) DEFAULT NULL,
  `otheremail` varchar(100) DEFAULT NULL,
  `secondaryemail` varchar(100) DEFAULT NULL,
  `donotcall` varchar(3) DEFAULT NULL,
  `emailoptout` varchar(3) DEFAULT '0',
  `imagename` varchar(150) DEFAULT NULL,
  `reference` varchar(3) DEFAULT NULL,
  `notify_owner` varchar(3) DEFAULT '0',
  `isconvertedfromlead` varchar(3) DEFAULT '0',
  `tags` varchar(1) DEFAULT NULL
) ENGINE=InnoDB DEFAULT CHARSET=utf8;

-- --------------------------------------------------------

--
-- Structure de la table `vtiger_contactscf`
--

CREATE TABLE `vtiger_contactscf` (
  `contactid` int(19) NOT NULL DEFAULT 0
) ENGINE=InnoDB DEFAULT CHARSET=utf8;

-- --------------------------------------------------------

--
-- Structure de la table `vtiger_contactsubdetails`
--

CREATE TABLE `vtiger_contactsubdetails` (
  `contactsubscriptionid` int(19) NOT NULL DEFAULT 0,
  `homephone` varchar(50) DEFAULT NULL,
  `otherphone` varchar(50) DEFAULT NULL,
  `assistant` varchar(30) DEFAULT NULL,
  `assistantphone` varchar(50) DEFAULT NULL,
  `birthday` date DEFAULT NULL,
  `laststayintouchrequest` int(30) DEFAULT 0,
  `laststayintouchsavedate` int(19) DEFAULT 0,
  `leadsource` varchar(200) DEFAULT NULL
) ENGINE=InnoDB DEFAULT CHARSET=utf8;

-- --------------------------------------------------------

--
-- Structure de la table `vtiger_contpotentialrel`
--

CREATE TABLE `vtiger_contpotentialrel` (
  `contactid` int(19) NOT NULL DEFAULT 0,
  `potentialid` int(19) NOT NULL DEFAULT 0
) ENGINE=InnoDB DEFAULT CHARSET=utf8;

-- --------------------------------------------------------

--
-- Structure de la table `vtiger_contract_priority`
--

CREATE TABLE `vtiger_contract_priority` (
  `contract_priorityid` int(11) NOT NULL,
  `contract_priority` varchar(200) NOT NULL,
  `presence` int(1) NOT NULL DEFAULT 1,
  `picklist_valueid` int(11) NOT NULL DEFAULT 0,
  `sortorderid` int(11) DEFAULT 0,
  `color` varchar(10) DEFAULT NULL
) ENGINE=InnoDB DEFAULT CHARSET=utf8;

--
-- Déchargement des données de la table `vtiger_contract_priority`
--

INSERT INTO `vtiger_contract_priority` (`contract_priorityid`, `contract_priority`, `presence`, `picklist_valueid`, `sortorderid`, `color`) VALUES
(1, 'Low', 1, 220, 1, NULL),
(2, 'Normal', 1, 221, 2, NULL),
(3, 'High', 1, 222, 3, NULL);

-- --------------------------------------------------------

--
-- Structure de la table `vtiger_contract_priority_seq`
--

CREATE TABLE `vtiger_contract_priority_seq` (
  `id` int(11) NOT NULL
) ENGINE=MyISAM DEFAULT CHARSET=utf8;

--
-- Déchargement des données de la table `vtiger_contract_priority_seq`
--

INSERT INTO `vtiger_contract_priority_seq` (`id`) VALUES
(3);

-- --------------------------------------------------------

--
-- Structure de la table `vtiger_contract_status`
--

CREATE TABLE `vtiger_contract_status` (
  `contract_statusid` int(11) NOT NULL,
  `contract_status` varchar(200) NOT NULL,
  `presence` int(1) NOT NULL DEFAULT 1,
  `picklist_valueid` int(11) NOT NULL DEFAULT 0,
  `sortorderid` int(11) DEFAULT 0,
  `color` varchar(10) DEFAULT NULL
) ENGINE=InnoDB DEFAULT CHARSET=utf8;

--
-- Déchargement des données de la table `vtiger_contract_status`
--

INSERT INTO `vtiger_contract_status` (`contract_statusid`, `contract_status`, `presence`, `picklist_valueid`, `sortorderid`, `color`) VALUES
(1, 'Undefined', 1, 214, 1, NULL),
(2, 'In Planning', 1, 215, 2, NULL),
(3, 'In Progress', 1, 216, 3, NULL),
(4, 'On Hold', 1, 217, 4, NULL),
(5, 'Complete', 0, 218, 5, NULL),
(6, 'Archived', 1, 219, 6, NULL);

-- --------------------------------------------------------

--
-- Structure de la table `vtiger_contract_status_seq`
--

CREATE TABLE `vtiger_contract_status_seq` (
  `id` int(11) NOT NULL
) ENGINE=MyISAM DEFAULT CHARSET=utf8;

--
-- Déchargement des données de la table `vtiger_contract_status_seq`
--

INSERT INTO `vtiger_contract_status_seq` (`id`) VALUES
(6);

-- --------------------------------------------------------

--
-- Structure de la table `vtiger_contract_type`
--

CREATE TABLE `vtiger_contract_type` (
  `contract_typeid` int(11) NOT NULL,
  `contract_type` varchar(200) NOT NULL,
  `presence` int(1) NOT NULL DEFAULT 1,
  `picklist_valueid` int(11) NOT NULL DEFAULT 0,
  `sortorderid` int(11) DEFAULT 0,
  `color` varchar(10) DEFAULT NULL
) ENGINE=InnoDB DEFAULT CHARSET=utf8;

--
-- Déchargement des données de la table `vtiger_contract_type`
--

INSERT INTO `vtiger_contract_type` (`contract_typeid`, `contract_type`, `presence`, `picklist_valueid`, `sortorderid`, `color`) VALUES
(1, 'Support', 1, 223, 1, NULL),
(2, 'Services', 1, 224, 2, NULL),
(3, 'Administrative', 1, 225, 3, NULL);

-- --------------------------------------------------------

--
-- Structure de la table `vtiger_contract_type_seq`
--

CREATE TABLE `vtiger_contract_type_seq` (
  `id` int(11) NOT NULL
) ENGINE=MyISAM DEFAULT CHARSET=utf8;

--
-- Déchargement des données de la table `vtiger_contract_type_seq`
--

INSERT INTO `vtiger_contract_type_seq` (`id`) VALUES
(3);

-- --------------------------------------------------------

--
-- Structure de la table `vtiger_convertleadmapping`
--

CREATE TABLE `vtiger_convertleadmapping` (
  `cfmid` int(19) NOT NULL,
  `leadfid` int(19) NOT NULL,
  `accountfid` int(19) DEFAULT NULL,
  `contactfid` int(19) DEFAULT NULL,
  `potentialfid` int(19) DEFAULT NULL,
  `editable` int(19) DEFAULT 1
) ENGINE=InnoDB DEFAULT CHARSET=utf8;

--
-- Déchargement des données de la table `vtiger_convertleadmapping`
--

INSERT INTO `vtiger_convertleadmapping` (`cfmid`, `leadfid`, `accountfid`, `contactfid`, `potentialfid`, `editable`) VALUES
(1, 43, 1, 0, 110, 0),
(2, 49, 14, 0, 0, 1),
(3, 40, 3, 69, 0, 1),
(4, 44, 5, 77, 0, 1),
(5, 52, 13, 0, 0, 1),
(6, 46, 9, 80, 0, 0),
(7, 48, 4, 0, 0, 1),
(8, 61, 26, 98, 0, 1),
(9, 60, 30, 0, 0, 1),
(10, 62, 32, 104, 0, 1),
(11, 63, 28, 100, 0, 1),
(12, 59, 24, 96, 0, 1),
(13, 64, 34, 106, 0, 1),
(14, 61, 27, 0, 0, 1),
(15, 60, 31, 0, 0, 1),
(16, 62, 33, 0, 0, 1),
(17, 63, 29, 0, 0, 1),
(18, 59, 25, 0, 0, 1),
(19, 64, 35, 0, 0, 1),
(20, 65, 36, 109, 125, 1),
(21, 37, 0, 66, 0, 1),
(22, 38, 0, 67, 0, 0),
(23, 41, 0, 70, 0, 0),
(24, 42, 0, 71, 0, 1),
(25, 45, 0, 76, 0, 1),
(26, 55, 0, 83, 0, 1),
(27, 47, 0, 74, 117, 1),
(28, 50, 0, 0, 0, 1),
(29, 53, 10, 0, 0, 1),
(30, 51, 17, 0, 0, 1);

-- --------------------------------------------------------

--
-- Structure de la table `vtiger_convertpotentialmapping`
--

CREATE TABLE `vtiger_convertpotentialmapping` (
  `cfmid` int(19) NOT NULL,
  `potentialfid` int(19) NOT NULL,
  `projectfid` int(19) DEFAULT NULL,
  `editable` int(11) DEFAULT 1
) ENGINE=InnoDB DEFAULT CHARSET=utf8;

--
-- Déchargement des données de la table `vtiger_convertpotentialmapping`
--

INSERT INTO `vtiger_convertpotentialmapping` (`cfmid`, `potentialfid`, `projectfid`, `editable`) VALUES
(1, 110, 648, NULL),
(2, 125, 664, NULL);

-- --------------------------------------------------------

--
-- Structure de la table `vtiger_crmentity`
--

CREATE TABLE `vtiger_crmentity` (
  `crmid` int(19) NOT NULL,
  `smcreatorid` int(19) NOT NULL DEFAULT 0,
  `smownerid` int(19) NOT NULL DEFAULT 0,
  `modifiedby` int(19) NOT NULL DEFAULT 0,
  `setype` varchar(100) DEFAULT NULL,
  `description` mediumtext DEFAULT NULL,
  `createdtime` datetime NOT NULL,
  `modifiedtime` datetime NOT NULL,
  `viewedtime` datetime DEFAULT NULL,
  `status` varchar(50) DEFAULT NULL,
  `version` int(19) NOT NULL DEFAULT 0,
  `presence` int(1) DEFAULT 1,
  `deleted` int(1) NOT NULL DEFAULT 0,
  `smgroupid` int(19) DEFAULT NULL,
  `source` varchar(100) DEFAULT NULL,
  `label` varchar(255) DEFAULT NULL
) ENGINE=InnoDB DEFAULT CHARSET=utf8;

--
-- Déchargement des données de la table `vtiger_crmentity`
--

INSERT INTO `vtiger_crmentity` (`crmid`, `smcreatorid`, `smownerid`, `modifiedby`, `setype`, `description`, `createdtime`, `modifiedtime`, `viewedtime`, `status`, `version`, `presence`, `deleted`, `smgroupid`, `source`, `label`) VALUES
(2, 1, 1, 1, 'Services', '', '2019-02-21 20:41:07', '2019-02-21 20:43:12', NULL, NULL, 0, 1, 0, 0, 'CRM', 'ticket'),
(4, 1, 1, 1, 'Vendors', '', '2019-04-17 13:29:36', '2019-04-22 15:02:59', NULL, NULL, 0, 1, 0, 0, 'WEBSERVICE', 'CETERIS TOURS'),
(13, 1, 1, 1, 'Emails', '<!DOCTYPE HTML PUBLIC \"-//W3C//DTD HTML 4.01//EN\" \"http://www.w3.org/TR/html4/strict.dtd\">\r\n<html>\r\n<head>\r\n	<title></title>\r\n</head>\r\n<body class=\"scayt-enabled\">\r\n<div>\r\n<center>\r\n<table border=\"0\" cellpadding=\"0\" cellspacing=\"0\" class=\"borderGrey\" width=\"600px\">\r\n	<tbody>\r\n		<tr style=\"height:50px;\">\r\n			<td colspan=\"6\" style=\"border-top: 1px solid #ddd; font-family: Helvetica,Verdana,sans-serif\">Madame, Monsieur,<br />\r\n			<br />\r\n			Merci de trouver en pièce jointe la facture relative à votre billet d\'avion.<br />\r\n			<br />\r\n			Nous restons à votre disposition pour tout complément d\'information.<br />\r\n			<br />\r\n			Cordialement<br />\r\n			<br />\r\n			--------------------------------------------------------------------------------------<br />\r\n			$companydetails-logoname$<br />\r\n			<br />\r\n			&nbsp;</td>\r\n		</tr>\r\n		<tr>\r\n			<td colspan=\"6\" style=\"font-family: Helvetica,Verdana,sans-serif;font-size: 11px;color: #666666;\">\r\n			<table border=\"0\" cellpadding=\"4\" cellspacing=\"0\" width=\"100%\">\r\n				<tbody>\r\n					<tr>\r\n						<td colspan=\"2\" id=\"social\" valign=\"middle\">\r\n						<center></center>\r\n						</td>\r\n					</tr>\r\n					<!--copy right data-->\r\n					<tr>\r\n						<td valign=\"top\" width=\"350px\">\r\n						<center>\r\n						<div><em>Copyright © 2019 <a href=\"http://www.ceteristours.com\" target=\"_blank\">www.ceteristours.com</a>, All rights reserved.</em></div>\r\n						</center>\r\n						</td>\r\n					</tr>\r\n				</tbody>\r\n			</table>\r\n			</td>\r\n		</tr>\r\n	</tbody>\r\n</table>\r\n</center>\r\n</div>\r\n</body>\r\n</html>\r\n', '2019-04-18 14:14:19', '2019-04-18 14:14:19', NULL, NULL, 0, 1, 0, 0, 'CRM', '$companydetails-organizationname$ - Votre facture '),
(14, 1, 1, 0, 'Emails Attachment', '<!DOCTYPE HTML PUBLIC \"-//W3C//DTD HTML 4.01//EN\" \"http://www.w3.org/TR/html4/strict.dtd\">\r\n<html>\r\n<head>\r\n	<title></title>\r\n</head>\r\n<body class=\"scayt-enabled\">\r\n<div>\r\n<center>\r\n<table border=\"0\" cellpadding=\"0\" cellspacing=\"0\" class=\"borderGrey\" width=\"600px\">\r\n	<tbody>\r\n		<tr style=\"height:50px;\">\r\n			<td colspan=\"6\" style=\"border-top: 1px solid #ddd; font-family: Helvetica,Verdana,sans-serif\">Madame, Monsieur,<br />\r\n			<br />\r\n			Merci de trouver en pièce jointe la facture relative à votre billet d\'avion.<br />\r\n			<br />\r\n			Nous restons à votre disposition pour tout complément d\'information.<br />\r\n			<br />\r\n			Cordialement<br />\r\n			<br />\r\n			--------------------------------------------------------------------------------------<br />\r\n			$companydetails-logoname$<br />\r\n			<br />\r\n			 </td>\r\n		</tr>\r\n		<tr>\r\n			<td colspan=\"6\" style=\"font-family: Helvetica,Verdana,sans-serif;font-size: 11px;color: #666666;\">\r\n			<table border=\"0\" cellpadding=\"4\" cellspacing=\"0\" width=\"100%\">\r\n				<tbody>\r\n					<tr>\r\n						<td colspan=\"2\" id=\"social\" valign=\"middle\">\r\n						<center></center>\r\n						</td>\r\n					</tr>\r\n					<!--copy right data-->\r\n					<tr>\r\n						<td valign=\"top\" width=\"350px\">\r\n						<center>\r\n						<div><em>Copyright © 2019 <a href=\"http://www.ceteristours.com\" target=\"_blank\">www.ceteristours.com</a>, All rights reserved.</em></div>\r\n						</center>\r\n						</td>\r\n					</tr>\r\n				</tbody>\r\n			</table>\r\n			</td>\r\n		</tr>\r\n	</tbody>\r\n</table>\r\n</center>\r\n</div>\r\n</body>\r\n</html>\r\n', '2019-04-18 14:14:19', '2019-04-18 14:14:19', NULL, NULL, 0, 1, 0, NULL, NULL, NULL),
(15, 1, 1, 1, 'Emails', '<!DOCTYPE HTML PUBLIC \"-//W3C//DTD HTML 4.01//EN\" \"http://www.w3.org/TR/html4/strict.dtd\">\r\n<html>\r\n<head>\r\n	<title></title>\r\n</head>\r\n<body class=\"scayt-enabled\">\r\n<div>\r\n<center>\r\n<table border=\"0\" cellpadding=\"0\" cellspacing=\"0\" class=\"borderGrey\" width=\"600px\">\r\n	<tbody>\r\n		<tr style=\"height:50px;\">\r\n			<td colspan=\"6\" style=\"border-top: 1px solid #ddd; font-family: Helvetica,Verdana,sans-serif\">Madame, Monsieur,<br />\r\n			<br />\r\n			Merci de trouver en pièce jointe votre recu de paiement.<br />\r\n			<br />\r\n			Nous restons à votre disposition pour tout complément d\'information.<br />\r\n			<br />\r\n			Cordialement<br />\r\n			<br />\r\n			$logo$</td>\r\n		</tr>\r\n		<tr>\r\n			<td colspan=\"6\" style=\"font-family: Helvetica,Verdana,sans-serif;font-size: 11px;color: #666666;\">\r\n			<table border=\"0\" cellpadding=\"4\" cellspacing=\"0\" width=\"100%\">\r\n				<tbody><!--copy right data-->\r\n					<tr>\r\n						<td valign=\"top\" width=\"350px\">\r\n						<center>\r\n						<div><em>Copyright © 2019 <a href=\"http://www.ceteristours.com\" target=\"_blank\">www.ceteristours.com</a>, All rights reserved.</em></div>\r\n						</center>\r\n						</td>\r\n					</tr>\r\n				</tbody>\r\n			</table>\r\n			</td>\r\n		</tr>\r\n	</tbody>\r\n</table>\r\n</center>\r\n</div>\r\n</body>\r\n</html>\r\n', '2019-04-18 14:19:33', '2019-04-18 14:19:33', NULL, NULL, 0, 1, 0, 0, 'CRM', '$companydetails-organizationname$ - Votre reçu de paiement'),
(16, 1, 1, 0, 'Emails Attachment', '<!DOCTYPE HTML PUBLIC \"-//W3C//DTD HTML 4.01//EN\" \"http://www.w3.org/TR/html4/strict.dtd\">\r\n<html>\r\n<head>\r\n	<title></title>\r\n</head>\r\n<body class=\"scayt-enabled\">\r\n<div>\r\n<center>\r\n<table border=\"0\" cellpadding=\"0\" cellspacing=\"0\" class=\"borderGrey\" width=\"600px\">\r\n	<tbody>\r\n		<tr style=\"height:50px;\">\r\n			<td colspan=\"6\" style=\"border-top: 1px solid #ddd; font-family: Helvetica,Verdana,sans-serif\">Madame, Monsieur,<br />\r\n			<br />\r\n			Merci de trouver en pièce jointe votre recu de paiement.<br />\r\n			<br />\r\n			Nous restons à votre disposition pour tout complément d\'information.<br />\r\n			<br />\r\n			Cordialement<br />\r\n			<br />\r\n			$logo$</td>\r\n		</tr>\r\n		<tr>\r\n			<td colspan=\"6\" style=\"font-family: Helvetica,Verdana,sans-serif;font-size: 11px;color: #666666;\">\r\n			<table border=\"0\" cellpadding=\"4\" cellspacing=\"0\" width=\"100%\">\r\n				<tbody><!--copy right data-->\r\n					<tr>\r\n						<td valign=\"top\" width=\"350px\">\r\n						<center>\r\n						<div><em>Copyright © 2019 <a href=\"http://www.ceteristours.com\" target=\"_blank\">www.ceteristours.com</a>, All rights reserved.</em></div>\r\n						</center>\r\n						</td>\r\n					</tr>\r\n				</tbody>\r\n			</table>\r\n			</td>\r\n		</tr>\r\n	</tbody>\r\n</table>\r\n</center>\r\n</div>\r\n</body>\r\n</html>\r\n', '2019-04-18 14:19:33', '2019-04-18 14:19:33', NULL, NULL, 0, 1, 0, NULL, NULL, NULL),
(17, 1, 1, 1, 'Emails', '<!DOCTYPE HTML PUBLIC \"-//W3C//DTD HTML 4.01//EN\" \"http://www.w3.org/TR/html4/strict.dtd\">\r\n<html>\r\n<head>\r\n	<title></title>\r\n</head>\r\n<body class=\"scayt-enabled\">\r\n<div>\r\n<center>\r\n<table border=\"0\" cellpadding=\"0\" cellspacing=\"0\" class=\"borderGrey\" width=\"600px\">\r\n	<tbody>\r\n		<tr style=\"height:50px;\">\r\n			<td colspan=\"6\" style=\"border-top: 1px solid #ddd; font-family: Helvetica,Verdana,sans-serif\">Madame, Monsieur,<br />\r\n			<br />\r\n			Merci de trouver en pièce jointe votre recu de paiement.<br />\r\n			<br />\r\n			Nous restons à votre disposition pour tout complément d\'information.<br />\r\n			<br />\r\n			Cordialement<br />\r\n			<br />\r\n			$logo$</td>\r\n		</tr>\r\n		<tr>\r\n			<td colspan=\"6\" style=\"font-family: Helvetica,Verdana,sans-serif;font-size: 11px;color: #666666;\">\r\n			<table border=\"0\" cellpadding=\"4\" cellspacing=\"0\" width=\"100%\">\r\n				<tbody><!--copy right data-->\r\n					<tr>\r\n						<td valign=\"top\" width=\"350px\">\r\n						<center>\r\n						<div><em>Copyright © 2019 <a href=\"http://www.ceteristours.com\" target=\"_blank\">www.ceteristours.com</a>, All rights reserved.</em></div>\r\n						</center>\r\n						</td>\r\n					</tr>\r\n				</tbody>\r\n			</table>\r\n			</td>\r\n		</tr>\r\n	</tbody>\r\n</table>\r\n</center>\r\n</div>\r\n</body>\r\n</html>\r\n', '2019-04-18 14:22:13', '2019-04-18 14:22:13', NULL, NULL, 0, 1, 0, 0, 'CRM', '$companydetails-organizationname$ - Votre reçu de paiement'),
(18, 1, 1, 0, 'Emails Attachment', '<!DOCTYPE HTML PUBLIC \"-//W3C//DTD HTML 4.01//EN\" \"http://www.w3.org/TR/html4/strict.dtd\">\r\n<html>\r\n<head>\r\n	<title></title>\r\n</head>\r\n<body class=\"scayt-enabled\">\r\n<div>\r\n<center>\r\n<table border=\"0\" cellpadding=\"0\" cellspacing=\"0\" class=\"borderGrey\" width=\"600px\">\r\n	<tbody>\r\n		<tr style=\"height:50px;\">\r\n			<td colspan=\"6\" style=\"border-top: 1px solid #ddd; font-family: Helvetica,Verdana,sans-serif\">Madame, Monsieur,<br />\r\n			<br />\r\n			Merci de trouver en pièce jointe votre recu de paiement.<br />\r\n			<br />\r\n			Nous restons à votre disposition pour tout complément d\'information.<br />\r\n			<br />\r\n			Cordialement<br />\r\n			<br />\r\n			$logo$</td>\r\n		</tr>\r\n		<tr>\r\n			<td colspan=\"6\" style=\"font-family: Helvetica,Verdana,sans-serif;font-size: 11px;color: #666666;\">\r\n			<table border=\"0\" cellpadding=\"4\" cellspacing=\"0\" width=\"100%\">\r\n				<tbody><!--copy right data-->\r\n					<tr>\r\n						<td valign=\"top\" width=\"350px\">\r\n						<center>\r\n						<div><em>Copyright © 2019 <a href=\"http://www.ceteristours.com\" target=\"_blank\">www.ceteristours.com</a>, All rights reserved.</em></div>\r\n						</center>\r\n						</td>\r\n					</tr>\r\n				</tbody>\r\n			</table>\r\n			</td>\r\n		</tr>\r\n	</tbody>\r\n</table>\r\n</center>\r\n</div>\r\n</body>\r\n</html>\r\n', '2019-04-18 14:22:13', '2019-04-18 14:22:13', NULL, NULL, 0, 1, 0, NULL, NULL, NULL),
(19, 1, 1, 1, 'Emails', '<!DOCTYPE HTML PUBLIC \"-//W3C//DTD HTML 4.01//EN\" \"http://www.w3.org/TR/html4/strict.dtd\">\r\n<html>\r\n<head>\r\n	<title></title>\r\n</head>\r\n<body class=\"scayt-enabled\">\r\n<div>\r\n<center>\r\n<table border=\"0\" cellpadding=\"0\" cellspacing=\"0\" class=\"borderGrey\" width=\"600px\">\r\n	<tbody>\r\n		<tr style=\"height:50px;\">\r\n			<td colspan=\"6\" style=\"border-top: 1px solid #ddd; font-family: Helvetica,Verdana,sans-serif\">Madame, Monsieur,<br />\r\n			<br />\r\n			Merci de trouver en pièce jointe la facture relative à votre billet d\'avion.<br />\r\n			<br />\r\n			Nous restons à votre disposition pour tout complément d\'information.<br />\r\n			<br />\r\n			Cordialement<br />\r\n			<br />\r\n			--------------------------------------------------------------------------------------<br />\r\n			$logo$<br />\r\n			$organizationname$<br />\r\n			<br />\r\n			&nbsp;</td>\r\n		</tr>\r\n		<tr>\r\n			<td colspan=\"6\" style=\"font-family: Helvetica,Verdana,sans-serif;font-size: 11px;color: #666666;\">\r\n			<table border=\"0\" cellpadding=\"4\" cellspacing=\"0\" width=\"100%\">\r\n				<tbody>\r\n					<tr>\r\n						<td colspan=\"2\" id=\"social\" valign=\"middle\">\r\n						<center></center>\r\n						</td>\r\n					</tr>\r\n					<!--copy right data-->\r\n					<tr>\r\n						<td valign=\"top\" width=\"350px\">\r\n						<center>\r\n						<div><em>Copyright © 2019 <a href=\"http://www.ceteristours.com\" target=\"_blank\">www.ceteristours.com</a>, All rights reserved.</em></div>\r\n						</center>\r\n						</td>\r\n					</tr>\r\n				</tbody>\r\n			</table>\r\n			</td>\r\n		</tr>\r\n	</tbody>\r\n</table>\r\n</center>\r\n</div>\r\n</body>\r\n</html>\r\n', '2019-04-18 14:23:53', '2019-04-18 14:23:53', NULL, NULL, 0, 1, 0, 0, 'CRM', '$companydetails-organizationname$ - Votre facture '),
(20, 1, 1, 0, 'Emails Attachment', '<!DOCTYPE HTML PUBLIC \"-//W3C//DTD HTML 4.01//EN\" \"http://www.w3.org/TR/html4/strict.dtd\">\r\n<html>\r\n<head>\r\n	<title></title>\r\n</head>\r\n<body class=\"scayt-enabled\">\r\n<div>\r\n<center>\r\n<table border=\"0\" cellpadding=\"0\" cellspacing=\"0\" class=\"borderGrey\" width=\"600px\">\r\n	<tbody>\r\n		<tr style=\"height:50px;\">\r\n			<td colspan=\"6\" style=\"border-top: 1px solid #ddd; font-family: Helvetica,Verdana,sans-serif\">Madame, Monsieur,<br />\r\n			<br />\r\n			Merci de trouver en pièce jointe la facture relative à votre billet d\'avion.<br />\r\n			<br />\r\n			Nous restons à votre disposition pour tout complément d\'information.<br />\r\n			<br />\r\n			Cordialement<br />\r\n			<br />\r\n			--------------------------------------------------------------------------------------<br />\r\n			$logo$<br />\r\n			$organizationname$<br />\r\n			<br />\r\n			 </td>\r\n		</tr>\r\n		<tr>\r\n			<td colspan=\"6\" style=\"font-family: Helvetica,Verdana,sans-serif;font-size: 11px;color: #666666;\">\r\n			<table border=\"0\" cellpadding=\"4\" cellspacing=\"0\" width=\"100%\">\r\n				<tbody>\r\n					<tr>\r\n						<td colspan=\"2\" id=\"social\" valign=\"middle\">\r\n						<center></center>\r\n						</td>\r\n					</tr>\r\n					<!--copy right data-->\r\n					<tr>\r\n						<td valign=\"top\" width=\"350px\">\r\n						<center>\r\n						<div><em>Copyright © 2019 <a href=\"http://www.ceteristours.com\" target=\"_blank\">www.ceteristours.com</a>, All rights reserved.</em></div>\r\n						</center>\r\n						</td>\r\n					</tr>\r\n				</tbody>\r\n			</table>\r\n			</td>\r\n		</tr>\r\n	</tbody>\r\n</table>\r\n</center>\r\n</div>\r\n</body>\r\n</html>\r\n', '2019-04-18 14:23:54', '2019-04-18 14:23:54', NULL, NULL, 0, 1, 0, NULL, NULL, NULL),
(21, 1, 1, 1, 'Emails', '<!DOCTYPE HTML PUBLIC \"-//W3C//DTD HTML 4.01//EN\" \"http://www.w3.org/TR/html4/strict.dtd\">\r\n<html>\r\n<head>\r\n	<title></title>\r\n</head>\r\n<body class=\"scayt-enabled\">\r\n<div>\r\n<center>\r\n<table border=\"0\" cellpadding=\"0\" cellspacing=\"0\" class=\"borderGrey\" width=\"600px\">\r\n	<tbody>\r\n		<tr style=\"height:50px;\">\r\n			<td colspan=\"6\" style=\"border-top: 1px solid #ddd; font-family: Helvetica,Verdana,sans-serif\">Madame, Monsieur,<br />\r\n			<br />\r\n			Merci de trouver en pièce jointe la facture relative à votre billet d\'avion.<br />\r\n			<br />\r\n			Nous restons à votre disposition pour tout complément d\'information.<br />\r\n			<br />\r\n			Cordialement<br />\r\n			<br />\r\n			--------------------------------------------------------------------------------------<br />\r\n			$logo$<br />\r\n			$companydetails-organizationname$<br />\r\n			$company$<br />\r\n			$organizationname$<br />\r\n			$organization$<br />\r\n			<br />\r\n			<br />\r\n			&nbsp;</td>\r\n		</tr>\r\n		<tr>\r\n			<td colspan=\"6\" style=\"font-family: Helvetica,Verdana,sans-serif;font-size: 11px;color: #666666;\">\r\n			<table border=\"0\" cellpadding=\"4\" cellspacing=\"0\" width=\"100%\">\r\n				<tbody>\r\n					<tr>\r\n						<td colspan=\"2\" id=\"social\" valign=\"middle\">\r\n						<center></center>\r\n						</td>\r\n					</tr>\r\n					<!--copy right data-->\r\n					<tr>\r\n						<td valign=\"top\" width=\"350px\">\r\n						<center>\r\n						<div><em>Copyright © 2019 <a href=\"http://www.ceteristours.com\" target=\"_blank\">www.ceteristours.com</a>, All rights reserved.</em></div>\r\n						</center>\r\n						</td>\r\n					</tr>\r\n				</tbody>\r\n			</table>\r\n			</td>\r\n		</tr>\r\n	</tbody>\r\n</table>\r\n</center>\r\n</div>\r\n</body>\r\n</html>\r\n', '2019-04-18 14:28:22', '2019-04-18 14:28:22', NULL, NULL, 0, 1, 0, 0, 'CRM', 'Votre facture'),
(22, 1, 1, 0, 'Emails Attachment', '<!DOCTYPE HTML PUBLIC \"-//W3C//DTD HTML 4.01//EN\" \"http://www.w3.org/TR/html4/strict.dtd\">\r\n<html>\r\n<head>\r\n	<title></title>\r\n</head>\r\n<body class=\"scayt-enabled\">\r\n<div>\r\n<center>\r\n<table border=\"0\" cellpadding=\"0\" cellspacing=\"0\" class=\"borderGrey\" width=\"600px\">\r\n	<tbody>\r\n		<tr style=\"height:50px;\">\r\n			<td colspan=\"6\" style=\"border-top: 1px solid #ddd; font-family: Helvetica,Verdana,sans-serif\">Madame, Monsieur,<br />\r\n			<br />\r\n			Merci de trouver en pièce jointe la facture relative à votre billet d\'avion.<br />\r\n			<br />\r\n			Nous restons à votre disposition pour tout complément d\'information.<br />\r\n			<br />\r\n			Cordialement<br />\r\n			<br />\r\n			--------------------------------------------------------------------------------------<br />\r\n			$logo$<br />\r\n			$companydetails-organizationname$<br />\r\n			$company$<br />\r\n			$organizationname$<br />\r\n			$organization$<br />\r\n			<br />\r\n			<br />\r\n			 </td>\r\n		</tr>\r\n		<tr>\r\n			<td colspan=\"6\" style=\"font-family: Helvetica,Verdana,sans-serif;font-size: 11px;color: #666666;\">\r\n			<table border=\"0\" cellpadding=\"4\" cellspacing=\"0\" width=\"100%\">\r\n				<tbody>\r\n					<tr>\r\n						<td colspan=\"2\" id=\"social\" valign=\"middle\">\r\n						<center></center>\r\n						</td>\r\n					</tr>\r\n					<!--copy right data-->\r\n					<tr>\r\n						<td valign=\"top\" width=\"350px\">\r\n						<center>\r\n						<div><em>Copyright © 2019 <a href=\"http://www.ceteristours.com\" target=\"_blank\">www.ceteristours.com</a>, All rights reserved.</em></div>\r\n						</center>\r\n						</td>\r\n					</tr>\r\n				</tbody>\r\n			</table>\r\n			</td>\r\n		</tr>\r\n	</tbody>\r\n</table>\r\n</center>\r\n</div>\r\n</body>\r\n</html>\r\n', '2019-04-18 14:28:22', '2019-04-18 14:28:22', NULL, NULL, 0, 1, 0, NULL, NULL, NULL),
(23, 1, 1, 1, 'Emails', '<!DOCTYPE HTML PUBLIC \"-//W3C//DTD HTML 4.01//EN\" \"http://www.w3.org/TR/html4/strict.dtd\">\r\n<html>\r\n<head>\r\n	<title></title>\r\n</head>\r\n<body class=\"scayt-enabled\">\r\n<div>\r\n<center>\r\n<table border=\"0\" cellpadding=\"0\" cellspacing=\"0\" class=\"borderGrey\" width=\"600px\">\r\n	<tbody>\r\n		<tr style=\"height:50px;\">\r\n			<td colspan=\"6\" style=\"border-top: 1px solid #ddd; font-family: Helvetica,Verdana,sans-serif\">Madame, Monsieur,<br />\r\n			<br />\r\n			Merci de trouver en pièce jointe la facture relative à votre billet d\'avion.<br />\r\n			<br />\r\n			Nous restons à votre disposition pour tout complément d\'information.<br />\r\n			<br />\r\n			Cordialement<br />\r\n			<br />\r\n			--------------------------------------------------------------------------------------<br />\r\n			$logo$<br />\r\n			$companydetails-organizationname$<br />\r\n			$company$<br />\r\n			$organizationname$<br />\r\n			$organization$<br />\r\n			<br />\r\n			<br />\r\n			&nbsp;</td>\r\n		</tr>\r\n		<tr>\r\n			<td colspan=\"6\" style=\"font-family: Helvetica,Verdana,sans-serif;font-size: 11px;color: #666666;\">\r\n			<table border=\"0\" cellpadding=\"4\" cellspacing=\"0\" width=\"100%\">\r\n				<tbody>\r\n					<tr>\r\n						<td colspan=\"2\" id=\"social\" valign=\"middle\">\r\n						<center></center>\r\n						</td>\r\n					</tr>\r\n					<!--copy right data-->\r\n					<tr>\r\n						<td valign=\"top\" width=\"350px\">\r\n						<center>\r\n						<div><em>Copyright © 2019 <a href=\"http://www.ceteristours.com\" target=\"_blank\">www.ceteristours.com</a>, All rights reserved.</em></div>\r\n						</center>\r\n						</td>\r\n					</tr>\r\n				</tbody>\r\n			</table>\r\n			</td>\r\n		</tr>\r\n	</tbody>\r\n</table>\r\n</center>\r\n</div>\r\n</body>\r\n</html>\r\n', '2019-04-18 14:29:24', '2019-04-18 14:29:24', NULL, NULL, 0, 1, 0, 0, 'CRM', 'Votre facture'),
(24, 1, 1, 0, 'Emails Attachment', '<!DOCTYPE HTML PUBLIC \"-//W3C//DTD HTML 4.01//EN\" \"http://www.w3.org/TR/html4/strict.dtd\">\r\n<html>\r\n<head>\r\n	<title></title>\r\n</head>\r\n<body class=\"scayt-enabled\">\r\n<div>\r\n<center>\r\n<table border=\"0\" cellpadding=\"0\" cellspacing=\"0\" class=\"borderGrey\" width=\"600px\">\r\n	<tbody>\r\n		<tr style=\"height:50px;\">\r\n			<td colspan=\"6\" style=\"border-top: 1px solid #ddd; font-family: Helvetica,Verdana,sans-serif\">Madame, Monsieur,<br />\r\n			<br />\r\n			Merci de trouver en pièce jointe la facture relative à votre billet d\'avion.<br />\r\n			<br />\r\n			Nous restons à votre disposition pour tout complément d\'information.<br />\r\n			<br />\r\n			Cordialement<br />\r\n			<br />\r\n			--------------------------------------------------------------------------------------<br />\r\n			$logo$<br />\r\n			$companydetails-organizationname$<br />\r\n			$company$<br />\r\n			$organizationname$<br />\r\n			$organization$<br />\r\n			<br />\r\n			<br />\r\n			 </td>\r\n		</tr>\r\n		<tr>\r\n			<td colspan=\"6\" style=\"font-family: Helvetica,Verdana,sans-serif;font-size: 11px;color: #666666;\">\r\n			<table border=\"0\" cellpadding=\"4\" cellspacing=\"0\" width=\"100%\">\r\n				<tbody>\r\n					<tr>\r\n						<td colspan=\"2\" id=\"social\" valign=\"middle\">\r\n						<center></center>\r\n						</td>\r\n					</tr>\r\n					<!--copy right data-->\r\n					<tr>\r\n						<td valign=\"top\" width=\"350px\">\r\n						<center>\r\n						<div><em>Copyright © 2019 <a href=\"http://www.ceteristours.com\" target=\"_blank\">www.ceteristours.com</a>, All rights reserved.</em></div>\r\n						</center>\r\n						</td>\r\n					</tr>\r\n				</tbody>\r\n			</table>\r\n			</td>\r\n		</tr>\r\n	</tbody>\r\n</table>\r\n</center>\r\n</div>\r\n</body>\r\n</html>\r\n', '2019-04-18 14:29:24', '2019-04-18 14:29:24', NULL, NULL, 0, 1, 0, NULL, NULL, NULL),
(25, 1, 1, 1, 'Emails', '<!DOCTYPE HTML PUBLIC \"-//W3C//DTD HTML 4.01//EN\" \"http://www.w3.org/TR/html4/strict.dtd\">\r\n<html>\r\n<head>\r\n	<title></title>\r\n</head>\r\n<body class=\"scayt-enabled\">\r\n<div>\r\n<center>\r\n<table border=\"0\" cellpadding=\"0\" cellspacing=\"0\" class=\"borderGrey\" width=\"600px\">\r\n	<tbody>\r\n		<tr style=\"height:50px;\">\r\n			<td colspan=\"6\" style=\"border-top: 1px solid #ddd; font-family: Helvetica,Verdana,sans-serif\">Madame, Monsieur,<br />\r\n			<br />\r\n			Merci de trouver en pièce jointe votre recu de paiement.<br />\r\n			<br />\r\n			Nous restons à votre disposition pour tout complément d\'information.<br />\r\n			<br />\r\n			Cordialement<br />\r\n			<br />\r\n			$logo$<br />\r\n			<br />\r\n			$companydetails-organizationname$<br />\r\n			$companydetails-address$</td>\r\n		</tr>\r\n	</tbody>\r\n</table>\r\n</center>\r\n</div>\r\n</body>\r\n</html>\r\n', '2019-04-18 14:35:27', '2019-04-18 14:35:27', NULL, NULL, 0, 1, 0, 0, 'CRM', 'Votre reçu de paiement'),
(26, 1, 1, 0, 'Emails Attachment', '<!DOCTYPE HTML PUBLIC \"-//W3C//DTD HTML 4.01//EN\" \"http://www.w3.org/TR/html4/strict.dtd\">\r\n<html>\r\n<head>\r\n	<title></title>\r\n</head>\r\n<body class=\"scayt-enabled\">\r\n<div>\r\n<center>\r\n<table border=\"0\" cellpadding=\"0\" cellspacing=\"0\" class=\"borderGrey\" width=\"600px\">\r\n	<tbody>\r\n		<tr style=\"height:50px;\">\r\n			<td colspan=\"6\" style=\"border-top: 1px solid #ddd; font-family: Helvetica,Verdana,sans-serif\">Madame, Monsieur,<br />\r\n			<br />\r\n			Merci de trouver en pièce jointe votre recu de paiement.<br />\r\n			<br />\r\n			Nous restons à votre disposition pour tout complément d\'information.<br />\r\n			<br />\r\n			Cordialement<br />\r\n			<br />\r\n			$logo$<br />\r\n			<br />\r\n			$companydetails-organizationname$<br />\r\n			$companydetails-address$</td>\r\n		</tr>\r\n	</tbody>\r\n</table>\r\n</center>\r\n</div>\r\n</body>\r\n</html>\r\n', '2019-04-18 14:35:27', '2019-04-18 14:35:27', NULL, NULL, 0, 1, 0, NULL, NULL, NULL),
(30, 1, 1, 1, 'Emails', '<!DOCTYPE HTML PUBLIC \"-//W3C//DTD HTML 4.01//EN\" \"http://www.w3.org/TR/html4/strict.dtd\">\r\n<html>\r\n<head>\r\n	<title></title>\r\n</head>\r\n<body class=\"scayt-enabled\">\r\n<div>\r\n<center>\r\n<table border=\"0\" cellpadding=\"0\" cellspacing=\"0\" class=\"borderGrey\" width=\"600px\">\r\n	<tbody>\r\n		<tr style=\"height:50px;\">\r\n			<td colspan=\"6\" style=\"border-top: 1px solid #ddd; font-family: Helvetica,Verdana,sans-serif\">Madame, Monsieur,<br />\r\n			<br />\r\n			Merci de trouver en pièce jointe la facture relative à votre billet d\'avion.<br />\r\n			<br />\r\n			Nous restons à votre disposition pour tout complément d\'information.<br />\r\n			<br />\r\n			Cordialement<br />\r\n			<br />\r\n			--------------------------------------------------------------------------------------<br />\r\n			$logo$<br />\r\n			&nbsp;</td>\r\n		</tr>\r\n	</tbody>\r\n</table>\r\n</center>\r\n</div>\r\n</body>\r\n</html>\r\n', '2019-04-18 19:30:14', '2019-04-18 19:30:14', NULL, NULL, 0, 1, 0, 0, 'CRM', 'Votre facture '),
(31, 1, 1, 0, 'Emails Attachment', '<!DOCTYPE HTML PUBLIC \"-//W3C//DTD HTML 4.01//EN\" \"http://www.w3.org/TR/html4/strict.dtd\">\r\n<html>\r\n<head>\r\n	<title></title>\r\n</head>\r\n<body class=\"scayt-enabled\">\r\n<div>\r\n<center>\r\n<table border=\"0\" cellpadding=\"0\" cellspacing=\"0\" class=\"borderGrey\" width=\"600px\">\r\n	<tbody>\r\n		<tr style=\"height:50px;\">\r\n			<td colspan=\"6\" style=\"border-top: 1px solid #ddd; font-family: Helvetica,Verdana,sans-serif\">Madame, Monsieur,<br />\r\n			<br />\r\n			Merci de trouver en pièce jointe la facture relative à votre billet d\'avion.<br />\r\n			<br />\r\n			Nous restons à votre disposition pour tout complément d\'information.<br />\r\n			<br />\r\n			Cordialement<br />\r\n			<br />\r\n			--------------------------------------------------------------------------------------<br />\r\n			$logo$<br />\r\n			 </td>\r\n		</tr>\r\n	</tbody>\r\n</table>\r\n</center>\r\n</div>\r\n</body>\r\n</html>\r\n', '2019-04-18 19:30:14', '2019-04-18 19:30:14', NULL, NULL, 0, 1, 0, NULL, NULL, NULL),
(32, 1, 1, 1, 'Emails', '<!DOCTYPE HTML PUBLIC \"-//W3C//DTD HTML 4.01//EN\" \"http://www.w3.org/TR/html4/strict.dtd\">\r\n<html>\r\n<head>\r\n	<title></title>\r\n</head>\r\n<body class=\"scayt-enabled\">\r\n<div>\r\n<center>\r\n<table border=\"0\" cellpadding=\"0\" cellspacing=\"0\" class=\"borderGrey\" width=\"600px\">\r\n	<tbody>\r\n		<tr style=\"height:50px;\">\r\n			<td colspan=\"6\" style=\"border-top: 1px solid #ddd; font-family: Helvetica,Verdana,sans-serif\">Madame, Monsieur,<br />\r\n			<br />\r\n			Merci de trouver en pièce jointe la facture relative à votre billet d\'avion.<br />\r\n			<br />\r\n			Nous restons à votre disposition pour tout complément d\'information.<br />\r\n			<br />\r\n			Cordialement<br />\r\n			<br />\r\n			--------------------------------------------------------------------------------------<br />\r\n			$logo$<br />\r\n			<br />\r\n			$companydetails-organizationname$<br />\r\n			<br />\r\n			$companydetails-country$<br />\r\n			<br />\r\n			$custom-currentdate$<br />\r\n			<br />\r\n			<br />\r\n			&nbsp;</td>\r\n		</tr>\r\n	</tbody>\r\n</table>\r\n</center>\r\n</div>\r\n</body>\r\n</html>\r\n', '2019-04-18 19:36:23', '2019-04-18 19:36:23', NULL, NULL, 0, 1, 0, 0, 'CRM', '$companydetails-organizationname$ - Votre facture '),
(33, 1, 1, 0, 'Emails Attachment', '<!DOCTYPE HTML PUBLIC \"-//W3C//DTD HTML 4.01//EN\" \"http://www.w3.org/TR/html4/strict.dtd\">\r\n<html>\r\n<head>\r\n	<title></title>\r\n</head>\r\n<body class=\"scayt-enabled\">\r\n<div>\r\n<center>\r\n<table border=\"0\" cellpadding=\"0\" cellspacing=\"0\" class=\"borderGrey\" width=\"600px\">\r\n	<tbody>\r\n		<tr style=\"height:50px;\">\r\n			<td colspan=\"6\" style=\"border-top: 1px solid #ddd; font-family: Helvetica,Verdana,sans-serif\">Madame, Monsieur,<br />\r\n			<br />\r\n			Merci de trouver en pièce jointe la facture relative à votre billet d\'avion.<br />\r\n			<br />\r\n			Nous restons à votre disposition pour tout complément d\'information.<br />\r\n			<br />\r\n			Cordialement<br />\r\n			<br />\r\n			--------------------------------------------------------------------------------------<br />\r\n			$logo$<br />\r\n			<br />\r\n			$companydetails-organizationname$<br />\r\n			<br />\r\n			$companydetails-country$<br />\r\n			<br />\r\n			$custom-currentdate$<br />\r\n			<br />\r\n			<br />\r\n			 </td>\r\n		</tr>\r\n	</tbody>\r\n</table>\r\n</center>\r\n</div>\r\n</body>\r\n</html>\r\n', '2019-04-18 19:36:23', '2019-04-18 19:36:23', NULL, NULL, 0, 1, 0, NULL, NULL, NULL),
(34, 1, 1, 1, 'Emails', '<!DOCTYPE HTML PUBLIC \"-//W3C//DTD HTML 4.01//EN\" \"http://www.w3.org/TR/html4/strict.dtd\">\r\n<html>\r\n<head>\r\n	<title></title>\r\n</head>\r\n<body class=\"scayt-enabled\">\r\n<div>\r\n<center>\r\n<table border=\"0\" cellpadding=\"0\" cellspacing=\"0\" class=\"borderGrey\" width=\"600px\">\r\n	<tbody>\r\n		<tr style=\"height:50px;\">\r\n			<td colspan=\"6\" style=\"border-top: 1px solid #ddd; font-family: Helvetica,Verdana,sans-serif\">Madame, Monsieur,<br />\r\n			<br />\r\n			Merci de trouver en pièce jointe la facture relative à votre billet d\'avion.<br />\r\n			<br />\r\n			Nous restons à votre disposition pour tout complément d\'information.<br />\r\n			<br />\r\n			Cordialement<br />\r\n			<br />\r\n			--------------------------------------------------------------------------------------<br />\r\n			$logo$<br />\r\n			<br />\r\n			$organizationname$<br />\r\n			<br />\r\n			$companydetailscountry$<br />\r\n			<br />\r\n			$custom-currentdate$<br />\r\n			<br />\r\n			<br />\r\n			&nbsp;</td>\r\n		</tr>\r\n	</tbody>\r\n</table>\r\n</center>\r\n</div>\r\n</body>\r\n</html>\r\n', '2019-04-18 19:37:49', '2019-04-18 19:37:49', NULL, NULL, 0, 1, 0, 0, 'CRM', '$companydetails-organizationname$ - Votre facture '),
(35, 1, 1, 0, 'Emails Attachment', '<!DOCTYPE HTML PUBLIC \"-//W3C//DTD HTML 4.01//EN\" \"http://www.w3.org/TR/html4/strict.dtd\">\r\n<html>\r\n<head>\r\n	<title></title>\r\n</head>\r\n<body class=\"scayt-enabled\">\r\n<div>\r\n<center>\r\n<table border=\"0\" cellpadding=\"0\" cellspacing=\"0\" class=\"borderGrey\" width=\"600px\">\r\n	<tbody>\r\n		<tr style=\"height:50px;\">\r\n			<td colspan=\"6\" style=\"border-top: 1px solid #ddd; font-family: Helvetica,Verdana,sans-serif\">Madame, Monsieur,<br />\r\n			<br />\r\n			Merci de trouver en pièce jointe la facture relative à votre billet d\'avion.<br />\r\n			<br />\r\n			Nous restons à votre disposition pour tout complément d\'information.<br />\r\n			<br />\r\n			Cordialement<br />\r\n			<br />\r\n			--------------------------------------------------------------------------------------<br />\r\n			$logo$<br />\r\n			<br />\r\n			$organizationname$<br />\r\n			<br />\r\n			$companydetailscountry$<br />\r\n			<br />\r\n			$custom-currentdate$<br />\r\n			<br />\r\n			<br />\r\n			 </td>\r\n		</tr>\r\n	</tbody>\r\n</table>\r\n</center>\r\n</div>\r\n</body>\r\n</html>\r\n', '2019-04-18 19:37:49', '2019-04-18 19:37:49', NULL, NULL, 0, 1, 0, NULL, NULL, NULL),
(74, 1, 1, 1, 'Accounts', '', '2019-04-28 22:07:26', '2019-04-28 22:07:26', NULL, NULL, 0, 1, 0, 0, 'CRM', 'CETERIS TOURS'),
(75, 1, 1, 1, 'Vendors', '', '2020-04-21 15:42:11', '2020-04-21 15:42:11', NULL, NULL, 0, 1, 0, 0, 'CRM', 'BSP IATA');

-- --------------------------------------------------------

--
-- Structure de la table `vtiger_crmentityrel`
--

CREATE TABLE `vtiger_crmentityrel` (
  `crmid` int(11) NOT NULL,
  `module` varchar(100) NOT NULL,
  `relcrmid` int(11) NOT NULL,
  `relmodule` varchar(100) NOT NULL
) ENGINE=InnoDB DEFAULT CHARSET=utf8;

--
-- Déchargement des données de la table `vtiger_crmentityrel`
--

INSERT INTO `vtiger_crmentityrel` (`crmid`, `module`, `relcrmid`, `relmodule`) VALUES
(12, 'Cashflow4You', 11, 'Invoice');

-- --------------------------------------------------------

--
-- Structure de la table `vtiger_crmentity_seq`
--

CREATE TABLE `vtiger_crmentity_seq` (
  `id` int(11) NOT NULL
) ENGINE=MyISAM DEFAULT CHARSET=utf8;

--
-- Déchargement des données de la table `vtiger_crmentity_seq`
--

INSERT INTO `vtiger_crmentity_seq` (`id`) VALUES
(75);

-- --------------------------------------------------------

--
-- Structure de la table `vtiger_crmentity_user_field`
--

CREATE TABLE `vtiger_crmentity_user_field` (
  `recordid` int(19) NOT NULL,
  `userid` int(19) NOT NULL,
  `starred` varchar(100) DEFAULT NULL
) ENGINE=InnoDB DEFAULT CHARSET=utf8;

--
-- Déchargement des données de la table `vtiger_crmentity_user_field`
--

INSERT INTO `vtiger_crmentity_user_field` (`recordid`, `userid`, `starred`) VALUES
(2, 1, '0'),
(4, 1, '0'),
(13, 1, '0'),
(15, 1, '0'),
(17, 1, '0'),
(19, 1, '0'),
(21, 1, '0'),
(23, 1, '0'),
(25, 1, '0'),
(30, 1, '0'),
(32, 1, '0'),
(34, 1, '0'),
(74, 1, '0'),
(75, 1, '0');

-- --------------------------------------------------------

--
-- Structure de la table `vtiger_crmsetup`
--

CREATE TABLE `vtiger_crmsetup` (
  `userid` int(11) DEFAULT NULL,
  `setup_status` int(2) DEFAULT NULL
) ENGINE=InnoDB DEFAULT CHARSET=utf8;

--
-- Déchargement des données de la table `vtiger_crmsetup`
--

INSERT INTO `vtiger_crmsetup` (`userid`, `setup_status`) VALUES
(1, 1),
(6, 1);

-- --------------------------------------------------------

--
-- Structure de la table `vtiger_cron_task`
--

CREATE TABLE `vtiger_cron_task` (
  `id` int(11) NOT NULL,
  `name` varchar(100) DEFAULT NULL,
  `handler_file` varchar(100) DEFAULT NULL,
  `frequency` int(11) DEFAULT NULL,
  `laststart` int(11) UNSIGNED DEFAULT NULL,
  `lastend` int(11) UNSIGNED DEFAULT NULL,
  `status` int(11) DEFAULT NULL,
  `module` varchar(100) DEFAULT NULL,
  `sequence` int(11) DEFAULT NULL,
  `description` text DEFAULT NULL
) ENGINE=InnoDB DEFAULT CHARSET=utf8;

--
-- Déchargement des données de la table `vtiger_cron_task`
--

INSERT INTO `vtiger_cron_task` (`id`, `name`, `handler_file`, `frequency`, `laststart`, `lastend`, `status`, `module`, `sequence`, `description`) VALUES
(1, 'Workflow', 'cron/modules/com_vtiger_workflow/com_vtiger_workflow.service', 900, 1572606007, 1572606007, 1, 'com_vtiger_workflow', 1, 'Recommended frequency for Workflow is 15 mins'),
(2, 'RecurringInvoice', 'cron/modules/SalesOrder/RecurringInvoice.service', 43200, 1572589804, 1572589804, 1, 'SalesOrder', 2, 'Recommended frequency for RecurringInvoice is 12 hours'),
(3, 'SendReminder', 'cron/SendReminder.service', 900, 1572606007, 1572606007, 1, 'Calendar', 3, 'Recommended frequency for SendReminder is 15 mins'),
(5, 'MailScanner', 'cron/MailScanner.service', 900, 1572606007, 1572606007, 1, 'Settings', 5, 'Recommended frequency for MailScanner is 15 mins'),
(6, 'Scheduled Import', 'cron/modules/Import/ScheduledImport.service', 900, NULL, NULL, 0, 'Import', 6, 'Recommended frequency for MailScanner is 15 mins'),
(7, 'ScheduleReports', 'cron/modules/Reports/ScheduleReports.service', 900, 1572606007, 1572606007, 1, 'Reports', 7, 'Recommended frequency for ScheduleReports is 15 mins'),
(8, 'EMAILMaker - Birthday email', 'modules/EMAILMaker/cron/BirthdayEmail.service', 86400, NULL, NULL, 0, 'EMAILMaker', 8, 'Send email template with name \"BIRTHDAY_EMAIL_CRON\" to all contacts having birthday.'),
(9, 'EMAILMaker - Send emails', 'modules/EMAILMaker/cron/SendEmails.service', 900, 1572606007, 1572606007, 1, 'EMAILMaker', 9, '');

-- --------------------------------------------------------

--
-- Structure de la table `vtiger_currencies`
--

CREATE TABLE `vtiger_currencies` (
  `currencyid` int(19) NOT NULL,
  `currency_name` varchar(200) DEFAULT NULL,
  `currency_code` varchar(50) DEFAULT NULL,
  `currency_symbol` varchar(11) DEFAULT NULL
) ENGINE=InnoDB DEFAULT CHARSET=utf8;

--
-- Déchargement des données de la table `vtiger_currencies`
--

INSERT INTO `vtiger_currencies` (`currencyid`, `currency_name`, `currency_code`, `currency_symbol`) VALUES
(1, 'Albania, Leke', 'ALL', 'Lek'),
(2, 'Argentina, Pesos', 'ARS', '$'),
(3, 'Aruba, Guilders', 'AWG', 'ƒ'),
(4, 'Australia, Dollars', 'AUD', '$'),
(5, 'Azerbaijan, New Manats', 'AZN', 'ман'),
(6, 'Bahamas, Dollars', 'BSD', '$'),
(7, 'Bahrain, Dinar', 'BHD', 'BD'),
(8, 'Barbados, Dollars', 'BBD', '$'),
(9, 'Belarus, Rubles', 'BYR', 'p.'),
(10, 'Belize, Dollars', 'BZD', 'BZ$'),
(11, 'Bermuda, Dollars', 'BMD', '$'),
(12, 'Bolivia, Bolivianos', 'BOB', '$b'),
(13, 'China, Yuan Renminbi', 'CNY', '¥'),
(14, 'Convertible Marka', 'BAM', 'KM'),
(15, 'Botswana, Pulas', 'BWP', 'P'),
(16, 'Bulgaria, Leva', 'BGN', 'лв'),
(17, 'Brazil, Reais', 'BRL', 'R$'),
(18, 'Great Britain Pounds', 'GBP', '£'),
(19, 'Brunei Darussalam, Dollars', 'BND', '$'),
(20, 'Canada, Dollars', 'CAD', '$'),
(21, 'Cayman Islands, Dollars', 'KYD', '$'),
(22, 'Chile, Pesos', 'CLP', '$'),
(23, 'Colombia, Pesos', 'COP', '$'),
(24, 'Costa Rica, Colón', 'CRC', '₡'),
(25, 'Croatia, Kuna', 'HRK', 'kn'),
(26, 'Cuba, Pesos', 'CUP', '₱'),
(27, 'Czech Republic, Koruny', 'CZK', 'Kč'),
(28, 'Cyprus, Pounds', 'CYP', '£'),
(29, 'Denmark, Kroner', 'DKK', 'kr'),
(30, 'Dominican Republic, Pesos', 'DOP', 'RD$'),
(31, 'East Caribbean, Dollars', 'XCD', '$'),
(32, 'Egypt, Pounds', 'EGP', 'E£'),
(33, 'El Salvador, Colón', 'SVC', '₡'),
(34, 'England, Pounds', 'GBP', '£'),
(35, 'Estonia, Krooni', 'EEK', 'kr'),
(36, 'Euro', 'EUR', '€'),
(37, 'Falkland Islands, Pounds', 'FKP', '£'),
(38, 'Fiji, Dollars', 'FJD', '$'),
(39, 'Ghana, Cedis', 'GHC', '¢'),
(40, 'Gibraltar, Pounds', 'GIP', '£'),
(41, 'Guatemala, Quetzales', 'GTQ', 'Q'),
(42, 'Guernsey, Pounds', 'GGP', '£'),
(43, 'Guyana, Dollars', 'GYD', '$'),
(44, 'Honduras, Lempiras', 'HNL', 'L'),
(45, 'Hong Kong, Dollars', 'HKD', 'HK$'),
(46, 'Hungary, Forint', 'HUF', 'Ft'),
(47, 'Iceland, Krona', 'ISK', 'kr'),
(48, 'India, Rupees', 'INR', '₹'),
(49, 'Indonesia, Rupiahs', 'IDR', 'Rp'),
(50, 'Iran, Rials', 'IRR', '﷼'),
(51, 'Isle of Man, Pounds', 'IMP', '£'),
(52, 'Israel, New Shekels', 'ILS', '₪'),
(53, 'Jamaica, Dollars', 'JMD', 'J$'),
(54, 'Japan, Yen', 'JPY', '¥'),
(55, 'Jersey, Pounds', 'JEP', '£'),
(56, 'Jordan, Dinar', 'JOD', 'JOD'),
(57, 'Kazakhstan, Tenge', 'KZT', '〒'),
(58, 'Kenya, Shilling', 'KES', 'KES'),
(59, 'Korea (North), Won', 'KPW', '₩'),
(60, 'Korea (South), Won', 'KRW', '₩'),
(61, 'Kuwait, Dinar', 'KWD', 'KWD'),
(62, 'Kyrgyzstan, Soms', 'KGS', 'лв'),
(63, 'Laos, Kips', 'LAK', '₭'),
(64, 'Latvia, Lati', 'LVL', 'Ls'),
(65, 'Lebanon, Pounds', 'LBP', '£'),
(66, 'Liberia, Dollars', 'LRD', '$'),
(67, 'Switzerland Francs', 'CHF', 'CHF'),
(68, 'Lithuania, Litai', 'LTL', 'Lt'),
(69, 'MADAGASCAR, Malagasy Ariary', 'MGA', 'MGA'),
(70, 'Macedonia, Denars', 'MKD', 'ден'),
(71, 'Malaysia, Ringgits', 'MYR', 'RM'),
(72, 'Malta, Liri', 'MTL', '₤'),
(73, 'Mauritius, Rupees', 'MUR', '₨'),
(74, 'Mexico, Pesos', 'MXN', '$'),
(75, 'Mongolia, Tugriks', 'MNT', '₮'),
(76, 'Mozambique, Meticais', 'MZN', 'MT'),
(77, 'Namibia, Dollars', 'NAD', '$'),
(78, 'Nepal, Rupees', 'NPR', '₨'),
(79, 'Netherlands Antilles, Guilders', 'ANG', 'ƒ'),
(80, 'New Zealand, Dollars', 'NZD', '$'),
(81, 'Nicaragua, Cordobas', 'NIO', 'C$'),
(82, 'Nigeria, Nairas', 'NGN', '₦'),
(83, 'North Korea, Won', 'KPW', '₩'),
(84, 'Norway, Krone', 'NOK', 'kr'),
(85, 'Oman, Rials', 'OMR', '﷼'),
(86, 'Pakistan, Rupees', 'PKR', '₨'),
(87, 'Panama, Balboa', 'PAB', 'B/.'),
(88, 'Paraguay, Guarani', 'PYG', 'Gs'),
(89, 'Peru, Nuevos Soles', 'PEN', 'S/.'),
(90, 'Philippines, Pesos', 'PHP', 'Php'),
(91, 'Poland, Zlotych', 'PLN', 'zł'),
(92, 'Qatar, Rials', 'QAR', '﷼'),
(93, 'Romania, New Lei', 'RON', 'lei'),
(94, 'Russia, Rubles', 'RUB', 'руб'),
(95, 'Saint Helena, Pounds', 'SHP', '£'),
(96, 'Saudi Arabia, Riyals', 'SAR', '﷼'),
(97, 'Serbia, Dinars', 'RSD', 'Дин.'),
(98, 'Seychelles, Rupees', 'SCR', '₨'),
(99, 'Singapore, Dollars', 'SGD', '$'),
(100, 'Solomon Islands, Dollars', 'SBD', '$'),
(101, 'Somalia, Shillings', 'SOS', 'S'),
(102, 'South Africa, Rand', 'ZAR', 'R'),
(103, 'South Korea, Won', 'KRW', '₩'),
(104, 'Sri Lanka, Rupees', 'LKR', '₨'),
(105, 'Sweden, Kronor', 'SEK', 'kr'),
(106, 'Switzerland, Francs', 'CHF', 'CHF'),
(107, 'Suriname, Dollars', 'SRD', '$'),
(108, 'Syria, Pounds', 'SYP', '£'),
(109, 'Taiwan, New Dollars', 'TWD', 'NT$'),
(110, 'Thailand, Baht', 'THB', '฿'),
(111, 'Trinidad and Tobago, Dollars', 'TTD', 'TT$'),
(112, 'Turkey, New Lira', 'TRY', 'YTL'),
(113, 'Turkey, Liras', 'TRL', '₤'),
(114, 'Tuvalu, Dollars', 'TVD', '$'),
(115, 'Ukraine, Hryvnia', 'UAH', '₴'),
(116, 'United Arab Emirates, Dirham', 'AED', 'AED'),
(117, 'United Kingdom, Pounds', 'GBP', '£'),
(118, 'United Republic of Tanzania, Shilling', 'TZS', 'TZS'),
(119, 'USA, Dollars', 'USD', '$'),
(120, 'Uruguay, Pesos', 'UYU', '$U'),
(121, 'Uzbekistan, Sums', 'UZS', 'лв'),
(122, 'Venezuela, Bolivares Fuertes', 'VEF', 'Bs'),
(123, 'Vietnam, Dong', 'VND', '₫'),
(124, 'Zambia, Kwacha', 'ZMK', 'ZMK'),
(125, 'Yemen, Rials', 'YER', '﷼'),
(126, 'Zimbabwe Dollars', 'ZWD', 'Z$'),
(127, 'Malawi, Kwacha', 'MWK', 'MK'),
(128, 'Tunisian, Dinar', 'TD', 'TD'),
(129, 'Moroccan, Dirham', 'MAD', 'DH'),
(130, 'Iraqi Dinar', 'IQD', 'ID'),
(131, 'Maldivian Ruffiya', 'MVR', 'MVR'),
(132, 'Ugandan Shilling', 'UGX', 'Sh'),
(133, 'Sudanese Pound', 'SDG', '£'),
(134, 'FCFA', 'XOF', 'FCFA'),
(135, 'CFA Franc BEAC', 'XAF', 'CFA'),
(136, 'Haiti, Gourde', 'HTG', 'G'),
(137, 'Libya, Dinar', 'LYD', 'LYD'),
(138, 'CFP Franc', 'XPF', 'F');

-- --------------------------------------------------------

--
-- Structure de la table `vtiger_currencies_seq`
--

CREATE TABLE `vtiger_currencies_seq` (
  `id` int(11) NOT NULL
) ENGINE=MyISAM DEFAULT CHARSET=utf8;

--
-- Déchargement des données de la table `vtiger_currencies_seq`
--

INSERT INTO `vtiger_currencies_seq` (`id`) VALUES
(138);

-- --------------------------------------------------------

--
-- Structure de la table `vtiger_currency`
--

CREATE TABLE `vtiger_currency` (
  `currencyid` int(19) NOT NULL,
  `currency` varchar(200) NOT NULL,
  `sortorderid` int(19) NOT NULL DEFAULT 0,
  `presence` int(1) NOT NULL DEFAULT 1
) ENGINE=InnoDB DEFAULT CHARSET=utf8;

-- --------------------------------------------------------

--
-- Structure de la table `vtiger_currency_decimal_separator`
--

CREATE TABLE `vtiger_currency_decimal_separator` (
  `currency_decimal_separatorid` int(19) NOT NULL,
  `currency_decimal_separator` varchar(2) NOT NULL,
  `sortorderid` int(19) NOT NULL DEFAULT 0,
  `presence` int(1) NOT NULL DEFAULT 1
) ENGINE=InnoDB DEFAULT CHARSET=utf8;

--
-- Déchargement des données de la table `vtiger_currency_decimal_separator`
--

INSERT INTO `vtiger_currency_decimal_separator` (`currency_decimal_separatorid`, `currency_decimal_separator`, `sortorderid`, `presence`) VALUES
(1, '.', 0, 1),
(2, ',', 1, 1),
(3, '\'', 2, 1),
(4, ' ', 3, 1),
(5, '$', 4, 1);

-- --------------------------------------------------------

--
-- Structure de la table `vtiger_currency_decimal_separator_seq`
--

CREATE TABLE `vtiger_currency_decimal_separator_seq` (
  `id` int(11) NOT NULL
) ENGINE=MyISAM DEFAULT CHARSET=utf8;

--
-- Déchargement des données de la table `vtiger_currency_decimal_separator_seq`
--

INSERT INTO `vtiger_currency_decimal_separator_seq` (`id`) VALUES
(5);

-- --------------------------------------------------------

--
-- Structure de la table `vtiger_currency_grouping_pattern`
--

CREATE TABLE `vtiger_currency_grouping_pattern` (
  `currency_grouping_patternid` int(19) NOT NULL,
  `currency_grouping_pattern` varchar(200) NOT NULL,
  `sortorderid` int(19) NOT NULL DEFAULT 0,
  `presence` int(1) NOT NULL DEFAULT 1
) ENGINE=InnoDB DEFAULT CHARSET=utf8;

--
-- Déchargement des données de la table `vtiger_currency_grouping_pattern`
--

INSERT INTO `vtiger_currency_grouping_pattern` (`currency_grouping_patternid`, `currency_grouping_pattern`, `sortorderid`, `presence`) VALUES
(1, '123,456,789', 0, 1),
(2, '123456789', 1, 1),
(3, '123456,789', 2, 1),
(4, '12,34,56,789', 3, 1);

-- --------------------------------------------------------

--
-- Structure de la table `vtiger_currency_grouping_pattern_seq`
--

CREATE TABLE `vtiger_currency_grouping_pattern_seq` (
  `id` int(11) NOT NULL
) ENGINE=MyISAM DEFAULT CHARSET=utf8;

--
-- Déchargement des données de la table `vtiger_currency_grouping_pattern_seq`
--

INSERT INTO `vtiger_currency_grouping_pattern_seq` (`id`) VALUES
(4);

-- --------------------------------------------------------

--
-- Structure de la table `vtiger_currency_grouping_separator`
--

CREATE TABLE `vtiger_currency_grouping_separator` (
  `currency_grouping_separatorid` int(19) NOT NULL,
  `currency_grouping_separator` varchar(2) NOT NULL,
  `sortorderid` int(19) NOT NULL DEFAULT 0,
  `presence` int(1) NOT NULL DEFAULT 1
) ENGINE=InnoDB DEFAULT CHARSET=utf8;

--
-- Déchargement des données de la table `vtiger_currency_grouping_separator`
--

INSERT INTO `vtiger_currency_grouping_separator` (`currency_grouping_separatorid`, `currency_grouping_separator`, `sortorderid`, `presence`) VALUES
(1, ',', 0, 1),
(2, '.', 1, 1),
(3, '\'', 2, 1),
(4, ' ', 3, 1),
(5, '$', 4, 1);

-- --------------------------------------------------------

--
-- Structure de la table `vtiger_currency_grouping_separator_seq`
--

CREATE TABLE `vtiger_currency_grouping_separator_seq` (
  `id` int(11) NOT NULL
) ENGINE=MyISAM DEFAULT CHARSET=utf8;

--
-- Déchargement des données de la table `vtiger_currency_grouping_separator_seq`
--

INSERT INTO `vtiger_currency_grouping_separator_seq` (`id`) VALUES
(5);

-- --------------------------------------------------------

--
-- Structure de la table `vtiger_currency_info`
--

CREATE TABLE `vtiger_currency_info` (
  `id` int(11) NOT NULL,
  `currency_name` varchar(100) DEFAULT NULL,
  `currency_code` varchar(100) DEFAULT NULL,
  `currency_symbol` varchar(30) DEFAULT NULL,
  `conversion_rate` decimal(12,5) DEFAULT NULL,
  `currency_status` varchar(25) DEFAULT NULL,
  `defaultid` varchar(10) NOT NULL DEFAULT '0',
  `deleted` int(1) NOT NULL DEFAULT 0
) ENGINE=InnoDB DEFAULT CHARSET=utf8;

--
-- Déchargement des données de la table `vtiger_currency_info`
--

INSERT INTO `vtiger_currency_info` (`id`, `currency_name`, `currency_code`, `currency_symbol`, `conversion_rate`, `currency_status`, `defaultid`, `deleted`) VALUES
(1, 'FCFA', 'XOF', 'FCFA', 1.00000, 'Active', '-11', 0),
(2, 'Euro', 'EUR', '€', 1.00000, 'Active', '0', 0);

-- --------------------------------------------------------

--
-- Structure de la table `vtiger_currency_info_seq`
--

CREATE TABLE `vtiger_currency_info_seq` (
  `id` int(11) NOT NULL
) ENGINE=MyISAM DEFAULT CHARSET=utf8;

--
-- Déchargement des données de la table `vtiger_currency_info_seq`
--

INSERT INTO `vtiger_currency_info_seq` (`id`) VALUES
(2);

-- --------------------------------------------------------

--
-- Structure de la table `vtiger_currency_symbol_placement`
--

CREATE TABLE `vtiger_currency_symbol_placement` (
  `currency_symbol_placementid` int(19) NOT NULL,
  `currency_symbol_placement` varchar(30) NOT NULL,
  `sortorderid` int(19) NOT NULL DEFAULT 0,
  `presence` int(1) NOT NULL DEFAULT 1
) ENGINE=InnoDB DEFAULT CHARSET=utf8;

--
-- Déchargement des données de la table `vtiger_currency_symbol_placement`
--

INSERT INTO `vtiger_currency_symbol_placement` (`currency_symbol_placementid`, `currency_symbol_placement`, `sortorderid`, `presence`) VALUES
(1, '$1.0', 0, 1),
(2, '1.0$', 1, 1);

-- --------------------------------------------------------

--
-- Structure de la table `vtiger_currency_symbol_placement_seq`
--

CREATE TABLE `vtiger_currency_symbol_placement_seq` (
  `id` int(11) NOT NULL
) ENGINE=MyISAM DEFAULT CHARSET=utf8;

--
-- Déchargement des données de la table `vtiger_currency_symbol_placement_seq`
--

INSERT INTO `vtiger_currency_symbol_placement_seq` (`id`) VALUES
(2);

-- --------------------------------------------------------

--
-- Structure de la table `vtiger_customaction`
--

CREATE TABLE `vtiger_customaction` (
  `cvid` int(19) NOT NULL,
  `subject` varchar(250) NOT NULL,
  `module` varchar(50) NOT NULL,
  `content` text DEFAULT NULL
) ENGINE=InnoDB DEFAULT CHARSET=utf8;

-- --------------------------------------------------------

--
-- Structure de la table `vtiger_customerdetails`
--

CREATE TABLE `vtiger_customerdetails` (
  `customerid` int(19) NOT NULL,
  `portal` varchar(3) DEFAULT NULL,
  `support_start_date` date DEFAULT NULL,
  `support_end_date` date DEFAULT NULL
) ENGINE=InnoDB DEFAULT CHARSET=utf8;

-- --------------------------------------------------------

--
-- Structure de la table `vtiger_customerportal_fields`
--

CREATE TABLE `vtiger_customerportal_fields` (
  `tabid` int(19) NOT NULL,
  `fieldinfo` text DEFAULT NULL,
  `records_visible` int(1) DEFAULT NULL
) ENGINE=InnoDB DEFAULT CHARSET=utf8;

--
-- Déchargement des données de la table `vtiger_customerportal_fields`
--

INSERT INTO `vtiger_customerportal_fields` (`tabid`, `fieldinfo`, `records_visible`) VALUES
(4, '{\"lastname\":1,\"assigned_user_id\":1}', 1),
(6, '{\"accountname\":1,\"assigned_user_id\":1}', 1),
(8, '{\"notes_title\":1,\"assigned_user_id\":1,\"filename\":0}', 1),
(13, '{\"ticket_title\":1,\"assigned_user_id\":1,\"ticketpriorities\":1,\"ticketstatus\":1,\"description\":1,\"product_id\":1,\"ticketseverities\":1,\"ticketcategories\":1}', 1),
(14, '{\"productname\":1,\"assigned_user_id\":1}', 1),
(15, '{\"faqstatus\":1,\"question\":1,\"faq_answer\":1}', 1),
(20, '{\"subject\":1,\"quotestage\":1,\"account_id\":1,\"assigned_user_id\":1,\"bill_street\":1,\"ship_street\":1}', 1),
(23, '{\"subject\":1,\"account_id\":1,\"assigned_user_id\":1,\"bill_street\":1,\"ship_street\":1}', 1),
(35, '{\"subject\":1,\"assigned_user_id\":1}', NULL),
(36, '{\"servicename\":1}', 1),
(38, '{\"product\":1,\"serialnumber\":1,\"assigned_user_id\":1,\"datesold\":1,\"dateinservice\":1,\"assetstatus\":1,\"assetname\":1,\"account\":1}', 1),
(43, '{\"projectmilestonename\":1,\"projectid\":1,\"assigned_user_id\":1}', 1),
(44, '{\"projecttaskname\":1,\"projectid\":1,\"assigned_user_id\":1}', 1),
(45, '{\"projectname\":1,\"assigned_user_id\":1}', 1);

-- --------------------------------------------------------

--
-- Structure de la table `vtiger_customerportal_prefs`
--

CREATE TABLE `vtiger_customerportal_prefs` (
  `tabid` int(19) NOT NULL,
  `prefkey` varchar(100) NOT NULL,
  `prefvalue` int(20) DEFAULT NULL
) ENGINE=InnoDB DEFAULT CHARSET=utf8;

--
-- Déchargement des données de la table `vtiger_customerportal_prefs`
--

INSERT INTO `vtiger_customerportal_prefs` (`tabid`, `prefkey`, `prefvalue`) VALUES
(0, 'defaultassignee', 1),
(0, 'userid', 1),
(4, 'showrelatedinfo', 1),
(6, 'showrelatedinfo', 1),
(8, 'showrelatedinfo', 1),
(13, 'showrelatedinfo', 1),
(14, 'showrelatedinfo', 1),
(15, 'showrelatedinfo', 1),
(20, 'showrelatedinfo', 1),
(23, 'showrelatedinfo', 1),
(36, 'showrelatedinfo', 1),
(38, 'showrelatedinfo', 1),
(43, 'showrelatedinfo', 1),
(44, 'showrelatedinfo', 1),
(45, 'showrelatedinfo', 1);

-- --------------------------------------------------------

--
-- Structure de la table `vtiger_customerportal_relatedmoduleinfo`
--

CREATE TABLE `vtiger_customerportal_relatedmoduleinfo` (
  `tabid` int(19) NOT NULL,
  `relatedmodules` text DEFAULT NULL
) ENGINE=MyISAM DEFAULT CHARSET=utf8;

--
-- Déchargement des données de la table `vtiger_customerportal_relatedmoduleinfo`
--

INSERT INTO `vtiger_customerportal_relatedmoduleinfo` (`tabid`, `relatedmodules`) VALUES
(13, '[{\"name\":\"History\",\"value\":1},{\"name\":\"ModComments\",\"value\":1},{\"name\":\"Documents\",\"value\":1}]'),
(23, '[{\"name\":\"History\",\"value\":1}]'),
(20, '[{\"name\":\"History\",\"value\":1}]'),
(14, '[{\"name\":\"History\",\"value\":1}]'),
(36, '[{\"name\":\"History\",\"value\":1}]'),
(8, '[{\"name\":\"History\",\"value\":1}]'),
(38, '[{\"name\":\"History\",\"value\":1}]'),
(43, '[{\"name\":\"History\",\"value\":1}]'),
(44, '[{\"name\":\"History\",\"value\":1},{\"name\":\"ModComments\",\"value\":1}]'),
(45, '[{\"name\":\"History\",\"value\":1},{\"name\":\"ModComments\",\"value\":1},{\"name\":\"ProjectTask\",\"value\":1},{\"name\":\"ProjectMilestone\",\"value\":1},{\"name\":\"Documents\",\"value\":1}]'),
(35, '[{\"name\":\"History\",\"value\":1}]');

-- --------------------------------------------------------

--
-- Structure de la table `vtiger_customerportal_settings`
--

CREATE TABLE `vtiger_customerportal_settings` (
  `id` int(11) DEFAULT NULL,
  `url` varchar(250) DEFAULT NULL,
  `default_assignee` int(11) DEFAULT NULL,
  `support_notification` int(11) DEFAULT NULL,
  `announcement` text DEFAULT NULL,
  `shortcuts` text DEFAULT NULL,
  `widgets` text DEFAULT NULL,
  `charts` text DEFAULT NULL
) ENGINE=MyISAM DEFAULT CHARSET=utf8;

--
-- Déchargement des données de la table `vtiger_customerportal_settings`
--

INSERT INTO `vtiger_customerportal_settings` (`id`, `url`, `default_assignee`, `support_notification`, `announcement`, `shortcuts`, `widgets`, `charts`) VALUES
(1, NULL, 1, NULL, NULL, '{\"Documents\":{\"LBL_ADD_DOCUMENT\":1},\"HelpDesk\":{\"LBL_CREATE_TICKET\":1,\"LBL_OPEN_TICKETS\":1}}', '{\"widgets\":{\"HelpDesk\":1,\"Documents\":1,\"Faq\":1}}', '{\"charts\":{\"OpenTicketsByPriority\":1,\"TicketsClosureTimeByPriority\":1}}');

-- --------------------------------------------------------

--
-- Structure de la table `vtiger_customerportal_tabs`
--

CREATE TABLE `vtiger_customerportal_tabs` (
  `tabid` int(19) NOT NULL,
  `visible` int(1) DEFAULT 1,
  `sequence` int(1) DEFAULT NULL,
  `createrecord` tinyint(1) NOT NULL DEFAULT 0,
  `editrecord` tinyint(1) NOT NULL DEFAULT 0
) ENGINE=InnoDB DEFAULT CHARSET=utf8;

--
-- Déchargement des données de la table `vtiger_customerportal_tabs`
--

INSERT INTO `vtiger_customerportal_tabs` (`tabid`, `visible`, `sequence`, `createrecord`, `editrecord`) VALUES
(4, 0, 9, 0, 1),
(6, 0, 10, 0, 1),
(8, 1, 8, 1, 0),
(13, 1, 2, 1, 1),
(14, 1, 6, 0, 0),
(15, 1, 3, 0, 0),
(20, 1, 5, 0, 0),
(23, 1, 4, 0, 0),
(35, 1, 25, 0, 0),
(36, 1, 7, 0, 0),
(38, 1, 11, 0, 1),
(43, 1, 12, 0, 0),
(44, 1, 13, 0, 0),
(45, 1, 14, 0, 0);

-- --------------------------------------------------------

--
-- Structure de la table `vtiger_customview`
--

CREATE TABLE `vtiger_customview` (
  `cvid` int(19) NOT NULL,
  `viewname` varchar(100) NOT NULL,
  `setdefault` int(1) DEFAULT 0,
  `setmetrics` int(1) DEFAULT 0,
  `entitytype` varchar(25) NOT NULL,
  `status` int(1) DEFAULT 1,
  `userid` int(19) DEFAULT 1
) ENGINE=InnoDB DEFAULT CHARSET=utf8;

--
-- Déchargement des données de la table `vtiger_customview`
--

INSERT INTO `vtiger_customview` (`cvid`, `viewname`, `setdefault`, `setmetrics`, `entitytype`, `status`, `userid`) VALUES
(1, 'All', 1, 0, 'Leads', 0, 1),
(2, 'Hot Leads', 0, 1, 'Leads', 3, 1),
(3, 'This Month Leads', 0, 0, 'Leads', 3, 1),
(4, 'All', 1, 0, 'Accounts', 0, 1),
(7, 'All', 1, 0, 'Contacts', 0, 1),
(9, 'Todays Birthday', 0, 0, 'Contacts', 3, 1),
(10, 'All', 1, 0, 'Potentials', 0, 1),
(11, 'Potentials Won', 0, 1, 'Potentials', 3, 1),
(12, 'Prospecting', 0, 0, 'Potentials', 3, 1),
(13, 'All', 1, 0, 'HelpDesk', 0, 1),
(14, 'Open Tickets', 0, 1, 'HelpDesk', 3, 1),
(15, 'High Prioriy Tickets', 0, 0, 'HelpDesk', 3, 1),
(16, 'All', 1, 0, 'Quotes', 0, 1),
(17, 'Open Quotes', 0, 1, 'Quotes', 3, 1),
(18, 'Rejected Quotes', 0, 0, 'Quotes', 3, 1),
(19, 'All', 1, 0, 'Calendar', 0, 1),
(20, 'All', 1, 0, 'Emails', 0, 1),
(21, 'All', 1, 0, 'Invoice', 0, 1),
(22, 'All', 1, 0, 'Documents', 0, 1),
(23, 'All', 1, 0, 'PriceBooks', 0, 1),
(24, 'All', 1, 0, 'Products', 0, 1),
(25, 'All', 1, 0, 'PurchaseOrder', 0, 1),
(26, 'All', 1, 0, 'SalesOrder', 0, 1),
(27, 'All', 1, 0, 'Vendors', 0, 1),
(28, 'All', 1, 0, 'Faq', 0, 1),
(29, 'All', 1, 0, 'Campaigns', 0, 1),
(30, 'All', 1, 0, 'Webmails', 0, 1),
(31, 'Drafted FAQ', 0, 0, 'Faq', 3, 1),
(32, 'Published FAQ', 0, 0, 'Faq', 3, 1),
(37, 'Pending Sales Orders', 0, 0, 'SalesOrder', 3, 1),
(38, 'All', 1, 0, 'PBXManager', 0, 1),
(39, 'All', 1, 0, 'ServiceContracts', 0, 1),
(40, 'All', 1, 0, 'Services', 0, 1),
(41, 'All', 1, 0, 'Assets', 0, 1),
(42, 'All', 0, 0, 'ModComments', 0, 1),
(46, 'All', 0, 0, 'SMSNotifier', 0, 1),
(47, 'All', 1, 0, 'ProjectMilestone', 0, 1),
(48, 'All', 1, 0, 'ProjectTask', 0, 1),
(49, 'All', 1, 0, 'Project', 0, 1),
(51, 'Liste des billets emis', 1, 0, 'PurchaseOrder', 3, 1),
(52, 'All', 1, 0, 'Cashflow4You', 0, 1),
(53, 'Liste Contacts', 1, 0, 'Contacts', 3, 1),
(54, 'Compte', 1, 0, 'Accounts', 3, 1),
(55, 'Liste des billets annules', 0, 0, 'PurchaseOrder', 3, 1),
(56, 'Liste des factures', 1, 0, 'Invoice', 3, 1),
(57, 'Liste des factures non soldées', 0, 0, 'Invoice', 3, 1),
(58, 'All', 1, 0, 'ITS4YouStyles', 0, 1);

-- --------------------------------------------------------

--
-- Structure de la table `vtiger_customview_seq`
--

CREATE TABLE `vtiger_customview_seq` (
  `id` int(11) NOT NULL
) ENGINE=MyISAM DEFAULT CHARSET=utf8;

--
-- Déchargement des données de la table `vtiger_customview_seq`
--

INSERT INTO `vtiger_customview_seq` (`id`) VALUES
(58);

-- --------------------------------------------------------

--
-- Structure de la table `vtiger_cv2group`
--

CREATE TABLE `vtiger_cv2group` (
  `cvid` int(25) NOT NULL,
  `groupid` int(25) NOT NULL
) ENGINE=InnoDB DEFAULT CHARSET=utf8;

-- --------------------------------------------------------

--
-- Structure de la table `vtiger_cv2role`
--

CREATE TABLE `vtiger_cv2role` (
  `cvid` int(25) NOT NULL,
  `roleid` varchar(255) NOT NULL
) ENGINE=InnoDB DEFAULT CHARSET=utf8;

-- --------------------------------------------------------

--
-- Structure de la table `vtiger_cv2rs`
--

CREATE TABLE `vtiger_cv2rs` (
  `cvid` int(25) NOT NULL,
  `rsid` varchar(255) NOT NULL
) ENGINE=InnoDB DEFAULT CHARSET=utf8;

-- --------------------------------------------------------

--
-- Structure de la table `vtiger_cv2users`
--

CREATE TABLE `vtiger_cv2users` (
  `cvid` int(25) NOT NULL,
  `userid` int(25) NOT NULL
) ENGINE=InnoDB DEFAULT CHARSET=utf8;

-- --------------------------------------------------------

--
-- Structure de la table `vtiger_cvadvfilter`
--

CREATE TABLE `vtiger_cvadvfilter` (
  `cvid` int(19) NOT NULL,
  `columnindex` int(11) NOT NULL,
  `columnname` varchar(250) DEFAULT '',
  `comparator` varchar(20) DEFAULT NULL,
  `value` varchar(512) DEFAULT NULL,
  `groupid` int(11) DEFAULT 1,
  `column_condition` varchar(255) DEFAULT 'and'
) ENGINE=InnoDB DEFAULT CHARSET=utf8;

--
-- Déchargement des données de la table `vtiger_cvadvfilter`
--

INSERT INTO `vtiger_cvadvfilter` (`cvid`, `columnindex`, `columnname`, `comparator`, `value`, `groupid`, `column_condition`) VALUES
(2, 0, 'vtiger_leaddetails:leadstatus:leadstatus:Leads_Lead_Status:V', 'e', 'Hot', 1, 'and'),
(11, 0, 'vtiger_potential:sales_stage:sales_stage:Potentials_Sales_Stage:V', 'e', 'Closed Won', 1, 'and'),
(12, 0, 'vtiger_potential:sales_stage:sales_stage:Potentials_Sales_Stage:V', 'e', 'Prospecting', 1, 'and'),
(14, 0, 'vtiger_troubletickets:status:ticketstatus:HelpDesk_Status:V', 'n', 'Closed', 1, 'and'),
(15, 0, 'vtiger_troubletickets:priority:ticketpriorities:HelpDesk_Priority:V', 'e', 'High', 1, 'and'),
(17, 0, 'vtiger_quotes:quotestage:quotestage:Quotes_Quote_Stage:V', 'n', 'Accepted', 1, 'and'),
(17, 1, 'vtiger_quotes:quotestage:quotestage:Quotes_Quote_Stage:V', 'n', 'Rejected', 1, 'and'),
(18, 0, 'vtiger_quotes:quotestage:quotestage:Quotes_Quote_Stage:V', 'e', 'Rejected', 1, 'and'),
(31, 0, 'vtiger_faq:status:faqstatus:Faq_Status:V', 'e', 'Draft', 1, 'and'),
(32, 0, 'vtiger_faq:status:faqstatus:Faq_Status:V', 'e', 'Published', 1, 'and'),
(37, 0, 'vtiger_salesorder:sostatus:sostatus:SalesOrder_Status:V', 'e', 'Created, Approved', 1, 'and'),
(51, 0, 'vtiger_purchaseorder:postatus:postatus:PurchaseOrder_Status:V', 'n', 'void', 1, ''),
(55, 0, 'vtiger_purchaseorder:postatus:postatus:PurchaseOrder_Status:V', 'e', 'void', 1, ''),
(56, 0, 'vtiger_invoicecf:cf_883:cf_883:Invoice_Etat:V', 'n', 'void', 1, ''),
(57, 0, 'vtiger_invoicecf:cf_883:cf_883:Invoice_Etat:V', 'n', 'void', 1, 'and'),
(57, 1, 'vtiger_invoice:invoicestatus:invoicestatus:Invoice_Status:V', 'n', 'Paid', 1, '');

-- --------------------------------------------------------

--
-- Structure de la table `vtiger_cvadvfilter_grouping`
--

CREATE TABLE `vtiger_cvadvfilter_grouping` (
  `groupid` int(11) NOT NULL,
  `cvid` int(19) NOT NULL,
  `group_condition` varchar(255) DEFAULT NULL,
  `condition_expression` text DEFAULT NULL
) ENGINE=InnoDB DEFAULT CHARSET=utf8;

--
-- Déchargement des données de la table `vtiger_cvadvfilter_grouping`
--

INSERT INTO `vtiger_cvadvfilter_grouping` (`groupid`, `cvid`, `group_condition`, `condition_expression`) VALUES
(1, 2, '', ''),
(1, 11, '', ''),
(1, 12, '', ''),
(1, 14, '', ''),
(1, 15, '', ''),
(1, 17, '', ''),
(1, 18, '', ''),
(1, 31, '', ''),
(1, 32, '', ''),
(1, 37, '', ''),
(1, 51, 'and', ' 0 '),
(1, 55, 'and', ' 0 '),
(1, 56, 'and', ' 0 '),
(1, 57, 'and', ' 0 and 1 ');

-- --------------------------------------------------------

--
-- Structure de la table `vtiger_cvcolumnlist`
--

CREATE TABLE `vtiger_cvcolumnlist` (
  `cvid` int(19) NOT NULL,
  `columnindex` int(11) NOT NULL,
  `columnname` varchar(250) DEFAULT ''
) ENGINE=InnoDB DEFAULT CHARSET=utf8;

--
-- Déchargement des données de la table `vtiger_cvcolumnlist`
--

INSERT INTO `vtiger_cvcolumnlist` (`cvid`, `columnindex`, `columnname`) VALUES
(1, 1, 'vtiger_leaddetails:firstname:firstname:Leads_First_Name:V'),
(1, 2, 'vtiger_leaddetails:lastname:lastname:Leads_Last_Name:V'),
(1, 3, 'vtiger_leaddetails:company:company:Leads_Company:V'),
(1, 4, 'vtiger_leadaddress:phone:phone:Leads_Phone:V'),
(1, 5, 'vtiger_leadsubdetails:website:website:Leads_Website:V'),
(1, 6, 'vtiger_leaddetails:email:email:Leads_Email:V'),
(1, 7, 'vtiger_crmentity:smownerid:assigned_user_id:Leads_Assigned_To:V'),
(2, 0, 'vtiger_leaddetails:firstname:firstname:Leads_First_Name:V'),
(2, 1, 'vtiger_leaddetails:lastname:lastname:Leads_Last_Name:V'),
(2, 2, 'vtiger_leaddetails:company:company:Leads_Company:V'),
(2, 3, 'vtiger_leaddetails:leadsource:leadsource:Leads_Lead_Source:V'),
(2, 4, 'vtiger_leadsubdetails:website:website:Leads_Website:V'),
(2, 5, 'vtiger_leaddetails:email:email:Leads_Email:E'),
(3, 0, 'vtiger_leaddetails:firstname:firstname:Leads_First_Name:V'),
(3, 1, 'vtiger_leaddetails:lastname:lastname:Leads_Last_Name:V'),
(3, 2, 'vtiger_leaddetails:company:company:Leads_Company:V'),
(3, 3, 'vtiger_leaddetails:leadsource:leadsource:Leads_Lead_Source:V'),
(3, 4, 'vtiger_leadsubdetails:website:website:Leads_Website:V'),
(3, 5, 'vtiger_leaddetails:email:email:Leads_Email:E'),
(4, 1, 'vtiger_account:accountname:accountname:Accounts_Account_Name:V'),
(4, 2, 'vtiger_accountbillads:bill_city:bill_city:Accounts_Billing_City:V'),
(4, 3, 'vtiger_account:website:website:Accounts_Website:V'),
(4, 4, 'vtiger_account:phone:phone:Accounts_Phone:V'),
(4, 5, 'vtiger_crmentity:smownerid:assigned_user_id:Accounts_Assigned_To:V'),
(7, 1, 'vtiger_contactdetails:firstname:firstname:Contacts_First_Name:V'),
(7, 2, 'vtiger_contactdetails:lastname:lastname:Contacts_Last_Name:V'),
(7, 3, 'vtiger_contactdetails:title:title:Contacts_Title:V'),
(7, 4, 'vtiger_contactdetails:accountid:account_id:Contacts_Account_Name:V'),
(7, 5, 'vtiger_contactdetails:email:email:Contacts_Email:V'),
(7, 6, 'vtiger_contactdetails:phone:phone:Contacts_Office_Phone:V'),
(7, 7, 'vtiger_crmentity:smownerid:assigned_user_id:Contacts_Assigned_To:V'),
(9, 0, 'vtiger_contactdetails:firstname:firstname:Contacts_First_Name:V'),
(9, 1, 'vtiger_contactdetails:lastname:lastname:Contacts_Last_Name:V'),
(9, 2, 'vtiger_contactdetails:title:title:Contacts_Title:V'),
(9, 3, 'vtiger_contactdetails:accountid:account_id:Contacts_Account_Name:I'),
(9, 4, 'vtiger_contactdetails:email:email:Contacts_Email:E'),
(9, 5, 'vtiger_contactsubdetails:otherphone:otherphone:Contacts_Phone:V'),
(9, 6, 'vtiger_crmentity:smownerid:assigned_user_id:Contacts_Assigned_To:V'),
(10, 1, 'vtiger_potential:potentialname:potentialname:Potentials_Potential_Name:V'),
(10, 2, 'vtiger_potential:related_to:related_to:Potentials_Related_To:V'),
(10, 3, 'vtiger_potential:sales_stage:sales_stage:Potentials_Sales_Stage:V'),
(10, 4, 'vtiger_potential:leadsource:leadsource:Potentials_Lead_Source:V'),
(10, 5, 'vtiger_potential:closingdate:closingdate:Potentials_Expected_Close_Date:D'),
(10, 6, 'vtiger_potential:amount:amount:Potentials_Amount:N'),
(10, 7, 'vtiger_crmentity:smownerid:assigned_user_id:Potentials_Assigned_To:V'),
(10, 8, 'vtiger_potential:contact_id:contact_id:Potentials_Contact_Name:V'),
(11, 0, 'vtiger_potential:potentialname:potentialname:Potentials_Potential_Name:V'),
(11, 1, 'vtiger_potential:related_to:related_to:Potentials_Related_To:V'),
(11, 2, 'vtiger_potential:amount:amount:Potentials_Amount:N'),
(11, 3, 'vtiger_potential:closingdate:closingdate:Potentials_Expected_Close_Date:D'),
(11, 4, 'vtiger_crmentity:smownerid:assigned_user_id:Potentials_Assigned_To:V'),
(11, 5, 'vtiger_potential:contact_id:contact_id:Potentials_Contact_Name:V'),
(12, 0, 'vtiger_potential:potentialname:potentialname:Potentials_Potential_Name:V'),
(12, 1, 'vtiger_potential:related_to:related_to:Potentials_Related_To:V'),
(12, 2, 'vtiger_potential:amount:amount:Potentials_Amount:N'),
(12, 3, 'vtiger_potential:leadsource:leadsource:Potentials_Lead_Source:V'),
(12, 4, 'vtiger_potential:closingdate:closingdate:Potentials_Expected_Close_Date:D'),
(12, 5, 'vtiger_crmentity:smownerid:assigned_user_id:Potentials_Assigned_To:V'),
(12, 6, 'vtiger_potential:contact_id:contact_id:Potentials_Contact_Name:V'),
(13, 1, 'vtiger_troubletickets:title:ticket_title:HelpDesk_Title:V'),
(13, 2, 'vtiger_troubletickets:parent_id:parent_id:HelpDesk_Related_To:V'),
(13, 3, 'vtiger_troubletickets:status:ticketstatus:HelpDesk_Status:V'),
(13, 4, 'vtiger_troubletickets:priority:ticketpriorities:HelpDesk_Priority:V'),
(13, 5, 'vtiger_crmentity:smownerid:assigned_user_id:HelpDesk_Assigned_To:V'),
(13, 6, 'vtiger_troubletickets:contact_id:contact_id:HelpDesk_Contact_Name:V'),
(14, 0, 'vtiger_troubletickets:title:ticket_title:HelpDesk_Title:V'),
(14, 1, 'vtiger_troubletickets:parent_id:parent_id:HelpDesk_Related_To:I'),
(14, 2, 'vtiger_troubletickets:priority:ticketpriorities:HelpDesk_Priority:V'),
(14, 3, 'vtiger_troubletickets:product_id:product_id:HelpDesk_Product_Name:I'),
(14, 4, 'vtiger_crmentity:smownerid:assigned_user_id:HelpDesk_Assigned_To:V'),
(14, 5, 'vtiger_troubletickets:contact_id:contact_id:HelpDesk_Contact_Name:V'),
(15, 0, 'vtiger_troubletickets:title:ticket_title:HelpDesk_Title:V'),
(15, 1, 'vtiger_troubletickets:parent_id:parent_id:HelpDesk_Related_To:I'),
(15, 2, 'vtiger_troubletickets:status:ticketstatus:HelpDesk_Status:V'),
(15, 3, 'vtiger_troubletickets:product_id:product_id:HelpDesk_Product_Name:I'),
(15, 4, 'vtiger_crmentity:smownerid:assigned_user_id:HelpDesk_Assigned_To:V'),
(15, 5, 'vtiger_troubletickets:contact_id:contact_id:HelpDesk_Contact_Name:V'),
(16, 1, 'vtiger_quotes:subject:subject:Quotes_Subject:V'),
(16, 2, 'vtiger_quotes:quotestage:quotestage:Quotes_Quote_Stage:V'),
(16, 3, 'vtiger_quotes:potentialid:potential_id:Quotes_Potential_Name:V'),
(16, 4, 'vtiger_quotes:accountid:account_id:Quotes_Account_Name:V'),
(16, 5, 'vtiger_quotes:total:hdnGrandTotal:Quotes_Total:N'),
(16, 6, 'vtiger_crmentity:smownerid:assigned_user_id:Quotes_Assigned_To:V'),
(17, 0, 'vtiger_quotes:subject:subject:Quotes_Subject:V'),
(17, 1, 'vtiger_quotes:quotestage:quotestage:Quotes_Quote_Stage:V'),
(17, 2, 'vtiger_quotes:potentialid:potential_id:Quotes_Potential_Name:I'),
(17, 3, 'vtiger_quotes:accountid:account_id:Quotes_Account_Name:I'),
(17, 4, 'vtiger_quotes:validtill:validtill:Quotes_Valid_Till:D'),
(17, 5, 'vtiger_crmentity:smownerid:assigned_user_id:Quotes_Assigned_To:V'),
(18, 0, 'vtiger_quotes:subject:subject:Quotes_Subject:V'),
(18, 1, 'vtiger_quotes:potentialid:potential_id:Quotes_Potential_Name:I'),
(18, 2, 'vtiger_quotes:accountid:account_id:Quotes_Account_Name:I'),
(18, 3, 'vtiger_quotes:validtill:validtill:Quotes_Valid_Till:D'),
(18, 4, 'vtiger_crmentity:smownerid:assigned_user_id:Quotes_Assigned_To:V'),
(19, 0, 'vtiger_activity:status:taskstatus:Calendar_Status:V'),
(19, 1, 'vtiger_activity:activitytype:activitytype:Calendar_Activity_Type:V'),
(19, 2, 'vtiger_activity:subject:subject:Calendar_Subject:V'),
(19, 3, 'vtiger_seactivityrel:crmid:parent_id:Calendar_Related_To:V'),
(19, 4, 'vtiger_activity:date_start:date_start:Calendar_Start_Date_&_Time:DT'),
(19, 5, 'vtiger_activity:due_date:due_date:Calendar_Due_Date:D'),
(19, 6, 'vtiger_crmentity:smownerid:assigned_user_id:Calendar_Assigned_To:V'),
(20, 0, 'vtiger_activity:subject:subject:Emails_Subject:V'),
(20, 1, 'vtiger_emaildetails:to_email:saved_toid:Emails_To:V'),
(20, 2, 'vtiger_activity:date_start:date_start:Emails_Date_&_Time_Sent:DT'),
(21, 1, 'vtiger_invoice:subject:subject:Invoice_Subject:V'),
(21, 2, 'vtiger_invoice:salesorderid:salesorder_id:Invoice_Sales_Order:V'),
(21, 3, 'vtiger_invoice:invoicestatus:invoicestatus:Invoice_Status:V'),
(21, 4, 'vtiger_invoice:total:hdnGrandTotal:Invoice_Total:N'),
(21, 5, 'vtiger_crmentity:smownerid:assigned_user_id:Invoice_Assigned_To:V'),
(22, 1, 'vtiger_notes:title:notes_title:Documents_Title:V'),
(22, 2, 'vtiger_notes:filename:filename:Documents_File_Name:V'),
(22, 3, 'vtiger_crmentity:modifiedtime:modifiedtime:Documents_Modified_Time:DT'),
(22, 4, 'vtiger_crmentity:smownerid:assigned_user_id:Documents_Assigned_To:V'),
(23, 1, 'vtiger_pricebook:bookname:bookname:PriceBooks_Price_Book_Name:V'),
(23, 2, 'vtiger_pricebook:active:active:PriceBooks_Active:C'),
(23, 3, 'vtiger_pricebook:currency_id:currency_id:PriceBooks_Currency:V'),
(24, 1, 'vtiger_products:productname:productname:Products_Product_Name:V'),
(24, 2, 'vtiger_products:productcode:productcode:Products_Part_Number:V'),
(24, 3, 'vtiger_products:commissionrate:commissionrate:Products_Commission_Rate:N'),
(24, 4, 'vtiger_products:qtyinstock:qtyinstock:Products_Qty_In_Stock:NN'),
(24, 5, 'vtiger_products:qty_per_unit:qty_per_unit:Products_Qty/Unit:N'),
(24, 6, 'vtiger_products:unit_price:unit_price:Products_Unit_Price:N'),
(25, 1, 'vtiger_purchaseorder:subject:subject:PurchaseOrder_Subject:V'),
(25, 2, 'vtiger_purchaseorder:vendorid:vendor_id:PurchaseOrder_Vendor_Name:V'),
(25, 3, 'vtiger_purchaseorder:tracking_no:tracking_no:PurchaseOrder_Tracking_Number:V'),
(25, 4, 'vtiger_purchaseorder:total:hdnGrandTotal:PurchaseOrder_Total:N'),
(25, 5, 'vtiger_crmentity:smownerid:assigned_user_id:PurchaseOrder_Assigned_To:V'),
(26, 1, 'vtiger_salesorder:subject:subject:SalesOrder_Subject:V'),
(26, 2, 'vtiger_salesorder:accountid:account_id:SalesOrder_Account_Name:V'),
(26, 3, 'vtiger_salesorder:quoteid:quote_id:SalesOrder_Quote_Name:V'),
(26, 4, 'vtiger_salesorder:total:hdnGrandTotal:SalesOrder_Total:N'),
(26, 5, 'vtiger_crmentity:smownerid:assigned_user_id:SalesOrder_Assigned_To:V'),
(27, 1, 'vtiger_vendor:vendorname:vendorname:Vendors_Vendor_Name:V'),
(27, 2, 'vtiger_vendor:phone:phone:Vendors_Phone:V'),
(27, 3, 'vtiger_vendor:email:email:Vendors_Email:V'),
(27, 4, 'vtiger_vendor:category:category:Vendors_Category:V'),
(27, 5, 'vtiger_crmentity:smownerid:assigned_user_id:Vendors_Assigned_To:V'),
(28, 1, 'vtiger_faq:question:question:Faq_Question:V'),
(28, 2, 'vtiger_faq:category:faqcategories:Faq_Category:V'),
(28, 3, 'vtiger_faq:product_id:product_id:Faq_Product_Name:V'),
(28, 4, 'vtiger_crmentity:createdtime:createdtime:Faq_Created_Time:DT'),
(28, 5, 'vtiger_crmentity:modifiedtime:modifiedtime:Faq_Modified_Time:DT'),
(29, 1, 'vtiger_campaign:campaignname:campaignname:Campaigns_Campaign_Name:V'),
(29, 2, 'vtiger_campaign:campaigntype:campaigntype:Campaigns_Campaign_Type:V'),
(29, 3, 'vtiger_campaign:campaignstatus:campaignstatus:Campaigns_Campaign_Status:V'),
(29, 4, 'vtiger_campaign:expectedrevenue:expectedrevenue:Campaigns_Expected_Revenue:N'),
(29, 5, 'vtiger_campaign:closingdate:closingdate:Campaigns_Expected_Close_Date:D'),
(29, 6, 'vtiger_crmentity:smownerid:assigned_user_id:Campaigns_Assigned_To:V'),
(30, 0, 'subject:subject:subject:Subject:V'),
(30, 1, 'from:fromname:fromname:From:N'),
(30, 2, 'to:tpname:toname:To:N'),
(30, 3, 'body:body:body:Body:V'),
(31, 0, 'vtiger_faq:question:question:Faq_Question:V'),
(31, 1, 'vtiger_faq:status:faqstatus:Faq_Status:V'),
(31, 2, 'vtiger_faq:product_id:product_id:Faq_Product_Name:I'),
(31, 3, 'vtiger_faq:category:faqcategories:Faq_Category:V'),
(31, 4, 'vtiger_crmentity:createdtime:createdtime:Faq_Created_Time:DT'),
(32, 0, 'vtiger_faq:question:question:Faq_Question:V'),
(32, 1, 'vtiger_faq:answer:faq_answer:Faq_Answer:V'),
(32, 2, 'vtiger_faq:status:faqstatus:Faq_Status:V'),
(32, 3, 'vtiger_faq:product_id:product_id:Faq_Product_Name:I'),
(32, 4, 'vtiger_faq:category:faqcategories:Faq_Category:V'),
(32, 5, 'vtiger_crmentity:createdtime:createdtime:Faq_Created_Time:DT'),
(37, 0, 'vtiger_salesorder:subject:subject:SalesOrder_Subject:V'),
(37, 1, 'vtiger_salesorder:accountid:account_id:SalesOrder_Account_Name:I'),
(37, 2, 'vtiger_salesorder:sostatus:sostatus:SalesOrder_Status:V'),
(37, 3, 'vtiger_crmentity:smownerid:assigned_user_id:SalesOrder_Assigned_To:V'),
(37, 4, 'vtiger_soshipads:ship_street:ship_street:SalesOrder_Shipping_Address:V'),
(37, 5, 'vtiger_salesorder:carrier:carrier:SalesOrder_Carrier:V'),
(38, 0, 'vtiger_pbxmanager:callstatus:callstatus:PBXManager_Call_Status:V'),
(38, 1, 'vtiger_pbxmanager:customernumber:customernumber:PBXManager_Customer_Number:V'),
(38, 2, 'vtiger_pbxmanager:customer:customer:PBXManager_Customer:V'),
(38, 3, 'vtiger_pbxmanager:user:user:PBXManager_User:V'),
(38, 4, 'vtiger_pbxmanager:recordingurl:recordingurl:PBXManager_Recording_URL:V'),
(38, 5, 'vtiger_pbxmanager:totalduration:totalduration:PBXManager_Total_Duration:I'),
(38, 6, 'vtiger_pbxmanager:starttime:starttime:PBXManager_Start_Time:DT'),
(39, 1, 'vtiger_servicecontracts:subject:subject:ServiceContracts_Subject:V'),
(39, 2, 'vtiger_servicecontracts:sc_related_to:sc_related_to:ServiceContracts_Related_to:V'),
(39, 3, 'vtiger_crmentity:smownerid:assigned_user_id:ServiceContracts_Assigned_To:V'),
(39, 4, 'vtiger_servicecontracts:start_date:start_date:ServiceContracts_Start_Date:D'),
(39, 5, 'vtiger_servicecontracts:due_date:due_date:ServiceContracts_Due_date:D'),
(39, 7, 'vtiger_servicecontracts:progress:progress:ServiceContracts_Progress:N'),
(39, 8, 'vtiger_servicecontracts:contract_status:contract_status:ServiceContracts_Status:V'),
(40, 1, 'vtiger_service:servicename:servicename:Services_Service_Name:V'),
(40, 2, 'vtiger_service:service_usageunit:service_usageunit:Services_Usage_Unit:V'),
(40, 3, 'vtiger_service:unit_price:unit_price:Services_Price:N'),
(40, 4, 'vtiger_service:qty_per_unit:qty_per_unit:Services_No_of_Units:N'),
(40, 5, 'vtiger_service:servicecategory:servicecategory:Services_Service_Category:V'),
(40, 6, 'vtiger_crmentity:smownerid:assigned_user_id:Services_Owner:I'),
(41, 1, 'vtiger_assets:assetname:assetname:Assets_Asset_Name:V'),
(41, 2, 'vtiger_assets:account:account:Assets_Customer_Name:V'),
(41, 3, 'vtiger_assets:product:product:Assets_Product_Name:V'),
(42, 0, 'vtiger_modcomments:commentcontent:commentcontent:ModComments_Comment:V'),
(42, 1, 'vtiger_modcomments:related_to:related_to:ModComments_Related_To:V'),
(42, 2, 'vtiger_crmentity:modifiedtime:modifiedtime:ModComments_Modified_Time:DT'),
(42, 3, 'vtiger_crmentity:smownerid:assigned_user_id:ModComments_Assigned_To:V'),
(46, 0, 'vtiger_smsnotifier:message:message:SMSNotifier_message:V'),
(46, 2, 'vtiger_crmentity:smownerid:assigned_user_id:SMSNotifier_Assigned_To:V'),
(46, 3, 'vtiger_crmentity:createdtime:createdtime:SMSNotifier_Created_Time:DT'),
(46, 4, 'vtiger_crmentity:modifiedtime:modifiedtime:SMSNotifier_Modified_Time:DT'),
(47, 0, 'vtiger_projectmilestone:projectmilestonename:projectmilestonename:ProjectMilestone_Project_Milestone_Name:V'),
(47, 1, 'vtiger_projectmilestone:projectmilestonedate:projectmilestonedate:ProjectMilestone_Milestone_Date:D'),
(47, 3, 'vtiger_crmentity:description:description:ProjectMilestone_description:V'),
(47, 4, 'vtiger_crmentity:createdtime:createdtime:ProjectMilestone_Created_Time:DT'),
(47, 5, 'vtiger_crmentity:modifiedtime:modifiedtime:ProjectMilestone_Modified_Time:DT'),
(48, 2, 'vtiger_projecttask:projecttaskname:projecttaskname:ProjectTask_Project_Task_Name:V'),
(48, 3, 'vtiger_projecttask:projectid:projectid:ProjectTask_Related_to:V'),
(48, 4, 'vtiger_projecttask:projecttaskpriority:projecttaskpriority:ProjectTask_Priority:V'),
(48, 5, 'vtiger_projecttask:projecttaskprogress:projecttaskprogress:ProjectTask_Progress:V'),
(48, 6, 'vtiger_projecttask:projecttaskhours:projecttaskhours:ProjectTask_Worked_Hours:V'),
(48, 7, 'vtiger_projecttask:startdate:startdate:ProjectTask_Start_Date:D'),
(48, 8, 'vtiger_projecttask:enddate:enddate:ProjectTask_End_Date:D'),
(48, 9, 'vtiger_crmentity:smownerid:assigned_user_id:ProjectTask_Assigned_To:V'),
(49, 0, 'vtiger_project:projectname:projectname:Project_Project_Name:V'),
(49, 1, 'vtiger_project:linktoaccountscontacts:linktoaccountscontacts:Project_Related_to:V'),
(49, 2, 'vtiger_project:startdate:startdate:Project_Start_Date:D'),
(49, 3, 'vtiger_project:targetenddate:targetenddate:Project_Target_End_Date:D'),
(49, 4, 'vtiger_project:actualenddate:actualenddate:Project_Actual_End_Date:D'),
(49, 5, 'vtiger_project:targetbudget:targetbudget:Project_Target_Budget:V'),
(49, 6, 'vtiger_project:progress:progress:Project_Progress:V'),
(49, 7, 'vtiger_project:projectstatus:projectstatus:Project_Status:V'),
(49, 8, 'vtiger_crmentity:smownerid:assigned_user_id:Project_Assigned_To:V'),
(49, 19, 'vtiger_project:contactid:contactid:Project_Contact_Name:V'),
(51, 0, 'vtiger_purchaseordercf:cf_929:cf_929:PurchaseOrder_Date_de_facturation:D'),
(51, 1, 'vtiger_purchaseordercf:cf_887:cf_887:PurchaseOrder_PNR:V'),
(51, 2, 'vtiger_purchaseorder:subject:subject:PurchaseOrder_Subject:V'),
(51, 3, 'vtiger_purchaseorder:postatus:postatus:PurchaseOrder_Status:V'),
(51, 4, 'vtiger_purchaseorder:contactid:contact_id:PurchaseOrder_Contact_Name:V'),
(51, 5, 'vtiger_purchaseordercf:cf_1025:cf_1025:PurchaseOrder_Airline:V'),
(51, 6, 'vtiger_purchaseordercf:cf_921:cf_921:PurchaseOrder_Routing:V'),
(51, 7, 'vtiger_purchaseordercf:cf_949:cf_949:PurchaseOrder_Hors_Taxes:N'),
(51, 8, 'vtiger_purchaseordercf:cf_951:cf_951:PurchaseOrder_Taxes:N'),
(51, 9, 'vtiger_purchaseorder:total:hdnGrandTotal:PurchaseOrder_Total:N'),
(52, 0, 'its4you_cashflow4you:cashflow4you_no:cashflow4you_no:Cashflow4You_Cashflow4You_No:V'),
(52, 1, 'its4you_cashflow4you:cashflow4youname:cashflow4youname:Cashflow4You_Cashflow4You_Name:V'),
(52, 2, 'its4you_cashflow4you:relationid:relationid:Cashflow4You_Relation:V'),
(52, 3, 'its4you_cashflow4you:paymentamount:paymentamount:Cashflow4You_Paid_Amount:NN'),
(52, 4, 'its4you_cashflow4you:due_date:due_date:Cashflow4You_Due_Date:D'),
(52, 5, 'its4you_cashflow4you:paymentdate:paymentdate:Cashflow4You_Payment_Date:D'),
(52, 6, 'its4you_cashflow4you:cashflow4you_status:cashflow4you_status:Cashflow4You_Payment_Status:V'),
(52, 7, 'its4you_cashflow4you:cashflow4you_paymethod:cashflow4you_paymethod:Cashflow4You_Payment_Method:V'),
(53, 0, 'vtiger_contactdetails:lastname:lastname:Contacts_Last_Name:V'),
(53, 1, 'vtiger_contactdetails:accountid:account_id:Contacts_Account_Name:V'),
(53, 2, 'vtiger_contactdetails:title:title:Contacts_Title:V'),
(53, 3, 'vtiger_contactdetails:mobile:mobile:Contacts_Mobile:V'),
(53, 4, 'vtiger_contactdetails:email:email:Contacts_Email:V'),
(54, 0, 'vtiger_account:accountname:accountname:Accounts_Account_Name:V'),
(54, 1, 'vtiger_account:phone:phone:Accounts_Phone:V'),
(54, 2, 'vtiger_account:email1:email1:Accounts_Email:V'),
(54, 3, 'vtiger_accountbillads:bill_street:bill_street:Accounts_Billing_Address:V'),
(55, 0, 'vtiger_purchaseordercf:cf_929:cf_929:PurchaseOrder_Date_de_facturation:D'),
(55, 1, 'vtiger_purchaseordercf:cf_887:cf_887:PurchaseOrder_PNR:V'),
(55, 2, 'vtiger_purchaseorder:subject:subject:PurchaseOrder_Subject:V'),
(55, 3, 'vtiger_purchaseorder:postatus:postatus:PurchaseOrder_Status:V'),
(55, 4, 'vtiger_purchaseorder:contactid:contact_id:PurchaseOrder_Contact_Name:V'),
(55, 5, 'vtiger_purchaseordercf:cf_1025:cf_1025:PurchaseOrder_Airline:V'),
(55, 6, 'vtiger_purchaseordercf:cf_921:cf_921:PurchaseOrder_Routing:V'),
(55, 7, 'vtiger_purchaseordercf:cf_949:cf_949:PurchaseOrder_Hors_Taxes:N'),
(55, 8, 'vtiger_purchaseordercf:cf_951:cf_951:PurchaseOrder_Taxes:N'),
(55, 9, 'vtiger_purchaseorder:total:hdnGrandTotal:PurchaseOrder_Total:N'),
(56, 0, 'vtiger_invoice:invoicedate:invoicedate:Invoice_Invoice_Date:D'),
(56, 1, 'vtiger_invoice:invoice_no:invoice_no:Invoice_Invoice_No:V'),
(56, 2, 'vtiger_invoicecf:cf_1010:cf_1010:Invoice_PNR:V'),
(56, 3, 'vtiger_invoice:subject:subject:Invoice_Subject:V'),
(56, 4, 'vtiger_invoice:invoicestatus:invoicestatus:Invoice_Status:V'),
(56, 5, 'vtiger_invoice:contactid:contact_id:Invoice_Contact_Name:V'),
(56, 6, 'vtiger_invoice:accountid:account_id:Invoice_Account_Name:V'),
(56, 7, 'vtiger_invoicecf:cf_1008:cf_1008:Invoice_Marge_Globale:N'),
(56, 8, 'vtiger_invoice:total:hdnGrandTotal:Invoice_Total:N'),
(57, 0, 'vtiger_invoice:invoicedate:invoicedate:Invoice_Invoice_Date:D'),
(57, 1, 'vtiger_invoice:invoice_no:invoice_no:Invoice_Invoice_No:V'),
(57, 2, 'vtiger_invoicecf:cf_1010:cf_1010:Invoice_PNR:V'),
(57, 3, 'vtiger_invoice:subject:subject:Invoice_Subject:V'),
(57, 4, 'vtiger_invoice:invoicestatus:invoicestatus:Invoice_Status:V'),
(57, 5, 'vtiger_invoice:contactid:contact_id:Invoice_Contact_Name:V'),
(57, 6, 'vtiger_invoice:accountid:account_id:Invoice_Account_Name:V'),
(57, 7, 'vtiger_invoicecf:cf_1008:cf_1008:Invoice_Marge_Globale:N'),
(57, 8, 'vtiger_invoice:total:hdnGrandTotal:Invoice_Total:N'),
(58, 1, 'its4you_styles:stylename:stylename:ITS4YouStyles_Name:V'),
(58, 2, 'vtiger_crmentity:createdtime:createdtime:ITS4YouStyles_Created_Time:DT'),
(58, 4, 'vtiger_crmentity:modifiedtime:modifiedtime:ITS4YouStyles_Modified_Time:DT'),
(58, 5, 'vtiger_crmentity:smownerid:assigned_user_id:ITS4YouStyles_Assigned_To:V');

-- --------------------------------------------------------

--
-- Structure de la table `vtiger_cvstdfilter`
--

CREATE TABLE `vtiger_cvstdfilter` (
  `cvid` int(19) NOT NULL,
  `columnname` varchar(250) DEFAULT '',
  `stdfilter` varchar(250) DEFAULT '',
  `startdate` date DEFAULT NULL,
  `enddate` date DEFAULT NULL
) ENGINE=InnoDB DEFAULT CHARSET=utf8;

--
-- Déchargement des données de la table `vtiger_cvstdfilter`
--

INSERT INTO `vtiger_cvstdfilter` (`cvid`, `columnname`, `stdfilter`, `startdate`, `enddate`) VALUES
(3, 'vtiger_crmentity:modifiedtime:modifiedtime:Leads_Modified_Time', 'thismonth', '2005-06-01', '2005-06-30'),
(9, 'vtiger_contactsubdetails:birthday:birthday:Contacts_Birthdate', 'today', '2005-06-25', '2005-06-25');

-- --------------------------------------------------------

--
-- Structure de la table `vtiger_dashboard_tabs`
--

CREATE TABLE `vtiger_dashboard_tabs` (
  `id` int(19) NOT NULL,
  `tabname` varchar(50) DEFAULT NULL,
  `isdefault` int(1) DEFAULT 0,
  `sequence` int(5) DEFAULT 2,
  `appname` varchar(20) DEFAULT NULL,
  `modulename` varchar(50) DEFAULT NULL,
  `userid` int(11) DEFAULT NULL
) ENGINE=InnoDB DEFAULT CHARSET=utf8;

--
-- Déchargement des données de la table `vtiger_dashboard_tabs`
--

INSERT INTO `vtiger_dashboard_tabs` (`id`, `tabname`, `isdefault`, `sequence`, `appname`, `modulename`, `userid`) VALUES
(1, 'ETICKET CETERIS TOURS', 0, 2, NULL, NULL, 1),
(2, 'My Dashboard', 1, 1, '', '', 1),
(10, 'CLIENTS', 0, 3, NULL, NULL, 1),
(12, 'My Dashboard', 1, 1, '', '', 6),
(14, 'ETICKET CETERIS TOURS', 0, 2, NULL, NULL, 6),
(15, 'CLIENTS', 0, 4, NULL, NULL, 6);

-- --------------------------------------------------------

--
-- Structure de la table `vtiger_datashare_grp2grp`
--

CREATE TABLE `vtiger_datashare_grp2grp` (
  `shareid` int(19) NOT NULL,
  `share_groupid` int(19) DEFAULT NULL,
  `to_groupid` int(19) DEFAULT NULL,
  `permission` int(19) DEFAULT NULL
) ENGINE=InnoDB DEFAULT CHARSET=utf8;

-- --------------------------------------------------------

--
-- Structure de la table `vtiger_datashare_grp2role`
--

CREATE TABLE `vtiger_datashare_grp2role` (
  `shareid` int(19) NOT NULL,
  `share_groupid` int(19) DEFAULT NULL,
  `to_roleid` varchar(255) DEFAULT NULL,
  `permission` int(19) DEFAULT NULL
) ENGINE=InnoDB DEFAULT CHARSET=utf8;

-- --------------------------------------------------------

--
-- Structure de la table `vtiger_datashare_grp2rs`
--

CREATE TABLE `vtiger_datashare_grp2rs` (
  `shareid` int(19) NOT NULL,
  `share_groupid` int(19) DEFAULT NULL,
  `to_roleandsubid` varchar(255) DEFAULT NULL,
  `permission` int(19) DEFAULT NULL
) ENGINE=InnoDB DEFAULT CHARSET=utf8;

-- --------------------------------------------------------

--
-- Structure de la table `vtiger_datashare_module_rel`
--

CREATE TABLE `vtiger_datashare_module_rel` (
  `shareid` int(19) NOT NULL,
  `tabid` int(19) NOT NULL,
  `relationtype` varchar(200) DEFAULT NULL
) ENGINE=InnoDB DEFAULT CHARSET=utf8;

-- --------------------------------------------------------

--
-- Structure de la table `vtiger_datashare_relatedmodules`
--

CREATE TABLE `vtiger_datashare_relatedmodules` (
  `datashare_relatedmodule_id` int(19) NOT NULL,
  `tabid` int(19) DEFAULT NULL,
  `relatedto_tabid` int(19) DEFAULT NULL
) ENGINE=InnoDB DEFAULT CHARSET=utf8;

--
-- Déchargement des données de la table `vtiger_datashare_relatedmodules`
--

INSERT INTO `vtiger_datashare_relatedmodules` (`datashare_relatedmodule_id`, `tabid`, `relatedto_tabid`) VALUES
(1, 6, 2),
(2, 6, 13),
(3, 6, 20),
(4, 6, 22),
(5, 6, 23),
(6, 2, 20),
(7, 2, 22),
(8, 20, 22),
(9, 22, 23);

-- --------------------------------------------------------

--
-- Structure de la table `vtiger_datashare_relatedmodules_seq`
--

CREATE TABLE `vtiger_datashare_relatedmodules_seq` (
  `id` int(11) NOT NULL
) ENGINE=MyISAM DEFAULT CHARSET=utf8;

--
-- Déchargement des données de la table `vtiger_datashare_relatedmodules_seq`
--

INSERT INTO `vtiger_datashare_relatedmodules_seq` (`id`) VALUES
(9);

-- --------------------------------------------------------

--
-- Structure de la table `vtiger_datashare_relatedmodule_permission`
--

CREATE TABLE `vtiger_datashare_relatedmodule_permission` (
  `shareid` int(19) NOT NULL,
  `datashare_relatedmodule_id` int(19) NOT NULL,
  `permission` int(19) DEFAULT NULL
) ENGINE=InnoDB DEFAULT CHARSET=utf8;

-- --------------------------------------------------------

--
-- Structure de la table `vtiger_datashare_role2group`
--

CREATE TABLE `vtiger_datashare_role2group` (
  `shareid` int(19) NOT NULL,
  `share_roleid` varchar(255) DEFAULT NULL,
  `to_groupid` int(19) DEFAULT NULL,
  `permission` int(19) DEFAULT NULL
) ENGINE=InnoDB DEFAULT CHARSET=utf8;

-- --------------------------------------------------------

--
-- Structure de la table `vtiger_datashare_role2role`
--

CREATE TABLE `vtiger_datashare_role2role` (
  `shareid` int(19) NOT NULL,
  `share_roleid` varchar(255) DEFAULT NULL,
  `to_roleid` varchar(255) DEFAULT NULL,
  `permission` int(19) DEFAULT NULL
) ENGINE=InnoDB DEFAULT CHARSET=utf8;

-- --------------------------------------------------------

--
-- Structure de la table `vtiger_datashare_role2rs`
--

CREATE TABLE `vtiger_datashare_role2rs` (
  `shareid` int(19) NOT NULL,
  `share_roleid` varchar(255) DEFAULT NULL,
  `to_roleandsubid` varchar(255) DEFAULT NULL,
  `permission` int(19) DEFAULT NULL
) ENGINE=InnoDB DEFAULT CHARSET=utf8;

-- --------------------------------------------------------

--
-- Structure de la table `vtiger_datashare_rs2grp`
--

CREATE TABLE `vtiger_datashare_rs2grp` (
  `shareid` int(19) NOT NULL,
  `share_roleandsubid` varchar(255) DEFAULT NULL,
  `to_groupid` int(19) DEFAULT NULL,
  `permission` int(19) DEFAULT NULL
) ENGINE=InnoDB DEFAULT CHARSET=utf8;

-- --------------------------------------------------------

--
-- Structure de la table `vtiger_datashare_rs2role`
--

CREATE TABLE `vtiger_datashare_rs2role` (
  `shareid` int(19) NOT NULL,
  `share_roleandsubid` varchar(255) DEFAULT NULL,
  `to_roleid` varchar(255) DEFAULT NULL,
  `permission` int(19) DEFAULT NULL
) ENGINE=InnoDB DEFAULT CHARSET=utf8;

-- --------------------------------------------------------

--
-- Structure de la table `vtiger_datashare_rs2rs`
--

CREATE TABLE `vtiger_datashare_rs2rs` (
  `shareid` int(19) NOT NULL,
  `share_roleandsubid` varchar(255) DEFAULT NULL,
  `to_roleandsubid` varchar(255) DEFAULT NULL,
  `permission` int(19) DEFAULT NULL
) ENGINE=InnoDB DEFAULT CHARSET=utf8;

-- --------------------------------------------------------

--
-- Structure de la table `vtiger_date_format`
--

CREATE TABLE `vtiger_date_format` (
  `date_formatid` int(19) NOT NULL,
  `date_format` varchar(200) NOT NULL,
  `sortorderid` int(19) NOT NULL DEFAULT 0,
  `presence` int(1) NOT NULL DEFAULT 1
) ENGINE=InnoDB DEFAULT CHARSET=utf8;

--
-- Déchargement des données de la table `vtiger_date_format`
--

INSERT INTO `vtiger_date_format` (`date_formatid`, `date_format`, `sortorderid`, `presence`) VALUES
(1, 'dd-mm-yyyy', 0, 1),
(2, 'mm-dd-yyyy', 1, 1),
(3, 'yyyy-mm-dd', 2, 1);

-- --------------------------------------------------------

--
-- Structure de la table `vtiger_date_format_seq`
--

CREATE TABLE `vtiger_date_format_seq` (
  `id` int(11) NOT NULL
) ENGINE=MyISAM DEFAULT CHARSET=utf8;

--
-- Déchargement des données de la table `vtiger_date_format_seq`
--

INSERT INTO `vtiger_date_format_seq` (`id`) VALUES
(3);

-- --------------------------------------------------------

--
-- Structure de la table `vtiger_dayoftheweek`
--

CREATE TABLE `vtiger_dayoftheweek` (
  `dayoftheweekid` int(11) NOT NULL,
  `dayoftheweek` varchar(200) NOT NULL,
  `sortorderid` int(11) DEFAULT NULL,
  `presence` int(11) NOT NULL DEFAULT 1
) ENGINE=InnoDB DEFAULT CHARSET=utf8;

--
-- Déchargement des données de la table `vtiger_dayoftheweek`
--

INSERT INTO `vtiger_dayoftheweek` (`dayoftheweekid`, `dayoftheweek`, `sortorderid`, `presence`) VALUES
(1, 'Sunday', 0, 1),
(2, 'Monday', 1, 1),
(3, 'Tuesday', 2, 1),
(4, 'Wednesday', 3, 1),
(5, 'Thursday', 4, 1),
(6, 'Friday', 5, 1),
(7, 'Saturday', 6, 1);

-- --------------------------------------------------------

--
-- Structure de la table `vtiger_dayoftheweek_seq`
--

CREATE TABLE `vtiger_dayoftheweek_seq` (
  `id` int(11) NOT NULL
) ENGINE=MyISAM DEFAULT CHARSET=utf8;

--
-- Déchargement des données de la table `vtiger_dayoftheweek_seq`
--

INSERT INTO `vtiger_dayoftheweek_seq` (`id`) VALUES
(7);

-- --------------------------------------------------------

--
-- Structure de la table `vtiger_defaultactivitytype`
--

CREATE TABLE `vtiger_defaultactivitytype` (
  `defaultactivitytypeid` int(11) NOT NULL,
  `defaultactivitytype` varchar(200) NOT NULL,
  `presence` int(1) NOT NULL DEFAULT 1,
  `picklist_valueid` int(11) NOT NULL DEFAULT 0,
  `sortorderid` int(11) DEFAULT 0
) ENGINE=InnoDB DEFAULT CHARSET=utf8;

--
-- Déchargement des données de la table `vtiger_defaultactivitytype`
--

INSERT INTO `vtiger_defaultactivitytype` (`defaultactivitytypeid`, `defaultactivitytype`, `presence`, `picklist_valueid`, `sortorderid`) VALUES
(1, 'Call', 1, 299, 1),
(2, 'Meeting', 1, 300, 2);

-- --------------------------------------------------------

--
-- Structure de la table `vtiger_defaultactivitytype_seq`
--

CREATE TABLE `vtiger_defaultactivitytype_seq` (
  `id` int(11) NOT NULL
) ENGINE=MyISAM DEFAULT CHARSET=utf8;

--
-- Déchargement des données de la table `vtiger_defaultactivitytype_seq`
--

INSERT INTO `vtiger_defaultactivitytype_seq` (`id`) VALUES
(2);

-- --------------------------------------------------------

--
-- Structure de la table `vtiger_defaultcalendarview`
--

CREATE TABLE `vtiger_defaultcalendarview` (
  `defaultcalendarviewid` int(11) NOT NULL,
  `defaultcalendarview` varchar(200) NOT NULL,
  `sortorderid` int(11) DEFAULT NULL,
  `presence` int(11) NOT NULL DEFAULT 1
) ENGINE=InnoDB DEFAULT CHARSET=utf8;

--
-- Déchargement des données de la table `vtiger_defaultcalendarview`
--

INSERT INTO `vtiger_defaultcalendarview` (`defaultcalendarviewid`, `defaultcalendarview`, `sortorderid`, `presence`) VALUES
(1, 'ListView', 0, 1),
(2, 'MyCalendar', 1, 1),
(3, 'SharedCalendar', 2, 1);

-- --------------------------------------------------------

--
-- Structure de la table `vtiger_defaultcalendarview_seq`
--

CREATE TABLE `vtiger_defaultcalendarview_seq` (
  `id` int(11) NOT NULL
) ENGINE=MyISAM DEFAULT CHARSET=utf8;

--
-- Déchargement des données de la table `vtiger_defaultcalendarview_seq`
--

INSERT INTO `vtiger_defaultcalendarview_seq` (`id`) VALUES
(3);

-- --------------------------------------------------------

--
-- Structure de la table `vtiger_defaultcv`
--

CREATE TABLE `vtiger_defaultcv` (
  `tabid` int(19) NOT NULL,
  `defaultviewname` varchar(50) NOT NULL,
  `query` text DEFAULT NULL
) ENGINE=InnoDB DEFAULT CHARSET=utf8;

-- --------------------------------------------------------

--
-- Structure de la table `vtiger_defaulteventstatus`
--

CREATE TABLE `vtiger_defaulteventstatus` (
  `defaulteventstatusid` int(11) NOT NULL,
  `defaulteventstatus` varchar(200) NOT NULL,
  `presence` int(1) NOT NULL DEFAULT 1,
  `picklist_valueid` int(11) NOT NULL DEFAULT 0,
  `sortorderid` int(11) DEFAULT 0
) ENGINE=InnoDB DEFAULT CHARSET=utf8;

--
-- Déchargement des données de la table `vtiger_defaulteventstatus`
--

INSERT INTO `vtiger_defaulteventstatus` (`defaulteventstatusid`, `defaulteventstatus`, `presence`, `picklist_valueid`, `sortorderid`) VALUES
(1, 'Planned', 1, 296, 1),
(2, 'Held', 1, 297, 2),
(3, 'Not Held', 1, 298, 3);

-- --------------------------------------------------------

--
-- Structure de la table `vtiger_defaulteventstatus_seq`
--

CREATE TABLE `vtiger_defaulteventstatus_seq` (
  `id` int(11) NOT NULL
) ENGINE=MyISAM DEFAULT CHARSET=utf8;

--
-- Déchargement des données de la table `vtiger_defaulteventstatus_seq`
--

INSERT INTO `vtiger_defaulteventstatus_seq` (`id`) VALUES
(3);

-- --------------------------------------------------------

--
-- Structure de la table `vtiger_default_record_view`
--

CREATE TABLE `vtiger_default_record_view` (
  `default_record_viewid` int(11) NOT NULL,
  `default_record_view` varchar(200) NOT NULL,
  `sortorderid` int(11) DEFAULT NULL,
  `presence` int(11) NOT NULL DEFAULT 1
) ENGINE=InnoDB DEFAULT CHARSET=utf8;

--
-- Déchargement des données de la table `vtiger_default_record_view`
--

INSERT INTO `vtiger_default_record_view` (`default_record_viewid`, `default_record_view`, `sortorderid`, `presence`) VALUES
(1, 'Summary', 0, 1),
(2, 'Detail', 1, 1);

-- --------------------------------------------------------

--
-- Structure de la table `vtiger_default_record_view_seq`
--

CREATE TABLE `vtiger_default_record_view_seq` (
  `id` int(11) NOT NULL
) ENGINE=MyISAM DEFAULT CHARSET=utf8;

--
-- Déchargement des données de la table `vtiger_default_record_view_seq`
--

INSERT INTO `vtiger_default_record_view_seq` (`id`) VALUES
(2);

-- --------------------------------------------------------

--
-- Structure de la table `vtiger_def_org_field`
--

CREATE TABLE `vtiger_def_org_field` (
  `tabid` int(10) DEFAULT NULL,
  `fieldid` int(19) NOT NULL,
  `visible` int(19) DEFAULT NULL,
  `readonly` int(19) DEFAULT NULL
) ENGINE=InnoDB DEFAULT CHARSET=utf8;

--
-- Déchargement des données de la table `vtiger_def_org_field`
--

INSERT INTO `vtiger_def_org_field` (`tabid`, `fieldid`, `visible`, `readonly`) VALUES
(6, 1, 0, 0),
(6, 2, 0, 0),
(6, 3, 0, 0),
(6, 4, 0, 0),
(6, 5, 0, 0),
(6, 6, 0, 0),
(6, 7, 0, 0),
(6, 8, 0, 0),
(6, 9, 0, 0),
(6, 10, 0, 0),
(6, 11, 0, 0),
(6, 12, 0, 0),
(6, 13, 0, 0),
(6, 14, 0, 0),
(6, 15, 0, 0),
(6, 16, 0, 0),
(6, 17, 0, 0),
(6, 18, 0, 0),
(6, 19, 0, 0),
(6, 20, 0, 0),
(6, 21, 0, 0),
(6, 22, 0, 0),
(6, 23, 0, 0),
(6, 24, 0, 0),
(6, 25, 0, 0),
(6, 26, 0, 0),
(6, 27, 0, 0),
(6, 28, 0, 0),
(6, 29, 0, 0),
(6, 30, 0, 0),
(6, 31, 0, 0),
(6, 32, 0, 0),
(6, 33, 0, 0),
(6, 34, 0, 0),
(6, 35, 0, 0),
(6, 36, 0, 0),
(7, 37, 0, 0),
(7, 38, 0, 0),
(7, 39, 0, 0),
(7, 40, 0, 0),
(7, 41, 0, 0),
(7, 42, 0, 0),
(7, 43, 0, 0),
(7, 44, 0, 0),
(7, 45, 0, 0),
(7, 46, 0, 0),
(7, 47, 0, 0),
(7, 48, 0, 0),
(7, 49, 0, 0),
(7, 50, 0, 0),
(7, 51, 0, 0),
(7, 52, 0, 0),
(7, 53, 0, 0),
(7, 54, 0, 0),
(7, 55, 0, 0),
(7, 56, 0, 0),
(7, 57, 0, 0),
(7, 58, 0, 0),
(7, 59, 0, 0),
(7, 60, 0, 0),
(7, 61, 0, 0),
(7, 62, 0, 0),
(7, 63, 0, 0),
(7, 64, 0, 0),
(7, 65, 0, 0),
(4, 66, 0, 0),
(4, 67, 0, 0),
(4, 68, 0, 0),
(4, 69, 0, 0),
(4, 70, 0, 0),
(4, 71, 0, 0),
(4, 72, 0, 0),
(4, 73, 0, 0),
(4, 74, 0, 0),
(4, 75, 0, 0),
(4, 76, 0, 0),
(4, 77, 0, 0),
(4, 78, 0, 0),
(4, 79, 0, 0),
(4, 80, 0, 0),
(4, 81, 0, 0),
(4, 82, 0, 0),
(4, 83, 0, 0),
(4, 84, 0, 0),
(4, 85, 0, 0),
(4, 86, 0, 0),
(4, 87, 0, 0),
(4, 88, 0, 0),
(4, 89, 0, 0),
(4, 90, 0, 0),
(4, 91, 0, 0),
(4, 92, 0, 0),
(4, 93, 0, 0),
(4, 94, 0, 0),
(4, 95, 0, 0),
(4, 96, 0, 0),
(4, 97, 0, 0),
(4, 98, 0, 0),
(4, 99, 0, 0),
(4, 100, 0, 0),
(4, 101, 0, 0),
(4, 102, 0, 0),
(4, 103, 0, 0),
(4, 104, 0, 0),
(4, 105, 0, 0),
(4, 106, 0, 0),
(4, 107, 0, 0),
(4, 108, 0, 0),
(4, 109, 0, 0),
(2, 110, 0, 0),
(2, 111, 0, 0),
(2, 112, 0, 0),
(2, 113, 0, 0),
(2, 114, 0, 0),
(2, 115, 0, 0),
(2, 116, 0, 0),
(2, 117, 0, 0),
(2, 118, 0, 0),
(2, 119, 0, 0),
(2, 120, 0, 0),
(2, 121, 0, 0),
(2, 122, 0, 0),
(2, 123, 0, 0),
(2, 124, 0, 0),
(2, 125, 0, 0),
(26, 126, 0, 0),
(26, 127, 0, 0),
(26, 128, 0, 0),
(26, 129, 0, 0),
(26, 130, 0, 0),
(26, 131, 0, 0),
(26, 132, 0, 0),
(26, 133, 0, 0),
(26, 134, 0, 0),
(26, 135, 0, 0),
(26, 136, 0, 0),
(26, 137, 0, 0),
(26, 138, 0, 0),
(26, 139, 0, 0),
(26, 140, 0, 0),
(26, 141, 0, 0),
(26, 142, 0, 0),
(26, 143, 0, 0),
(26, 144, 0, 0),
(26, 145, 0, 0),
(26, 146, 0, 0),
(26, 147, 0, 0),
(26, 148, 0, 0),
(26, 149, 0, 0),
(26, 150, 0, 0),
(4, 151, 0, 0),
(6, 152, 0, 0),
(7, 153, 0, 0),
(26, 154, 0, 0),
(13, 155, 0, 0),
(13, 156, 0, 0),
(13, 157, 0, 0),
(13, 158, 0, 0),
(13, 159, 0, 0),
(13, 160, 0, 0),
(13, 161, 0, 0),
(13, 162, 0, 0),
(13, 163, 0, 0),
(13, 164, 0, 0),
(13, 165, 0, 0),
(13, 166, 0, 0),
(13, 167, 0, 0),
(13, 168, 0, 0),
(13, 169, 0, 0),
(13, 170, 0, 0),
(13, 171, 0, 0),
(13, 172, 0, 0),
(13, 173, 0, 0),
(14, 174, 0, 0),
(14, 175, 0, 0),
(14, 176, 0, 0),
(14, 177, 0, 0),
(14, 178, 0, 0),
(14, 179, 0, 0),
(14, 180, 0, 0),
(14, 181, 0, 0),
(14, 182, 0, 0),
(14, 183, 0, 0),
(14, 184, 0, 0),
(14, 185, 0, 0),
(14, 186, 0, 0),
(14, 187, 0, 0),
(14, 188, 0, 0),
(14, 189, 0, 0),
(14, 190, 0, 0),
(14, 191, 0, 0),
(14, 192, 0, 0),
(14, 193, 0, 0),
(14, 194, 0, 0),
(14, 195, 0, 0),
(14, 196, 0, 0),
(14, 197, 0, 0),
(14, 198, 0, 0),
(14, 199, 0, 0),
(14, 200, 0, 0),
(14, 201, 0, 0),
(14, 202, 0, 0),
(14, 203, 0, 0),
(14, 204, 0, 0),
(8, 205, 0, 0),
(8, 206, 0, 0),
(8, 207, 0, 0),
(8, 208, 0, 0),
(8, 209, 0, 0),
(8, 210, 0, 0),
(8, 211, 0, 0),
(8, 212, 0, 0),
(8, 213, 0, 0),
(8, 214, 0, 0),
(8, 215, 0, 0),
(8, 216, 0, 0),
(8, 217, 0, 0),
(8, 218, 0, 0),
(8, 219, 0, 0),
(10, 220, 0, 0),
(10, 221, 0, 0),
(10, 222, 0, 0),
(10, 223, 0, 0),
(10, 224, 0, 0),
(10, 225, 0, 0),
(10, 226, 0, 0),
(10, 227, 0, 0),
(10, 228, 0, 0),
(10, 229, 0, 0),
(10, 230, 0, 0),
(10, 231, 0, 0),
(9, 232, 0, 0),
(9, 233, 0, 0),
(9, 234, 0, 0),
(9, 235, 0, 0),
(9, 236, 0, 0),
(9, 237, 0, 0),
(9, 238, 0, 0),
(9, 239, 0, 0),
(9, 240, 0, 0),
(9, 241, 0, 0),
(9, 242, 0, 0),
(9, 243, 0, 0),
(9, 244, 0, 0),
(9, 245, 0, 0),
(9, 246, 0, 0),
(9, 247, 0, 0),
(9, 248, 0, 0),
(9, 249, 0, 0),
(9, 250, 0, 0),
(9, 251, 0, 0),
(9, 252, 0, 0),
(9, 253, 0, 0),
(9, 254, 0, 0),
(9, 255, 0, 0),
(16, 256, 0, 0),
(16, 257, 0, 0),
(16, 258, 0, 0),
(16, 259, 0, 0),
(16, 260, 0, 0),
(16, 261, 0, 0),
(16, 262, 0, 0),
(16, 263, 0, 0),
(16, 264, 0, 0),
(16, 265, 0, 0),
(16, 266, 0, 0),
(16, 267, 0, 0),
(16, 268, 0, 0),
(16, 269, 0, 0),
(16, 270, 0, 0),
(16, 271, 0, 0),
(16, 272, 0, 0),
(16, 273, 0, 0),
(16, 274, 0, 0),
(16, 275, 0, 0),
(16, 276, 0, 0),
(16, 277, 0, 0),
(16, 278, 0, 0),
(15, 279, 0, 0),
(15, 280, 0, 0),
(15, 281, 0, 0),
(15, 282, 0, 0),
(15, 283, 0, 0),
(15, 284, 0, 0),
(15, 285, 0, 0),
(15, 286, 0, 0),
(15, 287, 0, 0),
(15, 288, 0, 0),
(18, 289, 0, 0),
(18, 290, 0, 0),
(18, 291, 0, 0),
(18, 292, 0, 0),
(18, 293, 0, 0),
(18, 294, 0, 0),
(18, 295, 0, 0),
(18, 296, 0, 0),
(18, 297, 0, 0),
(18, 298, 0, 0),
(18, 299, 0, 0),
(18, 300, 0, 0),
(18, 301, 0, 0),
(18, 302, 0, 0),
(18, 303, 0, 0),
(18, 304, 0, 0),
(18, 305, 0, 0),
(19, 306, 0, 0),
(19, 307, 0, 0),
(19, 308, 0, 0),
(19, 309, 0, 0),
(19, 310, 0, 0),
(19, 311, 0, 0),
(19, 312, 0, 0),
(19, 313, 0, 0),
(20, 314, 0, 0),
(20, 315, 0, 0),
(20, 316, 0, 0),
(20, 317, 0, 0),
(20, 318, 0, 0),
(20, 319, 0, 0),
(20, 320, 0, 0),
(20, 321, 0, 0),
(20, 322, 0, 0),
(20, 323, 0, 0),
(20, 324, 0, 0),
(20, 325, 0, 0),
(20, 326, 0, 0),
(20, 327, 0, 0),
(20, 328, 0, 0),
(20, 329, 0, 0),
(20, 330, 0, 0),
(20, 331, 0, 0),
(20, 332, 0, 0),
(20, 333, 0, 0),
(20, 334, 0, 0),
(20, 335, 0, 0),
(20, 336, 0, 0),
(20, 337, 0, 0),
(20, 338, 0, 0),
(20, 339, 0, 0),
(20, 340, 0, 0),
(20, 341, 0, 0),
(20, 342, 0, 0),
(20, 343, 0, 0),
(20, 344, 0, 0),
(20, 345, 0, 0),
(20, 346, 0, 0),
(20, 347, 0, 0),
(20, 348, 0, 0),
(20, 349, 0, 0),
(20, 350, 0, 0),
(21, 351, 0, 0),
(21, 352, 0, 0),
(21, 353, 0, 0),
(21, 354, 0, 0),
(21, 355, 0, 0),
(21, 356, 0, 0),
(21, 357, 0, 0),
(21, 358, 0, 0),
(21, 359, 0, 0),
(21, 360, 0, 0),
(21, 361, 0, 0),
(21, 362, 0, 0),
(21, 363, 0, 0),
(21, 364, 0, 0),
(21, 365, 0, 0),
(21, 366, 0, 0),
(21, 367, 0, 0),
(21, 368, 0, 0),
(21, 369, 0, 0),
(21, 370, 0, 0),
(21, 371, 0, 0),
(21, 372, 0, 0),
(21, 373, 0, 0),
(21, 374, 0, 0),
(21, 375, 0, 0),
(21, 376, 0, 0),
(21, 377, 0, 0),
(21, 378, 0, 0),
(21, 379, 0, 0),
(21, 380, 0, 0),
(21, 381, 0, 0),
(21, 382, 0, 0),
(21, 383, 0, 0),
(21, 384, 0, 0),
(21, 385, 0, 0),
(21, 386, 0, 0),
(21, 387, 0, 0),
(21, 388, 0, 0),
(22, 389, 0, 0),
(22, 390, 0, 0),
(22, 391, 0, 0),
(22, 392, 0, 0),
(22, 393, 0, 0),
(22, 394, 0, 0),
(22, 395, 0, 0),
(22, 396, 0, 0),
(22, 397, 0, 0),
(22, 398, 0, 0),
(22, 399, 0, 0),
(22, 400, 0, 0),
(22, 401, 0, 0),
(22, 402, 0, 0),
(22, 403, 0, 0),
(22, 404, 0, 0),
(22, 405, 0, 0),
(22, 406, 0, 0),
(22, 407, 0, 0),
(22, 408, 0, 0),
(22, 409, 0, 0),
(22, 410, 0, 0),
(22, 411, 0, 0),
(22, 412, 0, 0),
(22, 413, 0, 0),
(22, 414, 0, 0),
(22, 415, 0, 0),
(22, 416, 0, 0),
(22, 417, 0, 0),
(22, 418, 0, 0),
(22, 419, 0, 0),
(22, 420, 0, 0),
(22, 421, 0, 0),
(22, 422, 0, 0),
(22, 423, 0, 0),
(22, 424, 0, 0),
(22, 425, 0, 0),
(22, 426, 0, 0),
(22, 427, 0, 0),
(22, 428, 0, 0),
(22, 429, 0, 0),
(22, 430, 0, 0),
(22, 431, 0, 0),
(22, 432, 0, 0),
(22, 433, 0, 0),
(22, 434, 0, 0),
(22, 435, 0, 0),
(23, 436, 0, 0),
(23, 437, 0, 0),
(23, 438, 0, 0),
(23, 439, 0, 0),
(23, 440, 0, 0),
(23, 441, 0, 0),
(23, 442, 0, 0),
(23, 443, 0, 0),
(23, 444, 0, 0),
(23, 445, 0, 0),
(23, 446, 0, 0),
(23, 447, 0, 0),
(23, 448, 0, 0),
(23, 449, 0, 0),
(23, 450, 0, 0),
(23, 451, 0, 0),
(23, 452, 0, 0),
(23, 453, 0, 0),
(23, 454, 0, 0),
(23, 455, 0, 0),
(23, 456, 0, 0),
(23, 457, 0, 0),
(23, 458, 0, 0),
(23, 459, 0, 0),
(23, 460, 0, 0),
(23, 461, 0, 0),
(23, 462, 0, 0),
(23, 463, 0, 0),
(23, 464, 0, 0),
(23, 465, 0, 0),
(23, 466, 0, 0),
(23, 467, 0, 0),
(23, 468, 0, 0),
(23, 469, 0, 0),
(23, 470, 0, 0),
(23, 471, 0, 0),
(23, 472, 0, 0),
(23, 473, 0, 0),
(23, 474, 0, 0),
(29, 475, 0, 0),
(29, 479, 0, 0),
(29, 480, 0, 0),
(29, 481, 0, 0),
(29, 482, 0, 0),
(29, 489, 0, 0),
(29, 490, 0, 0),
(29, 491, 0, 0),
(29, 492, 0, 0),
(29, 493, 0, 0),
(29, 494, 0, 0),
(29, 495, 0, 0),
(29, 496, 0, 0),
(29, 497, 0, 0),
(29, 498, 0, 0),
(29, 499, 0, 0),
(29, 504, 0, 0),
(29, 505, 0, 0),
(29, 506, 0, 0),
(29, 507, 0, 0),
(29, 510, 0, 0),
(29, 515, 0, 0),
(10, 520, 0, 0),
(10, 521, 0, 0),
(10, 522, 0, 0),
(10, 523, 0, 0),
(10, 524, 0, 0),
(10, 525, 0, 0),
(34, 526, 0, 0),
(34, 527, 0, 0),
(34, 528, 0, 0),
(34, 529, 0, 0),
(34, 530, 0, 0),
(34, 531, 0, 0),
(34, 532, 0, 0),
(34, 533, 0, 0),
(34, 534, 0, 0),
(34, 535, 0, 0),
(34, 536, 0, 0),
(34, 537, 0, 0),
(34, 538, 0, 0),
(34, 539, 0, 0),
(34, 540, 0, 0),
(34, 541, 0, 0),
(34, 542, 0, 0),
(29, 543, 0, 0),
(35, 544, 0, 0),
(35, 545, 0, 0),
(35, 546, 0, 0),
(35, 547, 0, 0),
(35, 548, 0, 0),
(35, 549, 0, 0),
(35, 550, 0, 0),
(35, 551, 0, 0),
(35, 552, 0, 0),
(35, 553, 0, 0),
(35, 554, 0, 0),
(35, 555, 0, 0),
(35, 556, 0, 0),
(35, 557, 0, 0),
(35, 558, 0, 0),
(35, 559, 0, 0),
(35, 560, 0, 0),
(35, 561, 0, 0),
(35, 562, 0, 0),
(35, 563, 0, 0),
(35, 564, 0, 0),
(35, 565, 0, 0),
(36, 566, 0, 0),
(36, 567, 0, 0),
(36, 568, 0, 0),
(36, 569, 0, 0),
(36, 570, 0, 0),
(36, 571, 0, 0),
(36, 572, 0, 0),
(36, 573, 0, 0),
(36, 574, 0, 0),
(36, 575, 0, 0),
(36, 576, 0, 0),
(36, 577, 0, 0),
(36, 578, 0, 0),
(36, 579, 0, 0),
(36, 580, 0, 0),
(36, 581, 0, 0),
(36, 582, 0, 0),
(36, 583, 0, 0),
(36, 584, 0, 0),
(36, 585, 0, 0),
(36, 586, 0, 0),
(36, 587, 0, 0),
(38, 588, 0, 0),
(38, 589, 0, 0),
(38, 590, 0, 0),
(38, 591, 0, 0),
(38, 592, 0, 0),
(38, 593, 0, 0),
(38, 594, 0, 0),
(38, 595, 0, 0),
(38, 596, 0, 0),
(38, 597, 0, 0),
(38, 598, 0, 0),
(38, 599, 0, 0),
(38, 600, 0, 0),
(38, 601, 0, 0),
(38, 602, 0, 0),
(38, 603, 0, 0),
(38, 604, 0, 0),
(38, 605, 0, 0),
(38, 606, 0, 0),
(38, 607, 0, 0),
(38, 608, 0, 0),
(42, 609, 0, 0),
(42, 610, 0, 0),
(42, 611, 0, 0),
(42, 612, 0, 0),
(42, 613, 0, 0),
(42, 614, 0, 0),
(42, 615, 0, 0),
(42, 616, 0, 0),
(43, 617, 0, 0),
(43, 618, 0, 0),
(43, 619, 0, 0),
(43, 620, 0, 0),
(43, 621, 0, 0),
(43, 622, 0, 0),
(43, 623, 0, 0),
(43, 624, 0, 0),
(43, 625, 0, 0),
(43, 626, 0, 0),
(43, 627, 0, 0),
(43, 628, 0, 0),
(43, 629, 0, 0),
(44, 630, 0, 0),
(44, 631, 0, 0),
(44, 632, 0, 0),
(44, 633, 0, 0),
(44, 634, 0, 0),
(44, 635, 0, 0),
(44, 636, 0, 0),
(44, 637, 0, 0),
(44, 638, 0, 0),
(44, 639, 0, 0),
(44, 640, 0, 0),
(44, 641, 0, 0),
(44, 642, 0, 0),
(44, 643, 0, 0),
(44, 644, 0, 0),
(44, 645, 0, 0),
(44, 646, 0, 0),
(44, 647, 0, 0),
(45, 648, 0, 0),
(45, 649, 0, 0),
(45, 650, 0, 0),
(45, 651, 0, 0),
(45, 652, 0, 0),
(45, 653, 0, 0),
(45, 654, 0, 0),
(45, 655, 0, 0),
(45, 656, 0, 0),
(45, 657, 0, 0),
(45, 658, 0, 0),
(45, 659, 0, 0),
(45, 660, 0, 0),
(45, 661, 0, 0),
(45, 662, 0, 0),
(45, 663, 0, 0),
(45, 664, 0, 0),
(45, 665, 0, 0),
(45, 666, 0, 0),
(45, 667, 0, 0),
(47, 668, 0, 0),
(47, 669, 0, 0),
(47, 670, 0, 0),
(47, 671, 0, 0),
(47, 672, 0, 0),
(47, 673, 0, 0),
(2, 674, 0, 0),
(29, 675, 0, 0),
(23, 676, 0, 0),
(23, 677, 0, 0),
(23, 678, 0, 0),
(23, 679, 0, 0),
(23, 680, 0, 0),
(23, 681, 0, 0),
(23, 682, 0, 0),
(23, 683, 0, 0),
(23, 684, 0, 0),
(22, 685, 0, 0),
(22, 686, 0, 0),
(22, 687, 0, 0),
(22, 688, 0, 0),
(22, 689, 0, 0),
(22, 690, 0, 0),
(22, 691, 0, 0),
(22, 692, 0, 0),
(22, 693, 0, 0),
(21, 694, 0, 0),
(21, 695, 0, 0),
(21, 696, 0, 0),
(21, 697, 0, 0),
(21, 698, 0, 0),
(21, 699, 0, 0),
(21, 700, 0, 0),
(21, 701, 0, 0),
(21, 702, 0, 0),
(20, 703, 0, 0),
(20, 704, 0, 0),
(20, 705, 0, 0),
(20, 706, 0, 0),
(20, 707, 0, 0),
(20, 708, 0, 0),
(20, 709, 0, 0),
(20, 710, 0, 0),
(20, 711, 0, 0),
(29, 712, 0, 0),
(44, 713, 0, 0),
(42, 714, 0, 0),
(29, 715, 0, 0),
(29, 716, 0, 0),
(29, 717, 0, 0),
(23, 718, 0, 0),
(22, 719, 0, 0),
(21, 720, 0, 0),
(20, 721, 0, 0),
(29, 722, 0, 0),
(6, 723, 0, 0),
(4, 724, 0, 0),
(2, 725, 0, 0),
(29, 726, 0, 0),
(23, 727, 0, 0),
(23, 728, 0, 0),
(21, 729, 0, 0),
(21, 730, 0, 0),
(18, 731, 0, 0),
(7, 732, 0, 0),
(42, 733, 0, 0),
(42, 734, 0, 0),
(23, 735, 0, 0),
(20, 736, 0, 0),
(21, 737, 0, 0),
(22, 738, 0, 0),
(29, 739, 0, 0),
(2, 740, 0, 0),
(13, 741, 0, 0),
(29, 742, 0, 0),
(29, 743, 0, 0),
(29, 744, 0, 0),
(29, 745, 0, 0),
(14, 772, 0, 0),
(36, 773, 0, 0),
(23, 774, 0, 0),
(29, 775, 0, 0),
(23, 776, 0, 0),
(23, 777, 0, 0),
(23, 778, 0, 0),
(20, 779, 0, 0),
(20, 780, 0, 0),
(20, 781, 0, 0),
(21, 782, 0, 0),
(22, 783, 0, 0),
(22, 784, 0, 0),
(22, 785, 0, 0),
(42, 786, 0, 0),
(42, 787, 0, 0),
(42, 788, 0, 0),
(2, 789, 0, 0),
(4, 790, 0, 0),
(6, 791, 0, 0),
(7, 792, 0, 0),
(8, 793, 0, 0),
(9, 794, 0, 0),
(10, 795, 0, 0),
(13, 796, 0, 0),
(14, 797, 0, 0),
(15, 798, 0, 0),
(16, 799, 0, 0),
(18, 800, 0, 0),
(19, 801, 0, 0),
(20, 802, 0, 0),
(21, 803, 0, 0),
(22, 804, 0, 0),
(23, 805, 0, 0),
(26, 806, 0, 0),
(10, 807, 0, 0),
(2, 808, 0, 0),
(4, 809, 0, 0),
(6, 810, 0, 0),
(7, 811, 0, 0),
(8, 812, 0, 0),
(9, 813, 0, 0),
(10, 814, 0, 0),
(13, 815, 0, 0),
(14, 816, 0, 0),
(15, 817, 0, 0),
(16, 818, 0, 0),
(18, 819, 0, 0),
(19, 820, 0, 0),
(20, 821, 0, 0),
(21, 822, 0, 0),
(22, 823, 0, 0),
(23, 824, 0, 0),
(26, 825, 0, 0),
(34, 826, 0, 0),
(2, 827, 0, 0),
(4, 828, 0, 0),
(6, 829, 0, 0),
(7, 830, 0, 0),
(8, 831, 0, 0),
(9, 832, 0, 0),
(10, 833, 0, 0),
(13, 834, 0, 0),
(14, 835, 0, 0),
(15, 836, 0, 0),
(16, 837, 0, 0),
(18, 838, 0, 0),
(19, 839, 0, 0),
(20, 840, 0, 0),
(21, 841, 0, 0),
(22, 842, 0, 0),
(23, 843, 0, 0),
(26, 844, 0, 0),
(34, 845, 0, 0),
(20, 846, 0, 0),
(21, 847, 0, 0),
(22, 848, 0, 0),
(23, 849, 0, 0),
(45, 850, 0, 0),
(45, 851, 0, 0),
(51, 852, 0, 0),
(51, 853, 0, 0),
(51, 854, 0, 0),
(51, 855, 0, 0),
(51, 856, 0, 0),
(51, 857, 0, 0),
(51, 858, 0, 0),
(51, 859, 0, 0),
(51, 860, 0, 0),
(51, 861, 0, 0),
(51, 862, 0, 0),
(51, 863, 0, 0),
(51, 864, 0, 0),
(51, 865, 0, 0),
(51, 866, 0, 0),
(51, 867, 0, 0),
(51, 868, 0, 0),
(51, 869, 0, 0),
(51, 870, 0, 0),
(51, 871, 0, 0),
(51, 872, 0, 0),
(51, 873, 0, 0),
(51, 874, 0, 0),
(51, 875, 0, 0),
(51, 876, 0, 0),
(51, 877, 0, 0),
(51, 878, 0, 0),
(51, 879, 0, 0),
(51, 880, 0, 0),
(6, 882, 0, 0),
(23, 884, 0, 0),
(21, 886, 0, 0),
(21, 888, 0, 0),
(21, 890, 0, 0),
(21, 892, 0, 0),
(21, 894, 0, 0),
(21, 896, 0, 0),
(21, 898, 0, 0),
(21, 900, 0, 0),
(21, 906, 0, 0),
(21, 908, 0, 0),
(21, 910, 0, 0),
(21, 912, 0, 0),
(21, 914, 0, 0),
(21, 916, 0, 0),
(21, 918, 0, 0),
(21, 920, 0, 0),
(21, 922, 0, 0),
(21, 924, 0, 0),
(21, 926, 0, 0),
(21, 930, 0, 0),
(21, 934, 0, 0),
(21, 938, 0, 0),
(21, 944, 0, 0),
(21, 946, 0, 0),
(21, 950, 0, 0),
(21, 952, 0, 0),
(21, 954, 0, 0),
(21, 956, 0, 0),
(21, 958, 0, 0),
(21, 960, 0, 0),
(21, 962, 0, 0),
(21, 964, 0, 0),
(23, 967, 0, 0),
(23, 968, 0, 0),
(22, 969, 0, 0),
(22, 970, 0, 0),
(21, 971, 0, 0),
(21, 972, 0, 0),
(2, 973, 0, 0),
(2, 974, 0, 0),
(51, 977, 0, 0),
(51, 978, 0, 0),
(51, 979, 0, 0),
(51, 980, 0, 0),
(51, 981, 0, 0),
(51, 982, 0, 0),
(51, 983, 0, 0),
(51, 984, 0, 0),
(51, 985, 0, 0),
(51, 986, 0, 0),
(51, 987, 0, 0),
(51, 988, 0, 0),
(51, 989, 0, 0),
(51, 990, 0, 0),
(51, 991, 0, 0),
(51, 992, 0, 0),
(51, 993, 0, 0),
(51, 994, 0, 0),
(51, 995, 0, 0),
(51, 996, 0, 0),
(51, 997, 0, 0),
(51, 998, 0, 0),
(51, 999, 0, 0),
(51, 1000, 0, 0),
(51, 1001, 0, 0),
(51, 1002, 0, 0),
(51, 1003, 0, 0),
(51, 1004, 0, 0),
(51, 1005, 0, 0),
(23, 1007, 0, 0),
(23, 1009, 0, 0),
(23, 1011, 0, 0),
(52, 1012, 0, 0),
(52, 1013, 0, 0),
(52, 1014, 0, 0),
(52, 1015, 0, 0),
(52, 1016, 0, 0),
(52, 1017, 0, 0),
(52, 1018, 0, 0),
(52, 1019, 0, 0),
(52, 1020, 0, 0),
(21, 1022, 0, 0),
(21, 1024, 0, 0),
(21, 1026, 0, 0),
(21, 1028, 0, 0),
(21, 1030, 0, 0),
(21, 1032, 0, 0),
(21, 1034, 0, 0),
(21, 1036, 0, 0),
(21, 1040, 0, 0),
(21, 1042, 0, 0),
(21, 1044, 0, 0);

-- --------------------------------------------------------

--
-- Structure de la table `vtiger_def_org_share`
--

CREATE TABLE `vtiger_def_org_share` (
  `ruleid` int(11) NOT NULL,
  `tabid` int(11) NOT NULL,
  `permission` int(19) DEFAULT NULL,
  `editstatus` int(19) DEFAULT NULL
) ENGINE=InnoDB DEFAULT CHARSET=utf8;

--
-- Déchargement des données de la table `vtiger_def_org_share`
--

INSERT INTO `vtiger_def_org_share` (`ruleid`, `tabid`, `permission`, `editstatus`) VALUES
(1, 2, 2, 0),
(2, 4, 2, 0),
(3, 6, 2, 0),
(4, 7, 2, 0),
(5, 9, 3, 1),
(6, 13, 2, 0),
(7, 16, 3, 2),
(8, 20, 2, 0),
(9, 21, 2, 0),
(10, 22, 2, 0),
(11, 23, 2, 0),
(12, 26, 2, 0),
(13, 8, 2, 0),
(14, 14, 2, 0),
(15, 34, 3, 0),
(16, 35, 2, 0),
(17, 36, 2, 0),
(18, 38, 2, 0),
(19, 42, 2, 0),
(20, 43, 2, 0),
(21, 44, 2, 0),
(22, 45, 2, 0),
(23, 47, 2, 0),
(24, 18, 2, 0),
(25, 10, 2, 0),
(26, 51, 2, 0),
(27, 52, 2, 0);

-- --------------------------------------------------------

--
-- Structure de la table `vtiger_def_org_share_seq`
--

CREATE TABLE `vtiger_def_org_share_seq` (
  `id` int(11) NOT NULL
) ENGINE=MyISAM DEFAULT CHARSET=utf8;

--
-- Déchargement des données de la table `vtiger_def_org_share_seq`
--

INSERT INTO `vtiger_def_org_share_seq` (`id`) VALUES
(27);

-- --------------------------------------------------------

--
-- Structure de la table `vtiger_durationhrs`
--

CREATE TABLE `vtiger_durationhrs` (
  `hrsid` int(19) NOT NULL,
  `hrs` varchar(50) DEFAULT NULL,
  `sortorderid` int(19) NOT NULL DEFAULT 0,
  `presence` int(1) NOT NULL DEFAULT 1
) ENGINE=InnoDB DEFAULT CHARSET=utf8;

-- --------------------------------------------------------

--
-- Structure de la table `vtiger_durationmins`
--

CREATE TABLE `vtiger_durationmins` (
  `minsid` int(19) NOT NULL,
  `mins` varchar(50) DEFAULT NULL,
  `sortorderid` int(19) NOT NULL DEFAULT 0,
  `presence` int(1) NOT NULL DEFAULT 1
) ENGINE=InnoDB DEFAULT CHARSET=utf8;

-- --------------------------------------------------------

--
-- Structure de la table `vtiger_duration_minutes`
--

CREATE TABLE `vtiger_duration_minutes` (
  `minutesid` int(19) NOT NULL,
  `duration_minutes` varchar(200) NOT NULL,
  `sortorderid` int(19) NOT NULL DEFAULT 0,
  `presence` int(1) NOT NULL DEFAULT 1,
  `color` varchar(10) DEFAULT NULL
) ENGINE=InnoDB DEFAULT CHARSET=utf8;

--
-- Déchargement des données de la table `vtiger_duration_minutes`
--

INSERT INTO `vtiger_duration_minutes` (`minutesid`, `duration_minutes`, `sortorderid`, `presence`, `color`) VALUES
(1, '00', 0, 1, NULL),
(2, '15', 1, 1, NULL),
(3, '30', 2, 1, NULL),
(4, '45', 3, 1, NULL);

-- --------------------------------------------------------

--
-- Structure de la table `vtiger_duration_minutes_seq`
--

CREATE TABLE `vtiger_duration_minutes_seq` (
  `id` int(11) NOT NULL
) ENGINE=MyISAM DEFAULT CHARSET=utf8;

--
-- Déchargement des données de la table `vtiger_duration_minutes_seq`
--

INSERT INTO `vtiger_duration_minutes_seq` (`id`) VALUES
(4);

-- --------------------------------------------------------

--
-- Structure de la table `vtiger_emaildetails`
--

CREATE TABLE `vtiger_emaildetails` (
  `emailid` int(19) NOT NULL,
  `from_email` varchar(50) NOT NULL DEFAULT '',
  `to_email` text DEFAULT NULL,
  `cc_email` text DEFAULT NULL,
  `bcc_email` text DEFAULT NULL,
  `assigned_user_email` varchar(50) NOT NULL DEFAULT '',
  `idlists` text DEFAULT NULL,
  `email_flag` varchar(50) NOT NULL DEFAULT ''
) ENGINE=InnoDB DEFAULT CHARSET=utf8;

--
-- Déchargement des données de la table `vtiger_emaildetails`
--

INSERT INTO `vtiger_emaildetails` (`emailid`, `from_email`, `to_email`, `cc_email`, `bcc_email`, `assigned_user_email`, `idlists`, `email_flag`) VALUES
(13, 'info@estair.travel', '[\"agbehi@gmail.com\"]', '[\"\"]', '[\"\"]', '', '', 'SENT'),
(15, 'info@estair.travel', '[\"agbehi@gmail.com\"]', '[\"\"]', '[\"\"]', '', '', 'SENT'),
(17, 'info@estair.travel', '[\"agbehi@gmail.com\"]', '[\"\"]', '[\"\"]', '', '', 'SENT'),
(19, 'info@estair.travel', '[\"agbehi@gmail.com\"]', '[\"\"]', '[\"\"]', '', '', 'SENT'),
(21, 'info@estair.travel', '[\"agbehi@gmail.com\"]', '[\"\"]', '[\"\"]', '', '', 'SENT'),
(23, 'info@estair.travel', '[\"agbehi@gmail.com\"]', '[\"\"]', '[\"\"]', '', '', 'SENT'),
(25, 'info@estair.travel', '[\"agbehi@gmail.Com\"]', '[\"\"]', '[\"\"]', '', '', 'SENT'),
(30, 'info@estair.travel', '[\"nicephore.allaglo@gmail.com\"]', '[\"\"]', '[\"\"]', '', '', 'SENT'),
(32, 'info@estair.travel', '[\"nicephore.allaglo@gmail.com\"]', '[\"agbehi@gmail.com\"]', '[\"\"]', '', '', 'SENT'),
(34, 'info@estair.travel', '[\"nicephore.allaglo@gmail.Com\"]', '[\"\"]', '[\"\"]', '', '', 'SENT');

-- --------------------------------------------------------

--
-- Structure de la table `vtiger_emailslookup`
--

CREATE TABLE `vtiger_emailslookup` (
  `crmid` int(20) DEFAULT NULL,
  `setype` varchar(100) DEFAULT NULL,
  `value` varchar(100) DEFAULT NULL,
  `fieldid` int(20) DEFAULT NULL
) ENGINE=MyISAM DEFAULT CHARSET=utf8;

--
-- Déchargement des données de la table `vtiger_emailslookup`
--

INSERT INTO `vtiger_emailslookup` (`crmid`, `setype`, `value`, `fieldid`) VALUES
(4, 'Vendors', 'info@ceteristours.com', 292);

-- --------------------------------------------------------

--
-- Structure de la table `vtiger_emails_recipientprefs`
--

CREATE TABLE `vtiger_emails_recipientprefs` (
  `id` int(11) NOT NULL,
  `tabid` int(11) NOT NULL,
  `prefs` varchar(255) DEFAULT NULL,
  `userid` int(11) DEFAULT NULL
) ENGINE=InnoDB DEFAULT CHARSET=utf8;

-- --------------------------------------------------------

--
-- Structure de la table `vtiger_emailtemplates`
--

CREATE TABLE `vtiger_emailtemplates` (
  `foldername` varchar(100) DEFAULT NULL,
  `templatename` varchar(100) DEFAULT NULL,
  `templatepath` varchar(100) DEFAULT NULL,
  `subject` varchar(255) DEFAULT NULL,
  `description` text DEFAULT NULL,
  `body` text DEFAULT NULL,
  `deleted` int(1) NOT NULL DEFAULT 0,
  `templateid` int(19) NOT NULL,
  `systemtemplate` int(1) NOT NULL DEFAULT 0,
  `module` varchar(100) DEFAULT NULL
) ENGINE=InnoDB DEFAULT CHARSET=utf8;

--
-- Déchargement des données de la table `vtiger_emailtemplates`
--

INSERT INTO `vtiger_emailtemplates` (`foldername`, `templatename`, `templatepath`, `subject`, `description`, `body`, `deleted`, `templateid`, `systemtemplate`, `module`) VALUES
('Public', 'Activity Reminder', NULL, 'Reminder', 'Reminder', '<p>This is a reminder notification for the Activity<br/>The details are :<br/> \n							&nbsp; Subject : $events-subject$<br/> \n							&nbsp; Start Date & Time : $events-date_start$<br/>\n							&nbsp; End Date & Time : $events-due_date$<br/> \n							&nbsp; Status : $events-eventstatus$<br/> \n							&nbsp; Location : $events-location$<br/> \n							&nbsp; Description : $events-description$<br/><br/> \n							<p/>', 0, 14, 1, NULL),
('Public', 'ToDo Reminder', NULL, 'Activity Reminder', 'Reminder', '<p>This is a reminder notification for the Activity<br/>The details are :<br/>\n								&nbsp; Subject : $calendar-subject$<br/>\n								&nbsp; Start Date & Time : $calendar-date_start$<br/>\n								&nbsp; Due Date : $calendar-due_date$<br/>\n								&nbsp; Status : $calendar-status$<br/>\n								&nbsp; Location : $calendar-location$<br/>\n								&nbsp; Description : $calendar-description$<br/><br/>\n								<p/>', 0, 15, 1, NULL),
('Public', 'Invite Users', NULL, 'Invitation', 'Invite Users', '<p>$invitee_name$,<br/><br/>You have been invited for an activity<br/><br/>The details are :<br/>\n								&nbsp; Subject : $events-subject$<br/>\n								&nbsp; Start Date & Time : $events-date_start$<br/> \n								&nbsp; End Date & Time : $events-due_date$<br/>\n								&nbsp; Status : $events-eventstatus$<br/>\n								&nbsp; Priority : $events-priority$<br/>\n								&nbsp; Related To : $events-crmid$<br/>\n								&nbsp; Contact List : $events-contactid$<br/>\n								&nbsp; Location : $events-location$<br/>\n								&nbsp; Description : $events-description$<br/><br/>\n								Thanks & Regards,<br/>\n								$current_user_name$\n								<p/>', 0, 16, 1, NULL),
(NULL, 'Transmission de Facture', NULL, 'Votre facture ', 'Mail de transmission de facture à un compte', '<!DOCTYPE HTML PUBLIC \"-//W3C//DTD HTML 4.01//EN\" \"http://www.w3.org/TR/html4/strict.dtd\">\r\n<html>\r\n<head>\r\n	<title></title>\r\n</head>\r\n<body class=\"scayt-enabled\">\r\n<div>\r\n<center>\r\n<table border=\"0\" cellpadding=\"0\" cellspacing=\"0\" class=\"borderGrey\" width=\"600px\">\r\n	<tbody>\r\n		<tr style=\"height:50px;\">\r\n			<td colspan=\"6\" style=\"border-top: 1px solid #ddd; font-family: Helvetica,Verdana,sans-serif\">Madame, Monsieur,<br />\r\n			<br />\r\n			Merci de trouver en pi&egrave;ce jointe la facture relative &agrave; votre billet d&#39;avion.<br />\r\n			<br />\r\n			Nous restons &agrave; votre disposition pour tout compl&eacute;ment d&#39;information.<br />\r\n			<br />\r\n			Cordialement<br />\r\n			<br />\r\n			--------------------------------------------------------------------------------------<br />\r\n			$logo$</td>\r\n		</tr>\r\n	</tbody>\r\n</table>\r\n</center>\r\n</div>\r\n</body>\r\n</html>\r\n', 0, 17, 0, 'Accounts'),
(NULL, 'Transmission de recu', NULL, 'Votre reçu de paiement', 'Mail de transmission de recu', '<!DOCTYPE HTML PUBLIC \"-//W3C//DTD HTML 4.01//EN\" \"http://www.w3.org/TR/html4/strict.dtd\">\r\n<html>\r\n<head>\r\n	<title></title>\r\n</head>\r\n<body class=\"scayt-enabled\">\r\n<center>\r\n<table border=\"0\" cellpadding=\"0\" cellspacing=\"0\" class=\"borderGrey\" width=\"600px\">\r\n	<tbody>\r\n		<tr style=\"height:50px;\">\r\n			<td colspan=\"6\" style=\"border-top: 1px solid #ddd; font-family: Helvetica,Verdana,sans-serif\">Madame, Monsieur,<br />\r\n			<br />\r\n			Merci de trouver en pi&egrave;ce jointe votre re&ccedil;u de paiement.<br />\r\n			<br />\r\n			Nous restons &agrave; votre disposition pour tout compl&eacute;ment d&#39;information.<br />\r\n			<br />\r\n			Cordialement<br />\r\n			<br />\r\n			$logo$</td>\r\n		</tr>\r\n	</tbody>\r\n</table>\r\n</center>\r\n</body>\r\n</html>\r\n', 0, 18, 0, 'Accounts');

-- --------------------------------------------------------

--
-- Structure de la table `vtiger_emailtemplates_seq`
--

