SET CLUSTER '';
SET DEFAULT_TABLE_TYPE 0;
SET WRITE_DELAY 20;
SET DEFAULT_LOCK_TIMEOUT 2000;
SET CACHE_SIZE 16384;



DROP SEQUENCE IF EXISTS PUBLIC.SYSTEM_SEQUENCE_B4ADD799_499E_49DC_997F_E4924C2E21EC;
CREATE SEQUENCE PUBLIC.SYSTEM_SEQUENCE_B4ADD799_499E_49DC_997F_E4924C2E21EC START WITH 6 BELONGS_TO_TABLE;
CREATE MEMORY TABLE PUBLIC.QUADRANT_ACTUALS(
    REGION VARCHAR(50) NOT NULL,
    DEPARTMENT VARCHAR(50) NOT NULL,
    POSITIONTITLE VARCHAR(50) NOT NULL,
    ACTUAL DECIMAL(18, 4),
    BUDGET DECIMAL(18, 4),
    VARIANCE DECIMAL(18, 4)
);
-- 148 +/- SELECT COUNT(*) FROM PUBLIC.QUADRANT_ACTUALS;
INSERT INTO PUBLIC.QUADRANT_ACTUALS(REGION, DEPARTMENT, POSITIONTITLE, ACTUAL, BUDGET, VARIANCE) VALUES
('Central', 'Sales', 'District Manager', 682625.0000, 617250.0000, -65375.0000),
('Central', 'Sales', 'Senior Sales Rep', 497223.0000, 484820.0000, -12403.0000),
('Central', 'Sales', 'Sales Rep', 675975.0000, 612500.0000, -63475.0000),
('Central', 'Sales', 'Account Executive', 409975.0000, 422500.0000, 12525.0000),
('Central', 'Sales', 'Pre-Sales', 649375.0000, 593500.0000, -55875.0000),
('Central', 'Executive Management', 'CEO', 549625.0000, 522250.0000, -27375.0000),
('Central', 'Executive Management', 'SVP WW Operations', 476000.0000, 725887.0000, 249887.0000),
('Central', 'Executive Management', 'SVP Strategic Development', 383242.0000, 403405.0000, 20163.0000),
('Central', 'Executive Management', 'SVP Partnerships', 367415.0000, 392100.0000, 24685.0000),
('Central', 'Finance', 'CFO', 770272.0000, 719855.0000, -50417.0000),
('Central', 'Finance', 'Administrative Assisitant', 827861.0000, 760990.0000, -66871.0000),
('Central', 'Finance', 'IS', 570759.0000, 577346.0000, 6587.0000),
('Central', 'Finance', 'Controller', 570373.0000, 577070.0000, 6697.0000),
('Central', 'Finance', 'Payroll', 367415.0000, 432100.0000, 64685.0000),
('Central', 'Human Resource', 'Administration', 549625.0000, 552250.0000, 2625.0000),
('Central', 'Human Resource', 'SVP HR', 574895.0000, 570300.0000, -4595.0000),
('Central', 'Human Resource', 'HR Generalists', 856190.0000, 771225.0000, -84965.0000),
('Central', 'Human Resource', 'HR Training', 397473.0000, 443570.0000, 46097.0000),
('Central', 'Human Resource', 'Sexual Harassment', 530473.0000, 538570.0000, 8097.0000),
('Central', 'Human Resource', 'EOE', 530207.0000, 538380.0000, 8173.0000),
('Central', 'Marketing & Communication', 'CMO', 827861.0000, 760990.0000, -66871.0000),
('Central', 'Marketing & Communication', 'Product Marketing Mgr', 693531.0000, 665040.0000, -28491.0000),
('Central', 'Marketing & Communication', 'Analyst Relations', 383375.0000, 443500.0000, 60125.0000),
('Central', 'Marketing & Communication', 'Press Relations', 497296.0000, 524872.0000, 27576.0000),
('Central', 'Marketing & Communication', 'Graphics', 782375.0000, 728500.0000, -53875.0000),
('Central', 'Marketing & Communication', 'Writer', 405985.0000, 459650.0000, 53665.0000),
('Central', 'Product Development', 'CTO', 405985.0000, 459650.0000, 53665.0000),
('Central', 'Product Development', 'VP Engineering', 383242.0000, 443405.0000, 60163.0000),
('Central', 'Product Development', 'Senior Engineer', 770272.0000, 719855.0000, -50417.0000),
('Central', 'Product Development', 'Engineer', 695925.0000, 666750.0000, -29175.0000),
('Central', 'Product Development', 'QA Manager', 374863.0000, 437420.0000, 62557.0000),
('Central', 'Product Development', 'QA Engineer', 367415.0000, 432100.0000, 64685.0000),
('Central', 'Professional Services', 'SVP Services', 4042220.0000, 4180000.0000, 137780.0000),
('Central', 'Professional Services', 'Services Mgr', 4401586.0000, 4680000.0000, 278414.0000),
('Central', 'Professional Services', 'Senior Consultant', 3994859.0000, 3980000.0000, -14859.0000),
('Central', 'Professional Services', 'Staff Consultant', 3824426.0000, 4180000.0000, 355574.0000),
('Central', 'Professional Services', 'Trainer', 3804948.0000, 3380000.0000, -424948.0000),
('Eastern', 'Sales', 'District Manager', 700000.0000, 700250.0000, 250.0000),
('Eastern', 'Sales', 'Senior Sales Rep', 421200.0000, 433299.0000, 12099.0000),
('Eastern', 'Sales', 'Sales Rep', 690000.0000, 690675.0000, 675.0000),
('Eastern', 'Sales', 'Account Executive', 290000.0000, 307675.0000, 17675.0000),
('Eastern', 'Sales', 'Pre-Sales', 650000.0000, 652375.0000, 2375.0000),
('Eastern', 'Executive Management', 'CEO', 500000.0000, 488750.0000, -11250.0000),
('Eastern', 'Executive Management', 'SVP WW Operations', 249800.0000, 249184.0000, -616.0000),
('Eastern', 'Executive Management', 'SVP Strategic Development', 226000.0000, 226395.0000, 395.0000),
('Eastern', 'Executive Management', 'SVP Partnerships', 531780.0000, 519179.0000, -12601.0000),
('Eastern', 'Finance', 'CFO', 831800.0000, 816449.0000, -15351.0000);
INSERT INTO PUBLIC.QUADRANT_ACTUALS(REGION, DEPARTMENT, POSITIONTITLE, ACTUAL, BUDGET, VARIANCE) VALUES
('Eastern', 'Finance', 'Administrative Assisitant', 918400.0000, 899368.0000, -19032.0000),
('Eastern', 'Finance', 'IS', 531780.0000, 529179.0000, -2601.0000),
('Eastern', 'Finance', 'Controller', 531200.0000, 528624.0000, -2576.0000),
('Eastern', 'Finance', 'Payroll', 226000.0000, 236395.0000, 10395.0000),
('Eastern', 'Human Resource', 'Administration', 500000.0000, 498750.0000, -1250.0000),
('Eastern', 'Human Resource', 'SVP HR', 538000.0000, 535135.0000, -2865.0000),
('Eastern', 'Human Resource', 'HR Generalists', 961000.0000, 940158.0000, -20842.0000),
('Eastern', 'Human Resource', 'HR Training', 271200.0000, 279674.0000, 8474.0000),
('Eastern', 'Human Resource', 'Sexual Harassment', 471200.0000, 471174.0000, -26.0000),
('Eastern', 'Human Resource', 'EOE', 470800.0000, 470791.0000, -9.0000),
('Eastern', 'Marketing & Communication', 'CMO', 918400.0000, 894368.0000, -24032.0000),
('Eastern', 'Marketing & Communication', 'Product Marketing Mgr', 716400.0000, 700953.0000, -15447.0000),
('Eastern', 'Marketing & Communication', 'Analyst Relations', 250000.0000, 254375.0000, 4375.0000),
('Eastern', 'Marketing & Communication', 'Press Relations', 421310.0000, 418404.0000, -2906.0000),
('Eastern', 'Marketing & Communication', 'Graphics', 850000.0000, 828875.0000, -21125.0000),
('Eastern', 'Marketing & Communication', 'Writer', 284000.0000, 286930.0000, 2930.0000),
('Eastern', 'Product Development', 'CTO', 284000.0000, 286930.0000, 2930.0000),
('Eastern', 'Product Development', 'VP Engineering', 249800.0000, 254184.0000, 4384.0000),
('Eastern', 'Product Development', 'Senior Engineer', 831800.0000, 811449.0000, -20351.0000),
('Eastern', 'Product Development', 'Engineer', 720000.0000, 704400.0000, -15600.0000),
('Eastern', 'Product Development', 'QA Manager', 237200.0000, 242119.0000, 4919.0000),
('Eastern', 'Product Development', 'QA Engineer', 226000.0000, 231395.0000, 5395.0000),
('Eastern', 'Professional Services', 'SVP Services', 3793000.0000, 3900000.0000, 107000.0000),
('Eastern', 'Professional Services', 'Services Mgr', 4333400.0000, 4500000.0000, 166600.0000),
('Eastern', 'Professional Services', 'Senior Consultant', 3721780.0000, 3900000.0000, 178220.0000),
('Eastern', 'Professional Services', 'Staff Consultant', 3465490.0000, 3500000.0000, 34510.0000),
('Eastern', 'Professional Services', 'Trainer', 3436200.0000, 3300000.0000, -136200.0000),
('Southern', 'Sales', 'District Manager', 700000.0000, 690250.0000, -9750.0000),
('Southern', 'Sales', 'Senior Sales Rep', 421200.0000, 423299.0000, 2099.0000),
('Southern', 'Sales', 'Sales Rep', 690000.0000, 680675.0000, -9325.0000),
('Southern', 'Sales', 'Account Executive', 290000.0000, 297675.0000, 7675.0000),
('Southern', 'Sales', 'Pre-Sales', 650000.0000, 642375.0000, -7625.0000),
('Southern', 'Executive Management', 'CEO', 500000.0000, 498750.0000, -1250.0000),
('Southern', 'Executive Management', 'SVP WW Operations', 249800.0000, 259184.0000, 9384.0000),
('Southern', 'Executive Management', 'SVP Strategic Development', 226000.0000, 236395.0000, 10395.0000),
('Southern', 'Executive Management', 'SVP Partnerships', 531780.0000, 529179.0000, -2601.0000),
('Southern', 'Finance', 'CFO', 831800.0000, 816449.0000, -15351.0000),
('Southern', 'Finance', 'Administrative Assisitant', 918400.0000, 899368.0000, -19032.0000),
('Southern', 'Finance', 'IS', 531780.0000, 529179.0000, -2601.0000),
('Southern', 'Finance', 'Controller', 531200.0000, 528624.0000, -2576.0000),
('Southern', 'Finance', 'Payroll', 226000.0000, 236395.0000, 10395.0000),
('Southern', 'Human Resource', 'Administration', 500000.0000, 498750.0000, -1250.0000),
('Southern', 'Human Resource', 'SVP HR', 538000.0000, 535135.0000, -2865.0000),
('Southern', 'Human Resource', 'HR Generalists', 961000.0000, 940158.0000, -20842.0000),
('Southern', 'Human Resource', 'HR Training', 271200.0000, 279674.0000, 8474.0000),
('Southern', 'Human Resource', 'Sexual Harassment', 471200.0000, 471174.0000, -26.0000),
('Southern', 'Human Resource', 'EOE', 470800.0000, 470791.0000, -9.0000);
INSERT INTO PUBLIC.QUADRANT_ACTUALS(REGION, DEPARTMENT, POSITIONTITLE, ACTUAL, BUDGET, VARIANCE) VALUES
('Southern', 'Marketing & Communication', 'CMO', 918400.0000, 897368.0000, -21032.0000),
('Southern', 'Marketing & Communication', 'Product Marketing Mgr', 716400.0000, 703953.0000, -12447.0000),
('Southern', 'Marketing & Communication', 'Analyst Relations', 250000.0000, 257375.0000, 7375.0000),
('Southern', 'Marketing & Communication', 'Press Relations', 421310.0000, 421404.0000, 94.0000),
('Southern', 'Marketing & Communication', 'Graphics', 850000.0000, 831875.0000, -18125.0000),
('Southern', 'Marketing & Communication', 'Writer', 284000.0000, 289930.0000, 5930.0000),
('Southern', 'Product Development', 'CTO', 284000.0000, 289930.0000, 5930.0000),
('Southern', 'Product Development', 'VP Engineering', 249800.0000, 257184.0000, 7384.0000),
('Southern', 'Product Development', 'Senior Engineer', 831800.0000, 814449.0000, -17351.0000),
('Southern', 'Product Development', 'Engineer', 720000.0000, 707400.0000, -12600.0000),
('Southern', 'Product Development', 'QA Manager', 237200.0000, 245119.0000, 7919.0000),
('Southern', 'Product Development', 'QA Engineer', 226000.0000, 234395.0000, 8395.0000),
('Southern', 'Professional Services', 'SVP Services', 3793000.0000, 3818000.0000, 25000.0000),
('Southern', 'Professional Services', 'Services Mgr', 4333400.0000, 4318000.0000, -15400.0000),
('Southern', 'Professional Services', 'Senior Consultant', 3721780.0000, 3718000.0000, -3780.0000),
('Southern', 'Professional Services', 'Staff Consultant', 3465490.0000, 3618000.0000, 152510.0000),
('Southern', 'Professional Services', 'Trainer', 3436200.0000, 2918000.0000, -518200.0000),
('Western', 'Sales', 'District Manager', 700000.0000, 688250.0000, -11750.0000),
('Western', 'Sales', 'Senior Sales Rep', 421200.0000, 421299.0000, 99.0000),
('Western', 'Sales', 'Sales Rep', 690000.0000, 678675.0000, -11325.0000),
('Western', 'Sales', 'Account Executive', 290000.0000, 295675.0000, 5675.0000),
('Western', 'Sales', 'Pre-Sales', 650000.0000, 640375.0000, -9625.0000),
('Western', 'Executive Management', 'CEO', 500000.0000, 478750.0000, -21250.0000),
('Western', 'Executive Management', 'SVP WW Operations', 249800.0000, 239184.0000, -10616.0000),
('Western', 'Executive Management', 'SVP Strategic Development', 226000.0000, 216395.0000, -9605.0000),
('Western', 'Executive Management', 'SVP Partnerships', 531780.0000, 509179.0000, -22601.0000),
('Western', 'Finance', 'CFO', 831800.0000, 814449.0000, -17351.0000),
('Western', 'Finance', 'Administrative Assisitant', 918400.0000, 897368.0000, -21032.0000),
('Western', 'Finance', 'IS', 531780.0000, 527179.0000, -4601.0000),
('Western', 'Finance', 'Controller', 531200.0000, 526624.0000, -4576.0000),
('Western', 'Finance', 'Payroll', 226000.0000, 234395.0000, 8395.0000),
('Western', 'Human Resource', 'Administration', 500000.0000, 496750.0000, -3250.0000),
('Western', 'Human Resource', 'SVP HR', 538000.0000, 533135.0000, -4865.0000),
('Western', 'Human Resource', 'HR Generalists', 961000.0000, 938158.0000, -22842.0000),
('Western', 'Human Resource', 'HR Training', 271200.0000, 277674.0000, 6474.0000),
('Western', 'Human Resource', 'Sexual Harassment', 471200.0000, 469174.0000, -2026.0000),
('Western', 'Human Resource', 'EOE', 470800.0000, 468791.0000, -2009.0000),
('Western', 'Marketing & Communication', 'CMO', 918400.0000, 897368.0000, -21032.0000),
('Western', 'Marketing & Communication', 'Product Marketing Mgr', 716400.0000, 703953.0000, -12447.0000),
('Western', 'Marketing & Communication', 'Analyst Relations', 250000.0000, 257375.0000, 7375.0000),
('Western', 'Marketing & Communication', 'Press Relations', 421310.0000, 421404.0000, 94.0000),
('Western', 'Marketing & Communication', 'Graphics', 850000.0000, 831875.0000, -18125.0000),
('Western', 'Marketing & Communication', 'Writer', 284000.0000, 289930.0000, 5930.0000),
('Western', 'Product Development', 'CTO', 284000.0000, 289930.0000, 5930.0000),
('Western', 'Product Development', 'VP Engineering', 249800.0000, 257184.0000, 7384.0000),
('Western', 'Product Development', 'Senior Engineer', 831800.0000, 814449.0000, -17351.0000);
INSERT INTO PUBLIC.QUADRANT_ACTUALS(REGION, DEPARTMENT, POSITIONTITLE, ACTUAL, BUDGET, VARIANCE) VALUES
('Western', 'Product Development', 'Engineer', 720000.0000, 707400.0000, -12600.0000),
('Western', 'Product Development', 'QA Manager', 237200.0000, 245119.0000, 7919.0000),
('Western', 'Product Development', 'QA Engineer', 226000.0000, 234395.0000, 8395.0000),
('Western', 'Professional Services', 'SVP Services', 3793000.0000, 3818000.0000, 25000.0000),
('Western', 'Professional Services', 'Services Mgr', 4333400.0000, 4418000.0000, 84600.0000),
('Western', 'Professional Services', 'Senior Consultant', 3721780.0000, 3718000.0000, -3780.0000),
('Western', 'Professional Services', 'Staff Consultant', 3465490.0000, 3336206.0000, -129284.0000),
('Western', 'Professional Services', 'Trainer', 3436200.0000, 2918000.0000, -518200.0000);
CREATE MEMORY TABLE PUBLIC.DEPARTMENT_MANAGERS(
    REGION VARCHAR(50) NOT NULL,
    MANAGER_NAME VARCHAR(50) NOT NULL,
    EMAIL VARCHAR(50)
);
-- 4 +/- SELECT COUNT(*) FROM PUBLIC.DEPARTMENT_MANAGERS;
INSERT INTO PUBLIC.DEPARTMENT_MANAGERS(REGION, MANAGER_NAME, EMAIL) VALUES
('Central', 'Joe Pentaho', 'joe.pentaho@pentaho.org'),
('Eastern', 'Suzy Pentaho', 'suzy.pentaho@pentaho.org'),
('Western', 'Pat Pentaho', 'pat.pentaho@pentaho.org'),
('Southern', 'Tiffany Pentaho', 'tiffany.pentaho@pentaho.org');
CREATE MEMORY TABLE PUBLIC.CUSTOMERS(
    CUSTOMERNUMBER INTEGER NOT NULL,
    CUSTOMERNAME VARCHAR(50) NOT NULL,
    CONTACTLASTNAME VARCHAR(50) NOT NULL,
    CONTACTFIRSTNAME VARCHAR(50) NOT NULL,
    PHONE VARCHAR(50) NOT NULL,
    ADDRESSLINE1 VARCHAR(50) NOT NULL,
    ADDRESSLINE2 VARCHAR(50),
    CITY VARCHAR(50) NOT NULL,
    STATE VARCHAR(50),
    POSTALCODE VARCHAR(15),
    COUNTRY VARCHAR(50) NOT NULL,
    SALESREPEMPLOYEENUMBER INTEGER,
    CREDITLIMIT NUMERIC(17)
);
ALTER TABLE PUBLIC.CUSTOMERS ADD CONSTRAINT PUBLIC.CONSTRAINT_6 PRIMARY KEY(CUSTOMERNUMBER);
-- 122 +/- SELECT COUNT(*) FROM PUBLIC.CUSTOMERS;
INSERT INTO PUBLIC.CUSTOMERS(CUSTOMERNUMBER, CUSTOMERNAME, CONTACTLASTNAME, CONTACTFIRSTNAME, PHONE, ADDRESSLINE1, ADDRESSLINE2, CITY, STATE, POSTALCODE, COUNTRY, SALESREPEMPLOYEENUMBER, CREDITLIMIT) VALUES
(103, 'Atelier graphique', 'Schmitt', 'Carine', '40.32.2555', '54, rue Royale', NULL, 'Nantes', NULL, '44000', 'France', 1370, 21000),
(112, 'Signal Gift Stores', 'King', 'Sue', '7025551838', '8489 Strong St.', NULL, 'Las Vegas', 'NV', '83030', 'USA', 1166, 71800),
(114, 'Australian Collectors, Co.', 'Ferguson', 'Peter', '03 9520 4555', '636 St Kilda Road', 'Level 3', 'Melbourne', 'Victoria', '3004', 'Australia', 1611, 117300),
(119, 'La Rochelle Gifts', 'Labrune', 'Janine', '40.67.8555', '67, rue des Cinquante Otages', NULL, 'Nantes', NULL, '44000', 'France', 1370, 118200),
(121, 'Baane Mini Imports', 'Bergulfsen', 'Jonas', '07-98 9555', 'Erling Skakkes gate 78', NULL, 'Stavern', NULL, '4110', 'Norway', 1504, 81700),
(124, 'Mini Gifts Distributors Ltd.', 'Nelson', 'Valarie', '4155551450', '5677 Strong St.', NULL, 'San Rafael', 'CA', '97562', 'USA', 1165, 210500),
(125, 'Havel & Zbyszek Co', 'Piestrzeniewicz', 'Zbyszek', '(26) 642-7555', 'ul. Filtrowa 68', NULL, 'Warszawa', NULL, '01-012', 'Poland', NULL, 0),
(128, 'Blauer See Auto, Co.', 'Keitel', 'Roland', '+49 69 66 90 2555', 'Lyonerstr. 34', NULL, 'Frankfurt', NULL, '60528', 'Germany', 1504, 59700),
(129, 'Mini Wheels Co.', 'Murphy', 'Julie', '6505555787', '5557 North Pendale Street', NULL, 'San Francisco', 'CA', '94217', 'USA', 1165, 64600),
(131, 'Land of Toys Inc.', 'Yu', 'Kwai', '2125557818', '897 Long Airport Avenue', NULL, 'NYC', 'NY', '10022', 'USA', 1323, 114900),
(141, 'Euro+ Shopping Channel', 'Freyre', 'Diego', '(91) 555 94 44', 'C/ Moralzarzal, 86', NULL, 'Madrid', NULL, '28034', 'Spain', 1370, 227600),
(144, 'Volvo Model Replicas, Co', 'Berglund', 'Christina', '0921-12 3555', 'Berguvsv\u00e4gen  8', NULL, 'Lule\u00e5', NULL, 'S-958 22', 'Sweden', 1504, 53100),
(145, 'Danish Wholesale Imports', 'Petersen', 'Jytte', '31 12 3555', 'Vinb\u00e6ltet 34', NULL, 'Kobenhavn', NULL, '1734', 'Denmark', 1401, 83400),
(146, 'Saveley & Henriot, Co.', 'Saveley', 'Mary', '78.32.5555', '2, rue du Commerce', NULL, 'Lyon', NULL, '69004', 'France', 1337, 123900),
(148, 'Dragon Souveniers, Ltd.', 'Natividad', 'Eric', '+65 221 7555', 'Bronz Sok., Bronz Apt. 3/6 Tesvikiye', NULL, 'Singapore', NULL, '079903', 'Singapore', 1621, 103800),
(151, 'Muscle Machine Inc', 'Young', 'Jeff', '2125557413', '4092 Furth Circle', 'Suite 400', 'NYC', 'NY', '10022', 'USA', 1286, 138500),
(157, 'Diecast Classics Inc.', 'Yu', 'Kyung', '2155551555', '7586 Pompton St.', NULL, 'Allentown', 'PA', '70267', 'USA', 1216, 100600),
(161, 'Technics Stores Inc.', 'Hirano', 'Juri', '6505556809', '9408 Furth Circle', NULL, 'Burlingame', 'CA', '94217', 'USA', 1165, 84600),
(166, 'Handji Gifts& Co', 'Victorino', 'Wendy', '+65 224 1555', 'Village Close - 106 Linden Road Sandown', '2nd Floor', 'Singapore', NULL, '069045', 'Singapore', 1612, 97900),
(167, 'Herkku Gifts', 'Oeztan', 'Veysel', '+47 2267 3215', 'Drammen 121, PR 744 Sentrum', NULL, 'Bergen', NULL, 'N 5804', 'Norway', 1504, 96800),
(168, 'American Souvenirs Inc', 'Franco', 'Sue', '2035557845', '149 Spinnaker Dr.', 'Suite 101', 'New Haven', 'CT', '97823', 'USA', 1286, 0),
(169, 'Porto Imports Co.', 'de Castro', 'Isabel', '(1) 356-5555', 'Estrada da sa\u00fade n. 58', NULL, 'Lisboa', NULL, '1756', 'Portugal', NULL, 0),
(171, 'Daedalus Designs Imports', 'Ranc\u00e9', 'Martine', '20.16.1555', '184, chauss\u00e9e de Tournai', NULL, 'Lille', NULL, '59000', 'France', 1370, 82900),
(172, 'La Corne D''abondance, Co.', 'Bertrand', 'Marie', '(1) 42.34.2555', '265, boulevard Charonne', NULL, 'Paris', NULL, '75012', 'France', 1337, 84300),
(173, 'Cambridge Collectables Co.', 'Tseng', 'Kyung', '6175555555', '4658 Baden Av.', NULL, 'Cambridge', 'MA', '51247', 'USA', 1188, 43400),
(175, 'Gift Depot Inc.', 'King', 'Julie', '2035552570', '25593 South Bay Ln.', NULL, 'Bridgewater', 'CT', '97562', 'USA', 1323, 84300),
(177, 'Osaka Souveniers Co.', 'Kentary', 'Mory', '+81 06 6342 5555', 'Dojima Avanza 4F, 1-6-20 Dojima, Kita-ku', NULL, 'Osaka', 'Osaka', ' 530-0003', 'Japan', 1621, 81200);
INSERT INTO PUBLIC.CUSTOMERS(CUSTOMERNUMBER, CUSTOMERNAME, CONTACTLASTNAME, CONTACTFIRSTNAME, PHONE, ADDRESSLINE1, ADDRESSLINE2, CITY, STATE, POSTALCODE, COUNTRY, SALESREPEMPLOYEENUMBER, CREDITLIMIT) VALUES
(181, 'Vitachrome Inc.', 'Frick', 'Michael', '2125551500', '2678 Kingston Rd.', 'Suite 101', 'NYC', 'NY', '10022', 'USA', 1286, 76400),
(186, 'Toys of Finland, Co.', 'Karttunen', 'Matti', '90-224 8555', 'Keskuskatu 45', NULL, 'Helsinki', NULL, '21240', 'Finland', 1501, 96500),
(187, 'AV Stores, Co.', 'Ashworth', 'Victoria', '(171) 555-1555', 'Fauntleroy Circus', NULL, 'Manchester', NULL, 'EC2 5NT', 'UK', 1501, 136800),
(189, 'Clover Collections, Co.', 'Cassidy', 'Dean', '+353 1862 1555', '25 Maiden Lane', 'Floor No. 4', 'Dublin', NULL, '2', 'Ireland', 1504, 69400),
(198, 'Auto-Moto Classics Inc.', 'Taylor', 'Leslie', '6175558428', '16780 Pompton St.', NULL, 'Brickhaven', 'MA', '58339', 'USA', 1216, 23000),
(201, 'UK Collectables, Ltd.', 'Devon', 'Elizabeth', '(171) 555-2282', 'Berkeley Gardens 12  Brewery', NULL, 'Liverpool', NULL, 'WX1 6LT', 'UK', 1501, 92700),
(202, 'Canadian Gift Exchange Network', 'Tannamuri', 'Yoshi', '(604) 555-3392', '1900 Oak St.', NULL, 'Vancouver', 'BC', 'V3F 2K1', 'Canada', 1323, 90300),
(204, 'Online Mini Collectables', 'Barajas', 'Miguel', '6175557555', '7635 Spinnaker Dr.', NULL, 'Brickhaven', 'MA', '58339', 'USA', 1188, 68700),
(205, 'Toys4GrownUps.com', 'Young', 'Julie', '6265557265', '78934 Hillside Dr.', NULL, 'Pasadena', 'CA', '90003', 'USA', 1166, 90700),
(206, 'Asian Shopping Network, Co', 'Walker', 'Brydey', '+612 9411 1555', 'Penthouse Level, Suntec Tower Three, 8 Temasek', NULL, 'Singapore', NULL, '038988', 'Singapore', NULL, 0),
(209, 'Mini Caravy', 'Citeaux', 'Fr\u00e9d\u00e9rique', '88.60.1555', '24, place Kl\u00e9ber', NULL, 'Strasbourg', NULL, '67000', 'France', 1370, 53800),
(211, 'King Kong Collectables, Co.', 'Sunwoo', 'Michael', '+852 2251 1555', 'Bank of China Tower, 1 Garden Road', 'Level 25', 'Central Hong Kong', NULL, '', 'Hong Kong', 1621, 58600),
(216, 'Enaco Distributors', 'Saavedra', 'Eduardo', '(93) 203 4555', 'Rambla de Catalu\u00f1a, 23', NULL, 'Barcelona', NULL, '08022', 'Spain', 1702, 60300),
(219, 'Boards & Toys Co.', 'Young', 'Leslie', '3105552373', '4097 Douglas Av.', NULL, 'Glendale', 'CA', '92561', 'USA', 1166, 11000),
(223, 'Nat\u00fcrlich Autos', 'Kloss', 'Horst', '0372-555188', 'Taucherstra\u00dfe 10', NULL, 'Cunewalde', NULL, '01307', 'Germany', NULL, 0),
(227, 'Heintze Collectables', 'Ibsen', 'Palle', '86 21 3555', 'Smagsloget 45', NULL, '\u00c5rhus', NULL, '8200', 'Denmark', 1401, 120800),
(233, 'Qu\u00e9bec Home Shopping Network', 'Fresni\u00e8re', 'Jean', '(514) 555-8054', '43 rue St. Laurent', NULL, 'Montr\u00e9al', 'Qu\u00e9bec', 'H1J 1C3', 'Canada', 1286, 48700),
(237, 'ANG Resellers', 'Camino', 'Alejandra', '(91) 745 6555', 'Gran V\u00eda, 1', NULL, 'Madrid', NULL, '28001', 'Spain', NULL, 0),
(239, 'Collectable Mini Designs Co.', 'Thompson', 'Valarie', '7605558146', '361 Furth Circle', NULL, 'San Diego', 'CA', '91217', 'USA', 1166, 105000),
(240, 'giftsbymail.co.uk', 'Bennett', 'Helen', '(198) 555-8888', 'Garden House Crowther Way', NULL, 'Cowes', 'Isle of Wight', 'PO31 7PJ', 'UK', 1501, 93900),
(242, 'Alpha Cognac', 'Roulet', 'Annette', '61.77.6555', '1 rue Alsace-Lorraine', NULL, 'Toulouse', NULL, '31000', 'France', 1370, 61100),
(247, 'Messner Shopping Network', 'Messner', 'Renate', '069-0555984', 'Magazinweg 7', NULL, 'Frankfurt', NULL, '60528', 'Germany', NULL, 0),
(249, 'Amica Models & Co.', 'Accorti', 'Paolo', '011-4988555', 'Via Monte Bianco 34', NULL, 'Torino', NULL, '10100', 'Italy', 1401, 113000),
(250, 'Lyon Souveniers', 'Da Cunha', 'Daniel', '+33 1 46 62 7555', '27 rue du Colonel Pierre Avia', NULL, 'Paris', NULL, '75508', 'France', 1337, 68100),
(256, 'Auto Associ\u00e9s & Cie.', 'Tonini', 'Daniel', '30.59.8555', '67, avenue de l''Europe', NULL, 'Versailles', NULL, '78000', 'France', 1370, 77900),
(259, 'Toms Spezialit\u00e4ten, Ltd', 'Pfalzheim', 'Henriette', '0221-5554327', 'Mehrheimerstr. 369', NULL, 'K\u00f6ln', NULL, '50739', 'Germany', 1504, 120400);
INSERT INTO PUBLIC.CUSTOMERS(CUSTOMERNUMBER, CUSTOMERNAME, CONTACTLASTNAME, CONTACTFIRSTNAME, PHONE, ADDRESSLINE1, ADDRESSLINE2, CITY, STATE, POSTALCODE, COUNTRY, SALESREPEMPLOYEENUMBER, CREDITLIMIT) VALUES
(260, 'Royal Canadian Collectables, Ltd.', 'Lincoln', 'Elizabeth', '(604) 555-4555', '23 Tsawassen Blvd.', NULL, 'Tsawassen', 'BC', 'T2F 8M4', 'Canada', 1323, 89600),
(273, 'Franken Gifts, Co', 'Franken', 'Peter', '089-0877555', 'Berliner Platz 43', NULL, 'M\u00fcnchen', NULL, '80805', 'Germany', NULL, 0),
(276, 'Anna''s Decorations, Ltd', 'O''Hara', 'Anna', '02 9936 8555', '201 Miller Street', 'Level 15', 'North Sydney', 'NSW', '2060', 'Australia', 1611, 107800),
(278, 'Rovelli Gifts', 'Rovelli', 'Giovanni', '035-640555', 'Via Ludovico il Moro 22', NULL, 'Bergamo', NULL, '24100', 'Italy', 1401, 119600),
(282, 'Souveniers And Things Co.', 'Huxley', 'Adrian', '+61 2 9495 8555', 'Monitor Money Building, 815 Pacific Hwy', 'Level 6', 'Chatswood', 'NSW', '2067', 'Australia', 1611, 93300),
(286, 'Marta''s Replicas Co.', 'Hernandez', 'Marta', '6175558555', '39323 Spinnaker Dr.', NULL, 'Cambridge', 'MA', '51247', 'USA', 1216, 123700),
(293, 'BG&E Collectables', 'Pon', 'Ed', '+41 26 425 50 01', 'Rte des Arsenaux 41', NULL, 'Fribourg', NULL, '1700', 'Switzerland', NULL, 0),
(298, 'Vida Sport, Ltd', 'Holz', 'Michael', '0897-034555', 'Grenzacherweg 237', NULL, 'Gen\u00e8ve', NULL, '1203', 'Switzerland', 1702, 141300),
(299, 'Norway Gifts By Mail, Co.', 'Klaeboe', 'Jan', '+47 2212 1555', 'Drammensveien 126 A, PB 744 Sentrum', NULL, 'Oslo', NULL, 'N 0106', 'Norway', 1504, 95100),
(303, 'Schuyler Imports', 'Schuyler', 'Bradley', '+31 20 491 9555', 'Kingsfordweg 151', NULL, 'Amsterdam', NULL, '1043 GR', 'Netherlands', NULL, 0),
(307, 'Der Hund Imports', 'Anders', 'Maria', '030-0074555', 'Obere Str. 57', NULL, 'Berlin', NULL, '12209', 'Germany', NULL, 0),
(311, 'Oulu Toy Supplies, Inc.', 'Koskitalo', 'Pirkko', '981-443655', 'Torikatu 38', NULL, 'Oulu', NULL, '90110', 'Finland', 1501, 90500),
(314, 'Petit Auto', 'Dewey', 'Catherine', '(02) 5554 67', 'Rue Joseph-Bens 532', NULL, 'Bruxelles', NULL, 'B-1180', 'Belgium', 1401, 79900),
(319, 'Mini Classics', 'Frick', 'Steve', '9145554562', '3758 North Pendale Street', NULL, 'White Plains', 'NY', '24067', 'USA', 1323, 102700),
(320, 'Mini Creations Ltd.', 'Tam', 'Wing C', '5085559555', '4575 Hillside Dr.', NULL, 'New Bedford', 'MA', '50553', 'USA', 1188, 94500),
(321, 'Corporate Gift Ideas Co.', 'Brown', 'Julie', '6505551386', '7734 Strong St.', NULL, 'San Francisco', 'CA', '94217', 'USA', 1165, 105000),
(323, 'Down Under Souveniers, Inc', 'Graham', 'Mike', '+64 9 312 5555', '162-164 Grafton Road', 'Level 2', 'Auckland', NULL, '', 'New Zealand', 1612, 88000),
(324, 'Stylish Desk Decors, Co.', 'Brown', 'Ann', '(171) 555-0297', '35 King George', NULL, 'London', NULL, 'WX3 6FW', 'UK', 1501, 77000),
(328, 'Tekni Collectables Inc.', 'Brown', 'William', '2015559350', '7476 Moss Rd.', NULL, 'Newark', 'NJ', '94019', 'USA', 1323, 44100),
(333, 'Australian Gift Network, Co', 'Calaghan', 'Tony', '61-7-3844-6555', '31 Duncan St. West End', NULL, 'South Brisbane', 'Queensland', '4101', 'Australia', 1611, 51600),
(334, 'Suominen Souveniers', 'Suominen', 'Kalle', '+358 9 8045 555', 'Software Engineering Center, SEC Oy', NULL, 'Espoo', NULL, 'FIN-02271', 'Finland', 1501, 98800),
(335, 'Cramer Spezialit\u00e4ten, Ltd', 'Cramer', 'Philip', '0555-09555', 'Maubelstr. 90', NULL, 'Brandenburg', NULL, '14776', 'Germany', NULL, 0),
(339, 'Classic Gift Ideas, Inc', 'Cervantes', 'Francisca', '2155554695', '782 First Street', NULL, 'Philadelphia', 'PA', '71270', 'USA', 1188, 81100),
(344, 'CAF Imports', 'Fernandez', 'Jesus', '+34 913 728 555', 'Merchants House, 27-30 Merchant''s Quay', NULL, 'Madrid', NULL, '28023', 'Spain', 1702, 59600),
(347, 'Men ''R'' US Retailers, Ltd.', 'Chandler', 'Michael', '2155554369', '6047 Douglas Av.', NULL, 'Los Angeles', 'CA', '91003', 'USA', 1166, 57700),
(348, 'Asian Treasures, Inc.', 'McKenna', 'Patricia', '2967 555', '8 Johnstown Road', NULL, 'Cork', 'Co. Cork', NULL, 'Ireland', NULL, 0);
INSERT INTO PUBLIC.CUSTOMERS(CUSTOMERNUMBER, CUSTOMERNAME, CONTACTLASTNAME, CONTACTFIRSTNAME, PHONE, ADDRESSLINE1, ADDRESSLINE2, CITY, STATE, POSTALCODE, COUNTRY, SALESREPEMPLOYEENUMBER, CREDITLIMIT) VALUES
(350, 'Marseille Mini Autos', 'Lebihan', 'Laurence', '91.24.4555', '12, rue des Bouchers', NULL, 'Marseille', NULL, '13008', 'France', 1337, 65000),
(353, 'Reims Collectables', 'Henriot', 'Paul', '26.47.1555', '59 rue de l''Abbaye', NULL, 'Reims', NULL, '51100', 'France', 1337, 81100),
(356, 'SAR Distributors, Co', 'Kuger', 'Armand', '+27 21 550 3555', 'Century City-Montague Gardens PO Box 37177', NULL, 'Chempet', NULL, ' 7442', 'South Africa', NULL, 0),
(357, 'GiftsForHim.com', 'MacKinlay', 'Wales', '64-9-3763555', '199 Great North Road', NULL, 'Auckland', NULL, '', 'New Zealand', 1612, 77700),
(361, 'Kommission Auto', 'Josephs', 'Karin', '0251-555259', 'Luisenstr. 48', NULL, 'M\u00fcnster', NULL, '44087', 'Germany', NULL, 0),
(362, 'Gifts4AllAges.com', 'Yoshido', 'Juri', '6175559555', '8616 Spinnaker Dr.', NULL, 'Boston', 'MA', '51003', 'USA', 1216, 41900),
(363, 'Online Diecast Creations Co.', 'Young', 'Valarie', '6035558647', '2304 Long Airport Avenue', NULL, 'Nashua', 'NH', '62005', 'USA', 1216, 114200),
(369, 'Lisboa Souveniers, Inc', 'Rodriguez', 'Lino', '(1) 354-2555', 'Jardim das rosas n. 32', NULL, 'Lisboa', NULL, '1675', 'Portugal', NULL, 0),
(376, 'Precious Collectables', 'Wang', 'Yang', '0452-076555', 'Hauptstr. 29', NULL, 'Bern', NULL, '3012', 'Switzerland', 1702, 0),
(379, 'Collectables For Less Inc.', 'Nelson', 'Allen', '6175558555', '7825 Douglas Av.', NULL, 'Brickhaven', 'MA', '58339', 'USA', 1188, 70700),
(381, 'Royale Belge', 'Cartrain', 'Pascale', '(071) 23 67 2555', 'Boulevard Tirou, 255', NULL, 'Charleroi', NULL, 'B-6000', 'Belgium', 1401, 23500),
(382, 'Salzburg Collectables', 'Pipps', 'Georg', '6562-9555', 'Geislweg 14', NULL, 'Salzburg', NULL, '5020', 'Austria', 1401, 71700),
(385, 'Cruz & Sons Co.', 'Cruz', 'Arnold', '+63 2 555 3587', '15 McCallum Street - NatWest Center #13-03', NULL, 'Makati City', NULL, '1227 MM', 'Philippines', 1621, 81500),
(386, 'L''ordine Souveniers', 'Moroni', 'Maurizio', '0522-556555', 'Strada Provinciale 124', NULL, 'Reggio Emilia', NULL, '42100', 'Italy', 1401, 121400),
(398, 'Tokyo Collectables, Ltd', 'Shimamura', 'Akiko', '+81 3 3584 0555', '2-2-8 Roppongi', NULL, 'Minato-ku', 'Tokyo', '106-0032', 'Japan', 1621, 94400),
(406, 'Auto Canal+ Petit', 'Perrier', 'Dominique', '(1) 47.55.6555', '25, rue Lauriston', NULL, 'Paris', NULL, '75016', 'France', 1337, 95000),
(409, 'Stuttgart Collectable Exchange', 'M\u00fcller', 'Rita', '0711-555361', 'Adenauerallee 900', NULL, 'Stuttgart', NULL, '70563', 'Germany', NULL, 0),
(412, 'Extreme Desk Decorations, Ltd', 'McRoy', 'Sarah', '04 499 9555', '101 Lambton Quay', 'Level 11', 'Wellington', NULL, '', 'New Zealand', 1612, 86800),
(415, 'Bavarian Collectables Imports, Co.', 'Donnermeyer', 'Michael', ' +49 89 61 08 9555', 'Hansastr. 15', NULL, 'Munich', NULL, '80686', 'Germany', 1504, 77000),
(424, 'Classic Legends Inc.', 'Hernandez', 'Maria', '2125558493', '5905 Pompton St.', 'Suite 750', 'NYC', 'NY', '10022', 'USA', 1286, 67500),
(443, 'Feuer Online Stores, Inc', 'Feuer', 'Alexander', '0342-555176', 'Heerstr. 22', NULL, 'Leipzig', NULL, '04179', 'Germany', NULL, 0),
(447, 'Gift Ideas Corp.', 'Lewis', 'Dan', '2035554407', '2440 Pompton St.', NULL, 'Glendale', 'CT', '97561', 'USA', 1323, 49700),
(448, 'Scandinavian Gift Ideas', 'Larsson', 'Maria', '0695-34 6555', '\u00c5kergatan 24', NULL, 'Br\u00e4cke', NULL, 'S-844 67', 'Sweden', 1504, 116400),
(450, 'The Sharp Gifts Warehouse', 'Frick', 'Sue', '4085553659', '3086 Ingle Ln.', NULL, 'San Jose', 'CA', '94217', 'USA', 1165, 77600),
(452, 'Mini Auto Werke', 'Mendel', 'Roland', '7675-3555', 'Kirchgasse 6', NULL, 'Graz', NULL, '8010', 'Austria', 1401, 45300),
(455, 'Super Scale Inc.', 'Murphy', 'Leslie', '2035559545', '567 North Pendale Street', NULL, 'New Haven', 'CT', '97823', 'USA', 1286, 95400),
(456, 'Microscale Inc.', 'Kuo', 'Kee', '2125551957', '5290 North Pendale Street', 'Suite 200', 'NYC', 'NY', '10022', 'USA', 1286, 39800);
INSERT INTO PUBLIC.CUSTOMERS(CUSTOMERNUMBER, CUSTOMERNAME, CONTACTLASTNAME, CONTACTFIRSTNAME, PHONE, ADDRESSLINE1, ADDRESSLINE2, CITY, STATE, POSTALCODE, COUNTRY, SALESREPEMPLOYEENUMBER, CREDITLIMIT) VALUES
(458, 'Corrida Auto Replicas, Ltd', 'Sommer', 'Mart\u00edn', '(91) 555 22 82', 'C/ Araquil, 67', NULL, 'Madrid', NULL, '28023', 'Spain', 1702, 104600),
(459, 'Warburg Exchange', 'Ottlieb', 'Sven', '0241-039123', 'Walserweg 21', NULL, 'Aachen', NULL, '52066', 'Germany', NULL, 0),
(462, 'FunGiftIdeas.com', 'Benitez', 'Violeta', '5085552555', '1785 First Street', NULL, 'New Bedford', 'MA', '50553', 'USA', 1216, 85800),
(465, 'Anton Designs, Ltd.', 'Anton', 'Carmen', '+34 913 728555', 'c/ Gobelas, 19-1 Urb. La Florida', NULL, 'Madrid', NULL, '28023', 'Spain', NULL, 0),
(471, 'Australian Collectables, Ltd', 'Connery', 'Sean', '61-9-3844-6555', '7 Allen Street', NULL, 'Glen Waverly', 'Victoria', '3150', 'Australia', 1611, 60300),
(473, 'Frau da Collezione', 'Ricotti', 'Franco', '+39 022515555', '20093 Cologno Monzese, via Alessandro Volta 16', NULL, 'Milan', NULL, '', 'Italy', 1401, 34800),
(475, 'West Coast Collectables Co.', 'Thompson', 'Steve', '3105553722', '3675 Furth Circle', NULL, 'Burbank', 'CA', '94019', 'USA', 1166, 55400),
(477, 'Mit Vergn\u00fcgen & Co.', 'Moos', 'Hanna', '0621-08555', 'Forsterstr. 57', NULL, 'Mannheim', NULL, '68306', 'Germany', NULL, 0),
(480, 'Kremlin Collectables, Co.', 'Semenov', 'Alexander', '+7 812 293 0521', '2 Pobedy Square', NULL, 'Saint Petersburg', NULL, '196143', 'Russia', NULL, 0),
(481, 'Raanan Stores, Inc', 'Altagar,G M', 'Raanan', '+ 972 9 959 8555', '3 Hagalim Blv.,', NULL, 'Herzlia', NULL, '47625', 'Israel', NULL, 0),
(484, 'Iberia Gift Imports, Corp.', 'Roel', 'Jos\u00e9 Pedro', '(95) 555 82 82', 'C/ Romero, 33', NULL, 'Sevilla', NULL, '41101', 'Spain', 1702, 65700),
(486, 'Motor Mint Distributors Inc.', 'Hernandez', 'Rosa', '2155559857', '11328 Douglas Av.', NULL, 'Philadelphia', 'PA', '71270', 'USA', 1323, 72600),
(487, 'Signal Collectibles Ltd.', 'Taylor', 'Sue', '4155554312', '2793 Furth Circle', NULL, 'Brisbane', 'CA', '94217', 'USA', 1165, 60300),
(489, 'Double Decker Gift Stores, Ltd', 'Hardy', 'Thomas', '(171) 555-7555', '120 Hanover Sq.', NULL, 'London', NULL, 'WA1 1DP', 'UK', 1501, 43300),
(495, 'Diecast Collectables', 'Franco', 'Valarie', '6175552555', '6251 Ingle Ln.', NULL, 'Boston', 'MA', '51003', 'USA', 1188, 85100),
(496, 'Kelly''s Gift Shop', 'Snowden', 'Tony', '+64 9 5555500', 'Arenales 1938 3''A''', NULL, 'Auckland', NULL, '', 'New Zealand', 1612, 110000);
CREATE MEMORY TABLE PUBLIC.EMPLOYEES(
    EMPLOYEENUMBER INTEGER NOT NULL,
    LASTNAME VARCHAR(50) NOT NULL,
    FIRSTNAME VARCHAR(50) NOT NULL,
    EXTENSION VARCHAR(10) NOT NULL,
    EMAIL VARCHAR(100) NOT NULL,
    OFFICECODE VARCHAR(20) NOT NULL,
    REPORTSTO INTEGER,
    JOBTITLE VARCHAR(50) NOT NULL
);
ALTER TABLE PUBLIC.EMPLOYEES ADD CONSTRAINT PUBLIC.CONSTRAINT_4 PRIMARY KEY(EMPLOYEENUMBER);
-- 23 +/- SELECT COUNT(*) FROM PUBLIC.EMPLOYEES;
INSERT INTO PUBLIC.EMPLOYEES(EMPLOYEENUMBER, LASTNAME, FIRSTNAME, EXTENSION, EMAIL, OFFICECODE, REPORTSTO, JOBTITLE) VALUES
(1002, 'Murphy', 'Diane', 'x5800', 'dmurphy@classicmodelcars.com', '1', NULL, 'President'),
(1056, 'Patterson', 'Mary', 'x4611', 'mpatterso@classicmodelcars.com', '1', 1002, 'VP Sales'),
(1076, 'Firrelli', 'Jeff', 'x9273', 'jfirrelli@classicmodelcars.com', '1', 1002, 'VP Marketing'),
(1088, 'Patterson', 'William', 'x4871', 'wpatterson@classicmodelcars.com', '6', 1056, 'Sales Manager (JAPAN, APAC)'),
(1102, 'Bondur', 'Gerard', 'x5408', 'athompson@classicmodelcars.com', '4', 1056, 'Sale Manager (EMEA)'),
(1143, 'Bow', 'Anthony', 'x5428', 'bhoward@classicmodelcars.com', '1', 1056, 'Sales Manager (NA)'),
(1165, 'Jennings', 'Leslie', 'x3291', 'ljennings@classicmodelcars.com', '1', 1143, 'Sales Rep'),
(1166, 'Thompson', 'Leslie', 'x4065', 'lthompson@classicmodelcars.com', '1', 1143, 'Sales Rep'),
(1188, 'Firrelli', 'Julie', 'x2173', 'jfirrelli@classicmodelcars.com', '2', 1143, 'Sales Rep'),
(1216, 'Patterson', 'Steve', 'x4334', 'spatterso@classicmodelcars.com', '2', 1143, 'Sales Rep'),
(1286, 'Tseng', 'Foon Yue', 'x2248', 'ftseng@classicmodelcars.com', '3', 1143, 'Sales Rep'),
(1323, 'Vanauf', 'George', 'x4102', 'gvanauf@classicmodelcars.com', '3', 1143, 'Sales Rep'),
(1337, 'Bondur', 'Loui', 'x6493', 'lbondur@classicmodelcars.com', '4', 1102, 'Sales Rep'),
(1370, 'Hernandez', 'Gerard', 'x2028', 'ghernande@classicmodelcars.com', '4', 1102, 'Sales Rep'),
(1401, 'Castillo', 'Pamela', 'x2759', 'pcastillo@classicmodelcars.com', '4', 1102, 'Sales Rep'),
(1501, 'Bott', 'Larry', 'x2311', 'lbott@classicmodelcars.com', '7', 1102, 'Sales Rep'),
(1504, 'Jones', 'Barry', 'x102', 'bjones@classicmodelcars.com', '7', 1102, 'Sales Rep'),
(1611, 'Fixter', 'Andy', 'x101', 'afixter@classicmodelcars.com', '6', 1088, 'Sales Rep'),
(1612, 'Marsh', 'Peter', 'x102', 'pmarsh@classicmodelcars.com', '6', 1088, 'Sales Rep'),
(1619, 'King', 'Tom', 'x103', 'tking@classicmodelcars.com', '6', 1088, 'Sales Rep'),
(1621, 'Nishi', 'Mami', 'x101', 'mnishi@classicmodelcars.com', '5', 1088, 'Sales Rep'),
(1625, 'Kato', 'Yoshimi', 'x102', 'ekato@classicmodelcars.com', '5', 1088, 'Sales Rep'),
(1702, 'Gerard', 'Martin', 'x2312', 'gmartin@classicmodelcars.com', '4', 1102, 'Sales Rep');
CREATE MEMORY TABLE PUBLIC.OFFICES(
    OFFICECODE VARCHAR(50) NOT NULL,
    CITY VARCHAR(50) NOT NULL,
    PHONE VARCHAR(50) NOT NULL,
    ADDRESSLINE1 VARCHAR(50) NOT NULL,
    ADDRESSLINE2 VARCHAR(50),
    STATE VARCHAR(50),
    COUNTRY VARCHAR(50) NOT NULL,
    POSTALCODE VARCHAR(10) NOT NULL,
    TERRITORY VARCHAR(10) NOT NULL
);
ALTER TABLE PUBLIC.OFFICES ADD CONSTRAINT PUBLIC.CONSTRAINT_C PRIMARY KEY(OFFICECODE);
-- 7 +/- SELECT COUNT(*) FROM PUBLIC.OFFICES;
INSERT INTO PUBLIC.OFFICES(OFFICECODE, CITY, PHONE, ADDRESSLINE1, ADDRESSLINE2, STATE, COUNTRY, POSTALCODE, TERRITORY) VALUES
('1', 'San Francisco', '+1 650 219 4782', '100 Market Street', 'Suite 300', 'CA', 'USA', '94080', 'NA'),
('2', 'Boston', '+1 215 837 0825', '1550 Court Place', 'Suite 102', 'MA', 'USA', '02107', 'NA'),
('3', 'NYC', '+1 212 555 3000', '523 East 53rd Street', 'apt. 5A', 'NY', 'USA', '10022', 'NA'),
('4', 'Paris', '+33 14 723 4404', '43 Rue Jouffroy D''abbans', NULL, '', 'France', '75017', 'EMEA'),
('5', 'Tokyo', '+81 33 224 5000', '4-1 Kioicho', NULL, 'Chiyoda-Ku', 'Japan', '102-8578', 'Japan'),
('6', 'Sydney', '+61 2 9264 2451', '5-11 Wentworth Avenue', 'Floor #2', NULL, 'Australia', 'NSW 2010', 'APAC'),
('7', 'London', '+44 20 7877 2041', '25 Old Broad Street', 'Level 7', NULL, 'UK', 'EC2N 1HN', 'EMEA');
CREATE MEMORY TABLE PUBLIC.ORDERDETAILS(
    ORDERNUMBER INTEGER NOT NULL SELECTIVITY 10,
    PRODUCTCODE VARCHAR(50) NOT NULL SELECTIVITY 10,
    QUANTITYORDERED INTEGER NOT NULL SELECTIVITY 3,
    PRICEEACH NUMERIC(17) NOT NULL SELECTIVITY 18,
    ORDERLINENUMBER SMALLINT NOT NULL SELECTIVITY 1
);
ALTER TABLE PUBLIC.ORDERDETAILS ADD CONSTRAINT PUBLIC.CONSTRAINT_B PRIMARY KEY(ORDERNUMBER, PRODUCTCODE);
-- 2996 +/- SELECT COUNT(*) FROM PUBLIC.ORDERDETAILS;
INSERT INTO PUBLIC.ORDERDETAILS(ORDERNUMBER, PRODUCTCODE, QUANTITYORDERED, PRICEEACH, ORDERLINENUMBER) VALUES
(10100, 'S18_1749', 30, 172, 3),
(10100, 'S18_2248', 50, 68, 2),
(10100, 'S18_4409', 22, 87, 4),
(10100, 'S24_3969', 49, 34, 1),
(10101, 'S18_2325', 25, 151, 4),
(10101, 'S18_2795', 26, 145, 1),
(10101, 'S24_1937', 45, 31, 3),
(10101, 'S24_2022', 46, 54, 2),
(10102, 'S18_1342', 39, 123, 2),
(10102, 'S18_1367', 41, 50, 1),
(10103, 'S10_1949', 26, 208, 11),
(10103, 'S10_4962', 42, 129, 4),
(10103, 'S12_1666', 27, 126, 8),
(10103, 'S18_1097', 35, 112, 10),
(10103, 'S18_2432', 22, 54, 2),
(10103, 'S18_2949', 27, 83, 12),
(10103, 'S18_2957', 35, 57, 14),
(10103, 'S18_3136', 25, 102, 13),
(10103, 'S18_3320', 46, 104, 16),
(10103, 'S18_4600', 36, 117, 5),
(10103, 'S18_4668', 41, 47, 9),
(10103, 'S24_2300', 36, 102, 1),
(10103, 'S24_4258', 25, 115, 15),
(10103, 'S32_1268', 31, 104, 3),
(10103, 'S32_3522', 45, 76, 7),
(10103, 'S700_2824', 42, 106, 6),
(10104, 'S12_3148', 34, 175, 1),
(10104, 'S12_4473', 41, 113, 9),
(10104, 'S18_2238', 24, 144, 8),
(10104, 'S18_2319', 29, 130, 12),
(10104, 'S18_3232', 23, 198, 13),
(10104, 'S18_4027', 38, 141, 3),
(10104, 'S24_1444', 35, 55, 6),
(10104, 'S24_2840', 44, 40, 10),
(10104, 'S24_4048', 26, 112, 5),
(10104, 'S32_2509', 35, 48, 11),
(10104, 'S32_3207', 49, 66, 4),
(10104, 'S50_1392', 33, 112, 7),
(10104, 'S50_1514', 32, 53, 2),
(10105, 'S10_4757', 50, 144, 2),
(10105, 'S12_1108', 41, 212, 15),
(10105, 'S12_3891', 29, 157, 14),
(10105, 'S18_3140', 22, 139, 11),
(10105, 'S18_3259', 38, 114, 13),
(10105, 'S18_4522', 41, 83, 10),
(10105, 'S24_2011', 43, 147, 9),
(10105, 'S24_3151', 44, 73, 4),
(10105, 'S24_3816', 50, 80, 1),
(10105, 'S700_1138', 41, 71, 5),
(10105, 'S700_1938', 29, 70, 12),
(10105, 'S700_2610', 31, 66, 3),
(10105, 'S700_3505', 39, 81, 6),
(10105, 'S700_3962', 22, 116, 7),
(10105, 'S72_3212', 25, 57, 8),
(10106, 'S18_1662', 36, 147, 12),
(10106, 'S18_2581', 34, 90, 2),
(10106, 'S18_3029', 41, 83, 18),
(10106, 'S18_3856', 41, 116, 17),
(10106, 'S24_1785', 28, 89, 4),
(10106, 'S24_2841', 49, 75, 13),
(10106, 'S24_3420', 31, 53, 14),
(10106, 'S24_3949', 50, 65, 11),
(10106, 'S24_4278', 26, 64, 3),
(10106, 'S32_4289', 33, 73, 5),
(10106, 'S50_1341', 39, 40, 6),
(10106, 'S700_1691', 31, 107, 7),
(10106, 'S700_2047', 30, 106, 16),
(10106, 'S700_2466', 34, 111, 9),
(10106, 'S700_2834', 32, 125, 1),
(10106, 'S700_3167', 44, 74, 8),
(10106, 'S700_4002', 48, 61, 10),
(10106, 'S72_1253', 48, 53, 15),
(10107, 'S10_1678', 30, 96, 2),
(10107, 'S10_2016', 39, 100, 5),
(10107, 'S10_4698', 27, 225, 4),
(10107, 'S12_2823', 21, 145, 1),
(10107, 'S18_2625', 29, 71, 6),
(10107, 'S24_1578', 25, 114, 3),
(10107, 'S24_2000', 38, 83, 7),
(10107, 'S32_1374', 20, 93, 8),
(10108, 'S12_1099', 33, 160, 6),
(10108, 'S12_3380', 45, 136, 4),
(10108, 'S12_3990', 39, 89, 7),
(10108, 'S12_4675', 36, 104, 3),
(10108, 'S18_1889', 38, 82, 2),
(10108, 'S18_3278', 26, 68, 9),
(10108, 'S18_3482', 29, 140, 8),
(10108, 'S18_3782', 43, 68, 12),
(10108, 'S18_4721', 44, 126, 11),
(10108, 'S24_2360', 35, 59, 15),
(10108, 'S24_3371', 30, 63, 5),
(10108, 'S24_3856', 40, 136, 1),
(10108, 'S24_4620', 31, 69, 10),
(10108, 'S32_2206', 27, 43, 13),
(10108, 'S32_4485', 31, 118, 16),
(10108, 'S50_4713', 34, 83, 14),
(10109, 'S18_1129', 26, 168, 4),
(10109, 'S18_1984', 38, 117, 3),
(10109, 'S18_2870', 26, 121, 1),
(10109, 'S18_3232', 46, 180, 5),
(10109, 'S18_3685', 47, 133, 2),
(10109, 'S24_2972', 29, 32, 6),
(10110, 'S18_1589', 37, 147, 16),
(10110, 'S18_1749', 42, 145, 7),
(10110, 'S18_2248', 32, 50, 6),
(10110, 'S18_2325', 33, 117, 4),
(10110, 'S18_2795', 31, 164, 1),
(10110, 'S18_4409', 28, 89, 8),
(10110, 'S18_4933', 42, 61, 9),
(10110, 'S24_1046', 36, 85, 13),
(10110, 'S24_1628', 29, 59, 15),
(10110, 'S24_1937', 20, 36, 3),
(10110, 'S24_2022', 39, 44, 2),
(10110, 'S24_2766', 43, 78, 11),
(10110, 'S24_2887', 46, 129, 10),
(10110, 'S24_3191', 27, 74, 12),
(10110, 'S24_3432', 37, 101, 14),
(10110, 'S24_3969', 48, 34, 5),
(10111, 'S18_1342', 33, 100, 6),
(10111, 'S18_1367', 48, 49, 5),
(10111, 'S18_2957', 28, 64, 2),
(10111, 'S18_3136', 43, 112, 1);
INSERT INTO PUBLIC.ORDERDETAILS(ORDERNUMBER, PRODUCTCODE, QUANTITYORDERED, PRICEEACH, ORDERLINENUMBER) VALUES
(10111, 'S18_3320', 39, 107, 4),
(10111, 'S24_4258', 26, 87, 3),
(10112, 'S10_1949', 29, 249, 1),
(10112, 'S18_2949', 23, 110, 2),
(10113, 'S12_1666', 21, 163, 2),
(10113, 'S18_1097', 49, 100, 4),
(10113, 'S18_4668', 50, 50, 3),
(10113, 'S32_3522', 23, 69, 1),
(10114, 'S10_4962', 31, 139, 8),
(10114, 'S18_2319', 39, 107, 3),
(10114, 'S18_2432', 45, 69, 6),
(10114, 'S18_3232', 48, 171, 4),
(10114, 'S18_4600', 41, 117, 9),
(10114, 'S24_2300', 21, 139, 5),
(10114, 'S24_2840', 24, 30, 1),
(10114, 'S32_1268', 32, 115, 7),
(10114, 'S32_2509', 28, 56, 2),
(10114, 'S700_2824', 42, 113, 10),
(10115, 'S12_4473', 46, 124, 5),
(10115, 'S18_2238', 46, 160, 4),
(10115, 'S24_1444', 47, 69, 2),
(10115, 'S24_4048', 44, 127, 1),
(10115, 'S50_1392', 27, 105, 3),
(10116, 'S32_3207', 27, 63, 1),
(10117, 'S12_1108', 33, 183, 9),
(10117, 'S12_3148', 43, 137, 10),
(10117, 'S12_3891', 39, 152, 8),
(10117, 'S18_3140', 26, 137, 5),
(10117, 'S18_3259', 21, 96, 7),
(10117, 'S18_4027', 22, 126, 12),
(10117, 'S18_4522', 23, 97, 4),
(10117, 'S24_2011', 41, 127, 3),
(10117, 'S50_1514', 21, 49, 11),
(10117, 'S700_1938', 38, 80, 6),
(10117, 'S700_3962', 45, 83, 1),
(10117, 'S72_3212', 50, 44, 2),
(10118, 'S700_3505', 36, 117, 1),
(10119, 'S10_4757', 46, 109, 11),
(10119, 'S18_1662', 43, 161, 3),
(10119, 'S18_3029', 21, 89, 9),
(10119, 'S18_3856', 27, 100, 8),
(10119, 'S24_2841', 41, 60, 4),
(10119, 'S24_3151', 35, 88, 13),
(10119, 'S24_3420', 20, 73, 5),
(10119, 'S24_3816', 35, 91, 10),
(10119, 'S24_3949', 28, 70, 2),
(10119, 'S700_1138', 25, 77, 14),
(10119, 'S700_2047', 29, 94, 7),
(10119, 'S700_2610', 38, 66, 12),
(10119, 'S700_4002', 26, 59, 1),
(10119, 'S72_1253', 28, 48, 6),
(10120, 'S10_2016', 29, 96, 3),
(10120, 'S10_4698', 46, 201, 2),
(10120, 'S18_2581', 29, 72, 8),
(10120, 'S18_2625', 46, 58, 4),
(10120, 'S24_1578', 35, 98, 1),
(10120, 'S24_1785', 39, 119, 10),
(10120, 'S24_2000', 34, 84, 5),
(10120, 'S24_4278', 29, 85, 9),
(10120, 'S32_1374', 22, 112, 6),
(10120, 'S32_4289', 29, 72, 11),
(10120, 'S50_1341', 49, 51, 12),
(10120, 'S700_1691', 47, 82, 13),
(10120, 'S700_2466', 24, 108, 15),
(10120, 'S700_2834', 24, 142, 7),
(10120, 'S700_3167', 43, 76, 14),
(10121, 'S10_1678', 34, 81, 5),
(10121, 'S12_2823', 50, 166, 4),
(10121, 'S24_2360', 32, 77, 2),
(10121, 'S32_4485', 25, 87, 3),
(10121, 'S50_4713', 44, 75, 1),
(10122, 'S12_1099', 42, 181, 10),
(10122, 'S12_3380', 37, 100, 8),
(10122, 'S12_3990', 32, 64, 11),
(10122, 'S12_4675', 20, 107, 7),
(10122, 'S18_1129', 34, 147, 2),
(10122, 'S18_1889', 43, 72, 6),
(10122, 'S18_1984', 31, 132, 1),
(10122, 'S18_3232', 25, 144, 3),
(10122, 'S18_3278', 21, 73, 13),
(10122, 'S18_3482', 21, 118, 12),
(10122, 'S18_3782', 35, 50, 16),
(10122, 'S18_4721', 28, 128, 15),
(10122, 'S24_2972', 39, 31, 4),
(10122, 'S24_3371', 34, 50, 9),
(10122, 'S24_3856', 43, 128, 5),
(10122, 'S24_4620', 29, 71, 14),
(10122, 'S32_2206', 31, 45, 17),
(10123, 'S18_1589', 26, 118, 2),
(10123, 'S18_2870', 46, 112, 3),
(10123, 'S18_3685', 34, 157, 4),
(10123, 'S24_1628', 50, 60, 1),
(10124, 'S18_1749', 21, 136, 6),
(10124, 'S18_2248', 42, 54, 5),
(10124, 'S18_2325', 42, 106, 3),
(10124, 'S18_4409', 36, 86, 7),
(10124, 'S18_4933', 23, 58, 8),
(10124, 'S24_1046', 22, 78, 12),
(10124, 'S24_1937', 45, 38, 2),
(10124, 'S24_2022', 22, 45, 1),
(10124, 'S24_2766', 32, 73, 10),
(10124, 'S24_2887', 25, 94, 9),
(10124, 'S24_3191', 49, 83, 11),
(10124, 'S24_3432', 43, 121, 13),
(10124, 'S24_3969', 46, 33, 4),
(10125, 'S18_1342', 32, 102, 1),
(10125, 'S18_2795', 34, 191, 2),
(10126, 'S10_1949', 38, 193, 11),
(10126, 'S10_4962', 22, 152, 4),
(10126, 'S12_1666', 21, 116, 8),
(10126, 'S18_1097', 38, 102, 10),
(10126, 'S18_1367', 42, 55, 17),
(10126, 'S18_2432', 43, 65, 2),
(10126, 'S18_2949', 31, 90, 12),
(10126, 'S18_2957', 46, 74, 14),
(10126, 'S18_3136', 30, 97, 13),
(10126, 'S18_3320', 38, 82, 16),
(10126, 'S18_4600', 50, 142, 5),
(10126, 'S18_4668', 43, 54, 9),
(10126, 'S24_2300', 27, 127, 1),
(10126, 'S24_4258', 34, 105, 15),
(10126, 'S32_1268', 43, 96, 3);
INSERT INTO PUBLIC.ORDERDETAILS(ORDERNUMBER, PRODUCTCODE, QUANTITYORDERED, PRICEEACH, ORDERLINENUMBER) VALUES
(10126, 'S32_3522', 26, 63, 7),
(10126, 'S700_2824', 45, 102, 6),
(10127, 'S12_1108', 46, 245, 2),
(10127, 'S12_3148', 46, 160, 3),
(10127, 'S12_3891', 42, 194, 1),
(10127, 'S12_4473', 24, 107, 11),
(10127, 'S18_2238', 45, 159, 10),
(10127, 'S18_2319', 45, 140, 14),
(10127, 'S18_3232', 22, 174, 15),
(10127, 'S18_4027', 25, 138, 5),
(10127, 'S24_1444', 20, 61, 8),
(10127, 'S24_2840', 39, 38, 12),
(10127, 'S24_4048', 20, 97, 7),
(10127, 'S32_2509', 45, 52, 13),
(10127, 'S32_3207', 29, 71, 6),
(10127, 'S50_1392', 46, 134, 9),
(10127, 'S50_1514', 46, 69, 4),
(10128, 'S18_3140', 41, 135, 2),
(10128, 'S18_3259', 41, 118, 4),
(10128, 'S18_4522', 43, 92, 1),
(10128, 'S700_1938', 32, 97, 3),
(10129, 'S10_4757', 33, 133, 2),
(10129, 'S24_2011', 45, 134, 9),
(10129, 'S24_3151', 41, 95, 4),
(10129, 'S24_3816', 50, 78, 1),
(10129, 'S700_1138', 31, 60, 5),
(10129, 'S700_2610', 45, 85, 3),
(10129, 'S700_3505', 42, 91, 6),
(10129, 'S700_3962', 30, 85, 7),
(10129, 'S72_3212', 32, 65, 8),
(10130, 'S18_3029', 40, 96, 2),
(10130, 'S18_3856', 33, 104, 1),
(10131, 'S18_1662', 21, 132, 4),
(10131, 'S24_2841', 35, 67, 5),
(10131, 'S24_3420', 29, 59, 6),
(10131, 'S24_3949', 50, 82, 3),
(10131, 'S700_2047', 22, 86, 8),
(10131, 'S700_2466', 40, 111, 1),
(10131, 'S700_4002', 26, 85, 2),
(10131, 'S72_1253', 21, 42, 7),
(10132, 'S700_3167', 36, 69, 1),
(10133, 'S18_2581', 49, 69, 3),
(10133, 'S24_1785', 41, 94, 5),
(10133, 'S24_4278', 46, 78, 4),
(10133, 'S32_1374', 23, 115, 1),
(10133, 'S32_4289', 49, 57, 6),
(10133, 'S50_1341', 27, 50, 7),
(10133, 'S700_1691', 24, 78, 8),
(10133, 'S700_2834', 27, 100, 2),
(10134, 'S10_1678', 41, 95, 2),
(10134, 'S10_2016', 27, 123, 5),
(10134, 'S10_4698', 31, 227, 4),
(10134, 'S12_2823', 20, 136, 1),
(10134, 'S18_2625', 30, 62, 6),
(10134, 'S24_1578', 35, 94, 3),
(10134, 'S24_2000', 43, 83, 7),
(10135, 'S12_1099', 42, 191, 7),
(10135, 'S12_3380', 48, 126, 5),
(10135, 'S12_3990', 24, 75, 8),
(10135, 'S12_4675', 29, 98, 4),
(10135, 'S18_1889', 48, 79, 3),
(10135, 'S18_3278', 45, 78, 10),
(10135, 'S18_3482', 42, 129, 9),
(10135, 'S18_3782', 45, 50, 13),
(10135, 'S18_4721', 31, 152, 12),
(10135, 'S24_2360', 29, 62, 16),
(10135, 'S24_2972', 20, 36, 1),
(10135, 'S24_3371', 27, 66, 6),
(10135, 'S24_3856', 47, 135, 2),
(10135, 'S24_4620', 23, 87, 11),
(10135, 'S32_2206', 33, 40, 14),
(10135, 'S32_4485', 30, 90, 17),
(10135, 'S50_4713', 44, 96, 15),
(10136, 'S18_1129', 25, 146, 2),
(10136, 'S18_1984', 36, 147, 1),
(10136, 'S18_3232', 41, 203, 3),
(10137, 'S18_1589', 44, 100, 2),
(10137, 'S18_2870', 37, 117, 3),
(10137, 'S18_3685', 31, 165, 4),
(10137, 'S24_1628', 26, 50, 1),
(10138, 'S18_1749', 33, 162, 6),
(10138, 'S18_2248', 22, 48, 5),
(10138, 'S18_2325', 38, 108, 3),
(10138, 'S18_4409', 47, 100, 7),
(10138, 'S18_4933', 23, 67, 8),
(10138, 'S24_1046', 45, 85, 12),
(10138, 'S24_1937', 22, 29, 2),
(10138, 'S24_2022', 33, 43, 1),
(10138, 'S24_2766', 28, 105, 10),
(10138, 'S24_2887', 30, 139, 9),
(10138, 'S24_3191', 49, 91, 11),
(10138, 'S24_3432', 21, 119, 13),
(10138, 'S24_3969', 29, 38, 4),
(10139, 'S18_1342', 31, 103, 7),
(10139, 'S18_1367', 49, 43, 6),
(10139, 'S18_2795', 41, 194, 8),
(10139, 'S18_2949', 46, 121, 1),
(10139, 'S18_2957', 20, 71, 3),
(10139, 'S18_3136', 20, 90, 2),
(10139, 'S18_3320', 30, 103, 5),
(10139, 'S24_4258', 29, 113, 4),
(10140, 'S10_1949', 37, 199, 11),
(10140, 'S10_4962', 26, 123, 4),
(10140, 'S12_1666', 38, 127, 8),
(10140, 'S18_1097', 32, 131, 10),
(10140, 'S18_2432', 46, 62, 2),
(10140, 'S18_4600', 40, 115, 5),
(10140, 'S18_4668', 29, 43, 9),
(10140, 'S24_2300', 47, 109, 1),
(10140, 'S32_1268', 26, 109, 3),
(10140, 'S32_3522', 28, 61, 7),
(10140, 'S700_2824', 36, 114, 6),
(10141, 'S12_4473', 21, 102, 5),
(10141, 'S18_2238', 39, 152, 4),
(10141, 'S18_2319', 47, 134, 8),
(10141, 'S18_3232', 34, 142, 9),
(10141, 'S24_1444', 20, 54, 2),
(10141, 'S24_2840', 21, 42, 6),
(10141, 'S24_4048', 40, 95, 1),
(10141, 'S32_2509', 24, 46, 7),
(10141, 'S50_1392', 44, 125, 3),
(10142, 'S12_1108', 33, 243, 12);
INSERT INTO PUBLIC.ORDERDETAILS(ORDERNUMBER, PRODUCTCODE, QUANTITYORDERED, PRICEEACH, ORDERLINENUMBER) VALUES
(10142, 'S12_3148', 33, 151, 13),
(10142, 'S12_3891', 46, 206, 11),
(10142, 'S18_3140', 47, 128, 8),
(10142, 'S18_3259', 22, 98, 10),
(10142, 'S18_4027', 24, 158, 15),
(10142, 'S18_4522', 24, 70, 7),
(10142, 'S24_2011', 33, 102, 6),
(10142, 'S24_3151', 49, 98, 1),
(10142, 'S32_3207', 42, 75, 16),
(10142, 'S50_1514', 42, 50, 14),
(10142, 'S700_1138', 41, 64, 2),
(10142, 'S700_1938', 43, 84, 9),
(10142, 'S700_3505', 21, 111, 3),
(10142, 'S700_3962', 38, 85, 4),
(10142, 'S72_3212', 39, 44, 5),
(10143, 'S10_4757', 49, 114, 15),
(10143, 'S18_1662', 32, 164, 7),
(10143, 'S18_3029', 46, 75, 13),
(10143, 'S18_3856', 34, 102, 12),
(10143, 'S24_2841', 27, 61, 8),
(10143, 'S24_3420', 33, 78, 9),
(10143, 'S24_3816', 23, 81, 14),
(10143, 'S24_3949', 28, 66, 6),
(10143, 'S50_1341', 34, 37, 1),
(10143, 'S700_1691', 36, 110, 2),
(10143, 'S700_2047', 26, 100, 11),
(10143, 'S700_2466', 26, 83, 4),
(10143, 'S700_2610', 31, 85, 16),
(10143, 'S700_3167', 28, 96, 3),
(10143, 'S700_4002', 34, 86, 5),
(10143, 'S72_1253', 37, 51, 10),
(10144, 'S32_4289', 20, 82, 1),
(10145, 'S10_1678', 45, 83, 6),
(10145, 'S10_2016', 37, 140, 9),
(10145, 'S10_4698', 33, 157, 8),
(10145, 'S12_2823', 49, 170, 5),
(10145, 'S18_2581', 30, 85, 14),
(10145, 'S18_2625', 30, 50, 10),
(10145, 'S24_1578', 43, 96, 7),
(10145, 'S24_1785', 40, 88, 16),
(10145, 'S24_2000', 47, 83, 11),
(10145, 'S24_2360', 27, 61, 3),
(10145, 'S24_4278', 33, 85, 15),
(10145, 'S32_1374', 33, 94, 12),
(10145, 'S32_2206', 31, 36, 1),
(10145, 'S32_4485', 27, 120, 4),
(10145, 'S50_4713', 38, 81, 2),
(10145, 'S700_2834', 20, 138, 13),
(10146, 'S18_3782', 47, 67, 2),
(10146, 'S18_4721', 29, 153, 1),
(10147, 'S12_1099', 48, 193, 7),
(10147, 'S12_3380', 31, 113, 5),
(10147, 'S12_3990', 21, 64, 8),
(10147, 'S12_4675', 33, 98, 4),
(10147, 'S18_1889', 26, 82, 3),
(10147, 'S18_3278', 36, 86, 10),
(10147, 'S18_3482', 37, 119, 9),
(10147, 'S24_2972', 25, 43, 1),
(10147, 'S24_3371', 30, 69, 6),
(10147, 'S24_3856', 23, 126, 2),
(10147, 'S24_4620', 31, 65, 11),
(10148, 'S18_1129', 23, 117, 13),
(10148, 'S18_1589', 47, 124, 9),
(10148, 'S18_1984', 25, 169, 12),
(10148, 'S18_2870', 27, 131, 10),
(10148, 'S18_3232', 32, 169, 14),
(10148, 'S18_3685', 28, 130, 11),
(10148, 'S18_4409', 34, 106, 1),
(10148, 'S18_4933', 29, 81, 2),
(10148, 'S24_1046', 25, 60, 6),
(10148, 'S24_1628', 47, 57, 8),
(10148, 'S24_2766', 21, 74, 4),
(10148, 'S24_2887', 34, 129, 3),
(10148, 'S24_3191', 31, 74, 5),
(10148, 'S24_3432', 27, 129, 7),
(10149, 'S18_1342', 50, 118, 4),
(10149, 'S18_1367', 30, 58, 3),
(10149, 'S18_1749', 34, 158, 11),
(10149, 'S18_2248', 24, 62, 10),
(10149, 'S18_2325', 33, 150, 8),
(10149, 'S18_2795', 23, 184, 5),
(10149, 'S18_3320', 42, 94, 2),
(10149, 'S24_1937', 36, 33, 7),
(10149, 'S24_2022', 49, 49, 6),
(10149, 'S24_3969', 26, 39, 9),
(10149, 'S24_4258', 20, 91, 1),
(10150, 'S10_1949', 45, 244, 8),
(10150, 'S10_4962', 20, 160, 1),
(10150, 'S12_1666', 30, 137, 5),
(10150, 'S18_1097', 34, 137, 7),
(10150, 'S18_2949', 47, 91, 9),
(10150, 'S18_2957', 30, 50, 11),
(10150, 'S18_3136', 26, 108, 10),
(10150, 'S18_4600', 49, 132, 2),
(10150, 'S18_4668', 30, 43, 6),
(10150, 'S32_3522', 49, 58, 4),
(10150, 'S700_2824', 20, 105, 3),
(10151, 'S12_4473', 24, 139, 3),
(10151, 'S18_2238', 43, 165, 2),
(10151, 'S18_2319', 49, 110, 6),
(10151, 'S18_2432', 39, 69, 9),
(10151, 'S18_3232', 21, 178, 7),
(10151, 'S24_2300', 42, 121, 8),
(10151, 'S24_2840', 30, 40, 4),
(10151, 'S32_1268', 27, 114, 10),
(10151, 'S32_2509', 41, 64, 5),
(10151, 'S50_1392', 26, 124, 1),
(10152, 'S18_4027', 35, 129, 1),
(10152, 'S24_1444', 25, 65, 4),
(10152, 'S24_4048', 23, 122, 3),
(10152, 'S32_3207', 33, 51, 2),
(10153, 'S12_1108', 20, 245, 11),
(10153, 'S12_3148', 42, 128, 12),
(10153, 'S12_3891', 49, 144, 10),
(10153, 'S18_3140', 31, 117, 7),
(10153, 'S18_3259', 29, 89, 9),
(10153, 'S18_4522', 22, 83, 6),
(10153, 'S24_2011', 40, 136, 5),
(10153, 'S50_1514', 31, 57, 13),
(10153, 'S700_1138', 43, 65, 1),
(10153, 'S700_1938', 31, 87, 8),
(10153, 'S700_3505', 50, 88, 2);
INSERT INTO PUBLIC.ORDERDETAILS(ORDERNUMBER, PRODUCTCODE, QUANTITYORDERED, PRICEEACH, ORDERLINENUMBER) VALUES
(10153, 'S700_3962', 20, 110, 3),
(10153, 'S72_3212', 50, 60, 4),
(10154, 'S24_3151', 31, 91, 2),
(10154, 'S700_2610', 36, 64, 1),
(10155, 'S10_4757', 32, 141, 13),
(10155, 'S18_1662', 38, 172, 5),
(10155, 'S18_3029', 44, 79, 11),
(10155, 'S18_3856', 29, 125, 10),
(10155, 'S24_2841', 23, 73, 6),
(10155, 'S24_3420', 34, 56, 7),
(10155, 'S24_3816', 37, 68, 12),
(10155, 'S24_3949', 44, 77, 4),
(10155, 'S700_2047', 32, 91, 9),
(10155, 'S700_2466', 20, 118, 2),
(10155, 'S700_3167', 43, 86, 1),
(10155, 'S700_4002', 44, 86, 3),
(10155, 'S72_1253', 34, 49, 8),
(10156, 'S50_1341', 20, 41, 1),
(10156, 'S700_1691', 48, 103, 2),
(10157, 'S18_2581', 33, 79, 3),
(10157, 'S24_1785', 40, 103, 5),
(10157, 'S24_4278', 33, 86, 4),
(10157, 'S32_1374', 34, 119, 1),
(10157, 'S32_4289', 28, 75, 6),
(10157, 'S700_2834', 48, 125, 2),
(10158, 'S24_2000', 22, 67, 1),
(10159, 'S10_1678', 49, 106, 14),
(10159, 'S10_2016', 37, 136, 17),
(10159, 'S10_4698', 22, 188, 16),
(10159, 'S12_1099', 41, 202, 2),
(10159, 'S12_2823', 38, 164, 13),
(10159, 'S12_3990', 24, 73, 3),
(10159, 'S18_2625', 42, 51, 18),
(10159, 'S18_3278', 21, 81, 5),
(10159, 'S18_3482', 25, 146, 4),
(10159, 'S18_3782', 21, 65, 8),
(10159, 'S18_4721', 32, 144, 7),
(10159, 'S24_1578', 44, 122, 15),
(10159, 'S24_2360', 27, 80, 11),
(10159, 'S24_3371', 50, 70, 1),
(10159, 'S24_4620', 23, 67, 6),
(10159, 'S32_2206', 35, 35, 9),
(10159, 'S32_4485', 23, 102, 12),
(10159, 'S50_4713', 31, 72, 10),
(10160, 'S12_3380', 46, 115, 6),
(10160, 'S12_4675', 50, 104, 5),
(10160, 'S18_1889', 38, 89, 4),
(10160, 'S18_3232', 20, 200, 1),
(10160, 'S24_2972', 42, 37, 2),
(10160, 'S24_3856', 35, 136, 3),
(10161, 'S18_1129', 28, 134, 12),
(10161, 'S18_1589', 43, 143, 8),
(10161, 'S18_1984', 48, 128, 11),
(10161, 'S18_2870', 23, 139, 9),
(10161, 'S18_3685', 36, 154, 10),
(10161, 'S18_4933', 25, 81, 1),
(10161, 'S24_1046', 37, 73, 5),
(10161, 'S24_1628', 23, 53, 7),
(10161, 'S24_2766', 20, 107, 3),
(10161, 'S24_2887', 25, 110, 2),
(10161, 'S24_3191', 20, 77, 4),
(10161, 'S24_3432', 30, 105, 6),
(10162, 'S18_1342', 48, 91, 2),
(10162, 'S18_1367', 45, 51, 1),
(10162, 'S18_1749', 29, 179, 9),
(10162, 'S18_2248', 27, 70, 8),
(10162, 'S18_2325', 38, 113, 6),
(10162, 'S18_2795', 48, 150, 3),
(10162, 'S18_4409', 39, 100, 10),
(10162, 'S24_1937', 37, 27, 5),
(10162, 'S24_2022', 43, 36, 4),
(10162, 'S24_3969', 37, 39, 7),
(10163, 'S10_1949', 21, 231, 1),
(10163, 'S18_2949', 31, 107, 2),
(10163, 'S18_2957', 48, 70, 4),
(10163, 'S18_3136', 40, 123, 3),
(10163, 'S18_3320', 43, 116, 6),
(10163, 'S24_4258', 42, 92, 5),
(10164, 'S10_4962', 21, 168, 2),
(10164, 'S12_1666', 49, 134, 6),
(10164, 'S18_1097', 36, 99, 8),
(10164, 'S18_4600', 45, 111, 3),
(10164, 'S18_4668', 25, 54, 7),
(10164, 'S32_1268', 24, 110, 1),
(10164, 'S32_3522', 49, 55, 5),
(10164, 'S700_2824', 39, 82, 4),
(10165, 'S12_1108', 44, 195, 3),
(10165, 'S12_3148', 34, 144, 4),
(10165, 'S12_3891', 27, 206, 2),
(10165, 'S12_4473', 48, 142, 12),
(10165, 'S18_2238', 29, 174, 11),
(10165, 'S18_2319', 46, 130, 15),
(10165, 'S18_2432', 31, 71, 18),
(10165, 'S18_3232', 47, 186, 16),
(10165, 'S18_3259', 50, 107, 1),
(10165, 'S18_4027', 28, 119, 6),
(10165, 'S24_1444', 25, 69, 9),
(10165, 'S24_2300', 32, 146, 17),
(10165, 'S24_2840', 27, 32, 13),
(10165, 'S24_4048', 24, 99, 8),
(10165, 'S32_2509', 48, 46, 14),
(10165, 'S32_3207', 44, 53, 7),
(10165, 'S50_1392', 48, 95, 10),
(10165, 'S50_1514', 38, 67, 5),
(10166, 'S18_3140', 43, 161, 2),
(10166, 'S18_4522', 26, 74, 1),
(10166, 'S700_1938', 29, 104, 3),
(10167, 'S10_4757', 44, 135, 9),
(10167, 'S18_1662', 43, 134, 1),
(10167, 'S18_3029', 46, 73, 7),
(10167, 'S18_3856', 34, 106, 6),
(10167, 'S24_2011', 33, 116, 16),
(10167, 'S24_2841', 21, 70, 2),
(10167, 'S24_3151', 20, 80, 11),
(10167, 'S24_3420', 32, 63, 3),
(10167, 'S24_3816', 29, 84, 8),
(10167, 'S700_1138', 43, 75, 12),
(10167, 'S700_2047', 29, 101, 5),
(10167, 'S700_2610', 46, 70, 10),
(10167, 'S700_3505', 24, 117, 13),
(10167, 'S700_3962', 28, 107, 14),
(10167, 'S72_1253', 40, 42, 4);
INSERT INTO PUBLIC.ORDERDETAILS(ORDERNUMBER, PRODUCTCODE, QUANTITYORDERED, PRICEEACH, ORDERLINENUMBER) VALUES
(10167, 'S72_3212', 38, 49, 15),
(10168, 'S10_1678', 36, 97, 1),
(10168, 'S10_2016', 27, 136, 4),
(10168, 'S10_4698', 20, 209, 3),
(10168, 'S18_2581', 21, 71, 9),
(10168, 'S18_2625', 46, 61, 5),
(10168, 'S24_1578', 50, 115, 2),
(10168, 'S24_1785', 49, 131, 11),
(10168, 'S24_2000', 29, 75, 6),
(10168, 'S24_3949', 27, 73, 18),
(10168, 'S24_4278', 48, 78, 10),
(10168, 'S32_1374', 28, 116, 7),
(10168, 'S32_4289', 31, 74, 12),
(10168, 'S50_1341', 48, 52, 13),
(10168, 'S700_1691', 28, 99, 14),
(10168, 'S700_2466', 31, 111, 16),
(10168, 'S700_2834', 36, 126, 8),
(10168, 'S700_3167', 48, 96, 15),
(10168, 'S700_4002', 39, 83, 17),
(10169, 'S12_1099', 30, 167, 2),
(10169, 'S12_2823', 35, 133, 13),
(10169, 'S12_3990', 36, 64, 3),
(10169, 'S18_3278', 32, 71, 5),
(10169, 'S18_3482', 36, 123, 4),
(10169, 'S18_3782', 38, 68, 8),
(10169, 'S18_4721', 33, 149, 7),
(10169, 'S24_2360', 38, 74, 11),
(10169, 'S24_3371', 34, 50, 1),
(10169, 'S24_4620', 24, 95, 6),
(10169, 'S32_2206', 26, 40, 9),
(10169, 'S32_4485', 34, 115, 12),
(10169, 'S50_4713', 48, 81, 10),
(10170, 'S12_3380', 47, 116, 4),
(10170, 'S12_4675', 41, 107, 3),
(10170, 'S18_1889', 20, 63, 2),
(10170, 'S24_3856', 34, 112, 1),
(10171, 'S18_1129', 35, 129, 2),
(10171, 'S18_1984', 35, 134, 1),
(10171, 'S18_3232', 39, 141, 3),
(10171, 'S24_2972', 36, 35, 4),
(10172, 'S18_1589', 42, 118, 6),
(10172, 'S18_2870', 39, 154, 7),
(10172, 'S18_3685', 48, 114, 8),
(10172, 'S24_1046', 32, 76, 3),
(10172, 'S24_1628', 34, 43, 5),
(10172, 'S24_2766', 22, 75, 1),
(10172, 'S24_3191', 24, 81, 2),
(10172, 'S24_3432', 22, 99, 4),
(10173, 'S18_1342', 43, 117, 6),
(10173, 'S18_1367', 48, 44, 5),
(10173, 'S18_1749', 24, 146, 13),
(10173, 'S18_2248', 26, 58, 12),
(10173, 'S18_2325', 31, 145, 10),
(10173, 'S18_2795', 22, 157, 7),
(10173, 'S18_2957', 28, 54, 2),
(10173, 'S18_3136', 31, 89, 1),
(10173, 'S18_3320', 29, 95, 4),
(10173, 'S18_4409', 21, 75, 14),
(10173, 'S18_4933', 39, 72, 15),
(10173, 'S24_1937', 31, 32, 9),
(10173, 'S24_2022', 27, 41, 8),
(10173, 'S24_2887', 23, 119, 16),
(10173, 'S24_3969', 35, 33, 11),
(10173, 'S24_4258', 22, 117, 3),
(10174, 'S10_1949', 34, 236, 4),
(10174, 'S12_1666', 43, 159, 1),
(10174, 'S18_1097', 48, 93, 3),
(10174, 'S18_2949', 46, 122, 5),
(10174, 'S18_4668', 49, 45, 2),
(10175, 'S10_4962', 33, 163, 9),
(10175, 'S12_4473', 26, 136, 1),
(10175, 'S18_2319', 48, 123, 4),
(10175, 'S18_2432', 41, 69, 7),
(10175, 'S18_3232', 29, 152, 5),
(10175, 'S18_4600', 47, 109, 10),
(10175, 'S24_2300', 28, 106, 6),
(10175, 'S24_2840', 37, 31, 2),
(10175, 'S32_1268', 22, 111, 8),
(10175, 'S32_2509', 50, 63, 3),
(10175, 'S32_3522', 29, 75, 12),
(10175, 'S700_2824', 42, 86, 11),
(10176, 'S12_1108', 33, 227, 2),
(10176, 'S12_3148', 47, 178, 3),
(10176, 'S12_3891', 50, 157, 1),
(10176, 'S18_2238', 20, 183, 10),
(10176, 'S18_4027', 36, 154, 5),
(10176, 'S24_1444', 27, 69, 8),
(10176, 'S24_4048', 29, 101, 7),
(10176, 'S32_3207', 22, 64, 6),
(10176, 'S50_1392', 23, 135, 9),
(10176, 'S50_1514', 38, 64, 4),
(10177, 'S18_3140', 23, 160, 9),
(10177, 'S18_3259', 29, 106, 11),
(10177, 'S18_4522', 35, 75, 8),
(10177, 'S24_2011', 50, 122, 7),
(10177, 'S24_3151', 45, 73, 2),
(10177, 'S700_1138', 24, 76, 3),
(10177, 'S700_1938', 31, 88, 10),
(10177, 'S700_2610', 32, 77, 1),
(10177, 'S700_3505', 44, 92, 4),
(10177, 'S700_3962', 24, 105, 5),
(10177, 'S72_3212', 40, 50, 6),
(10178, 'S10_4757', 24, 146, 12),
(10178, 'S18_1662', 42, 155, 4),
(10178, 'S18_3029', 41, 82, 10),
(10178, 'S18_3856', 48, 112, 9),
(10178, 'S24_2841', 34, 81, 5),
(10178, 'S24_3420', 27, 74, 6),
(10178, 'S24_3816', 21, 72, 11),
(10178, 'S24_3949', 30, 72, 3),
(10178, 'S700_2047', 34, 97, 8),
(10178, 'S700_2466', 22, 88, 1),
(10178, 'S700_4002', 45, 76, 2),
(10178, 'S72_1253', 45, 51, 7),
(10179, 'S18_2581', 24, 79, 3),
(10179, 'S24_1785', 47, 125, 5),
(10179, 'S24_4278', 27, 85, 4),
(10179, 'S32_1374', 45, 120, 1),
(10179, 'S32_4289', 24, 72, 6),
(10179, 'S50_1341', 34, 43, 7),
(10179, 'S700_1691', 23, 108, 8),
(10179, 'S700_2834', 25, 106, 2);
INSERT INTO PUBLIC.ORDERDETAILS(ORDERNUMBER, PRODUCTCODE, QUANTITYORDERED, PRICEEACH, ORDERLINENUMBER) VALUES
(10179, 'S700_3167', 39, 69, 9),
(10180, 'S10_1678', 29, 86, 9),
(10180, 'S10_2016', 42, 112, 12),
(10180, 'S10_4698', 41, 217, 11),
(10180, 'S12_2823', 40, 169, 8),
(10180, 'S18_2625', 25, 64, 13),
(10180, 'S18_3782', 21, 50, 3),
(10180, 'S18_4721', 44, 126, 2),
(10180, 'S24_1578', 48, 112, 10),
(10180, 'S24_2000', 28, 69, 14),
(10180, 'S24_2360', 35, 72, 6),
(10180, 'S24_4620', 28, 71, 1),
(10180, 'S32_2206', 34, 45, 4),
(10180, 'S32_4485', 22, 114, 7),
(10180, 'S50_4713', 21, 94, 5),
(10181, 'S12_1099', 27, 200, 14),
(10181, 'S12_3380', 28, 102, 12),
(10181, 'S12_3990', 20, 81, 15),
(10181, 'S12_4675', 36, 124, 11),
(10181, 'S18_1129', 44, 123, 6),
(10181, 'S18_1589', 42, 129, 2),
(10181, 'S18_1889', 22, 74, 10),
(10181, 'S18_1984', 21, 156, 5),
(10181, 'S18_2870', 27, 144, 3),
(10181, 'S18_3232', 45, 141, 7),
(10181, 'S18_3278', 30, 83, 17),
(10181, 'S18_3482', 22, 154, 16),
(10181, 'S18_3685', 39, 148, 4),
(10181, 'S24_1628', 34, 54, 1),
(10181, 'S24_2972', 37, 43, 8),
(10181, 'S24_3371', 23, 66, 13),
(10181, 'S24_3856', 25, 154, 9),
(10182, 'S18_1342', 25, 87, 3),
(10182, 'S18_1367', 32, 54, 2),
(10182, 'S18_1749', 44, 172, 10),
(10182, 'S18_2248', 38, 61, 9),
(10182, 'S18_2325', 20, 111, 7),
(10182, 'S18_2795', 21, 145, 4),
(10182, 'S18_3320', 33, 86, 1),
(10182, 'S18_4409', 36, 110, 11),
(10182, 'S18_4933', 44, 70, 12),
(10182, 'S24_1046', 47, 74, 16),
(10182, 'S24_1937', 39, 37, 6),
(10182, 'S24_2022', 31, 37, 5),
(10182, 'S24_2766', 36, 74, 14),
(10182, 'S24_2887', 20, 120, 13),
(10182, 'S24_3191', 33, 94, 15),
(10182, 'S24_3432', 49, 127, 17),
(10182, 'S24_3969', 23, 42, 8),
(10183, 'S10_1949', 23, 234, 8),
(10183, 'S10_4962', 28, 123, 1),
(10183, 'S12_1666', 41, 150, 5),
(10183, 'S18_1097', 21, 97, 7),
(10183, 'S18_2949', 37, 89, 9),
(10183, 'S18_2957', 39, 68, 11),
(10183, 'S18_3136', 22, 113, 10),
(10183, 'S18_4600', 21, 116, 2),
(10183, 'S18_4668', 40, 49, 6),
(10183, 'S24_4258', 47, 107, 12),
(10183, 'S32_3522', 49, 65, 4),
(10183, 'S700_2824', 23, 87, 3),
(10184, 'S12_4473', 37, 122, 6),
(10184, 'S18_2238', 46, 160, 5),
(10184, 'S18_2319', 46, 130, 9),
(10184, 'S18_2432', 44, 60, 12),
(10184, 'S18_3232', 28, 157, 10),
(10184, 'S24_1444', 31, 60, 3),
(10184, 'S24_2300', 24, 146, 11),
(10184, 'S24_2840', 42, 32, 7),
(10184, 'S24_4048', 49, 118, 2),
(10184, 'S32_1268', 46, 100, 13),
(10184, 'S32_2509', 33, 63, 8),
(10184, 'S32_3207', 48, 51, 1),
(10184, 'S50_1392', 45, 110, 4),
(10185, 'S12_1108', 21, 185, 13),
(10185, 'S12_3148', 33, 122, 14),
(10185, 'S12_3891', 43, 183, 12),
(10185, 'S18_3140', 28, 123, 9),
(10185, 'S18_3259', 49, 81, 11),
(10185, 'S18_4027', 39, 131, 16),
(10185, 'S18_4522', 47, 77, 8),
(10185, 'S24_2011', 30, 106, 7),
(10185, 'S24_3151', 33, 74, 2),
(10185, 'S50_1514', 20, 49, 15),
(10185, 'S700_1138', 21, 54, 3),
(10185, 'S700_1938', 30, 94, 10),
(10185, 'S700_2610', 39, 58, 1),
(10185, 'S700_3505', 37, 105, 4),
(10185, 'S700_3962', 22, 79, 5),
(10185, 'S72_3212', 28, 64, 6),
(10186, 'S10_4757', 26, 148, 9),
(10186, 'S18_1662', 32, 188, 1),
(10186, 'S18_3029', 32, 89, 7),
(10186, 'S18_3856', 46, 107, 6),
(10186, 'S24_2841', 22, 69, 2),
(10186, 'S24_3420', 21, 69, 3),
(10186, 'S24_3816', 36, 86, 8),
(10186, 'S700_2047', 24, 100, 5),
(10186, 'S72_1253', 28, 52, 4),
(10187, 'S18_2581', 45, 94, 1),
(10187, 'S24_1785', 46, 95, 3),
(10187, 'S24_3949', 43, 58, 10),
(10187, 'S24_4278', 33, 59, 2),
(10187, 'S32_4289', 31, 61, 4),
(10187, 'S50_1341', 41, 39, 5),
(10187, 'S700_1691', 34, 92, 6),
(10187, 'S700_2466', 44, 106, 8),
(10187, 'S700_3167', 34, 88, 7),
(10187, 'S700_4002', 44, 72, 9),
(10188, 'S10_1678', 48, 115, 1),
(10188, 'S10_2016', 38, 96, 4),
(10188, 'S10_4698', 45, 194, 3),
(10188, 'S18_2625', 32, 65, 5),
(10188, 'S24_1578', 25, 101, 2),
(10188, 'S24_2000', 40, 91, 6),
(10188, 'S32_1374', 44, 99, 7),
(10188, 'S700_2834', 29, 136, 8),
(10189, 'S12_2823', 28, 161, 1),
(10190, 'S24_2360', 42, 76, 3),
(10190, 'S32_2206', 46, 33, 1),
(10190, 'S32_4485', 42, 86, 4),
(10190, 'S50_4713', 40, 67, 2);
INSERT INTO PUBLIC.ORDERDETAILS(ORDERNUMBER, PRODUCTCODE, QUANTITYORDERED, PRICEEACH, ORDERLINENUMBER) VALUES
(10191, 'S12_1099', 21, 183, 3),
(10191, 'S12_3380', 40, 140, 1),
(10191, 'S12_3990', 30, 65, 4),
(10191, 'S18_3278', 36, 95, 6),
(10191, 'S18_3482', 23, 148, 5),
(10191, 'S18_3782', 43, 73, 9),
(10191, 'S18_4721', 32, 132, 8),
(10191, 'S24_3371', 48, 60, 2),
(10191, 'S24_4620', 44, 66, 7),
(10192, 'S12_4675', 27, 131, 16),
(10192, 'S18_1129', 22, 150, 11),
(10192, 'S18_1589', 29, 147, 7),
(10192, 'S18_1889', 45, 91, 15),
(10192, 'S18_1984', 47, 158, 10),
(10192, 'S18_2870', 38, 131, 8),
(10192, 'S18_3232', 26, 151, 12),
(10192, 'S18_3685', 45, 119, 9),
(10192, 'S24_1046', 37, 70, 4),
(10192, 'S24_1628', 47, 54, 6),
(10192, 'S24_2766', 46, 84, 2),
(10192, 'S24_2887', 23, 133, 1),
(10192, 'S24_2972', 30, 31, 13),
(10192, 'S24_3191', 32, 73, 3),
(10192, 'S24_3432', 46, 121, 5),
(10192, 'S24_3856', 45, 140, 14),
(10193, 'S18_1342', 28, 111, 7),
(10193, 'S18_1367', 46, 53, 6),
(10193, 'S18_1749', 21, 150, 14),
(10193, 'S18_2248', 42, 59, 13),
(10193, 'S18_2325', 44, 106, 11),
(10193, 'S18_2795', 22, 167, 8),
(10193, 'S18_2949', 28, 93, 1),
(10193, 'S18_2957', 24, 52, 3),
(10193, 'S18_3136', 23, 120, 2),
(10193, 'S18_3320', 32, 79, 5),
(10193, 'S18_4409', 24, 98, 15),
(10193, 'S18_4933', 25, 76, 16),
(10193, 'S24_1937', 26, 29, 10),
(10193, 'S24_2022', 20, 51, 9),
(10193, 'S24_3969', 22, 41, 12),
(10193, 'S24_4258', 20, 114, 4),
(10194, 'S10_1949', 42, 174, 11),
(10194, 'S10_4962', 26, 164, 4),
(10194, 'S12_1666', 38, 130, 8),
(10194, 'S18_1097', 21, 93, 10),
(10194, 'S18_2432', 45, 70, 2),
(10194, 'S18_4600', 32, 133, 5),
(10194, 'S18_4668', 41, 45, 9),
(10194, 'S24_2300', 49, 118, 1),
(10194, 'S32_1268', 37, 97, 3),
(10194, 'S32_3522', 39, 55, 7),
(10194, 'S700_2824', 26, 89, 6),
(10195, 'S12_4473', 49, 132, 6),
(10195, 'S18_2238', 27, 190, 5),
(10195, 'S18_2319', 35, 103, 9),
(10195, 'S18_3232', 50, 152, 10),
(10195, 'S24_1444', 44, 66, 3),
(10195, 'S24_2840', 32, 28, 7),
(10195, 'S24_4048', 34, 109, 2),
(10195, 'S32_2509', 32, 43, 8),
(10195, 'S32_3207', 33, 55, 1),
(10195, 'S50_1392', 49, 105, 4),
(10196, 'S12_1108', 47, 189, 5),
(10196, 'S12_3148', 24, 159, 6),
(10196, 'S12_3891', 38, 190, 4),
(10196, 'S18_3140', 49, 141, 1),
(10196, 'S18_3259', 35, 102, 3),
(10196, 'S18_4027', 27, 168, 8),
(10196, 'S50_1514', 46, 62, 7),
(10196, 'S700_1938', 50, 94, 2),
(10197, 'S10_4757', 45, 118, 6),
(10197, 'S18_3029', 46, 88, 4),
(10197, 'S18_3856', 22, 115, 3),
(10197, 'S18_4522', 50, 102, 14),
(10197, 'S24_2011', 41, 111, 13),
(10197, 'S24_3151', 47, 83, 8),
(10197, 'S24_3816', 22, 86, 5),
(10197, 'S700_1138', 23, 65, 9),
(10197, 'S700_2047', 24, 91, 2),
(10197, 'S700_2610', 50, 79, 7),
(10197, 'S700_3505', 27, 92, 10),
(10197, 'S700_3962', 35, 93, 11),
(10197, 'S72_1253', 29, 42, 1),
(10197, 'S72_3212', 42, 50, 12),
(10198, 'S18_1662', 42, 178, 4),
(10198, 'S24_2841', 48, 68, 5),
(10198, 'S24_3420', 27, 72, 6),
(10198, 'S24_3949', 43, 66, 3),
(10198, 'S700_2466', 42, 114, 1),
(10198, 'S700_4002', 40, 64, 2),
(10199, 'S50_1341', 29, 38, 1),
(10199, 'S700_1691', 48, 83, 2),
(10199, 'S700_3167', 38, 82, 3),
(10200, 'S18_2581', 28, 93, 3),
(10200, 'S24_1785', 33, 98, 5),
(10200, 'S24_4278', 39, 72, 4),
(10200, 'S32_1374', 35, 110, 1),
(10200, 'S32_4289', 27, 67, 6),
(10200, 'S700_2834', 39, 102, 2),
(10201, 'S10_1678', 22, 99, 2),
(10201, 'S10_2016', 24, 126, 5),
(10201, 'S10_4698', 49, 165, 4),
(10201, 'S12_2823', 25, 161, 1),
(10201, 'S18_2625', 30, 65, 6),
(10201, 'S24_1578', 39, 112, 3),
(10201, 'S24_2000', 25, 74, 7),
(10202, 'S18_3782', 30, 55, 3),
(10202, 'S18_4721', 43, 137, 2),
(10202, 'S24_2360', 50, 69, 6),
(10202, 'S24_4620', 50, 87, 1),
(10202, 'S32_2206', 27, 44, 4),
(10202, 'S32_4485', 31, 102, 7),
(10202, 'S50_4713', 40, 90, 5),
(10203, 'S12_1099', 20, 197, 8),
(10203, 'S12_3380', 20, 113, 6),
(10203, 'S12_3990', 44, 83, 9),
(10203, 'S12_4675', 47, 111, 5),
(10203, 'S18_1889', 45, 85, 4),
(10203, 'S18_3232', 48, 173, 1),
(10203, 'S18_3278', 33, 86, 11),
(10203, 'S18_3482', 32, 160, 10),
(10203, 'S24_2972', 21, 37, 2);
INSERT INTO PUBLIC.ORDERDETAILS(ORDERNUMBER, PRODUCTCODE, QUANTITYORDERED, PRICEEACH, ORDERLINENUMBER) VALUES
(10203, 'S24_3371', 34, 65, 7),
(10203, 'S24_3856', 47, 149, 3),
(10204, 'S18_1129', 42, 147, 17),
(10204, 'S18_1589', 40, 101, 13),
(10204, 'S18_1749', 33, 179, 4),
(10204, 'S18_1984', 38, 169, 16),
(10204, 'S18_2248', 23, 71, 3),
(10204, 'S18_2325', 26, 123, 1),
(10204, 'S18_2870', 27, 154, 14),
(10204, 'S18_3685', 35, 164, 15),
(10204, 'S18_4409', 29, 86, 5),
(10204, 'S18_4933', 45, 76, 6),
(10204, 'S24_1046', 20, 62, 10),
(10204, 'S24_1628', 45, 50, 12),
(10204, 'S24_2766', 47, 96, 8),
(10204, 'S24_2887', 42, 101, 7),
(10204, 'S24_3191', 40, 80, 9),
(10204, 'S24_3432', 48, 91, 11),
(10204, 'S24_3969', 39, 33, 2),
(10205, 'S18_1342', 36, 104, 2),
(10205, 'S18_1367', 48, 64, 1),
(10205, 'S18_2795', 40, 187, 3),
(10205, 'S24_1937', 32, 37, 5),
(10205, 'S24_2022', 24, 38, 4),
(10206, 'S10_1949', 47, 193, 6),
(10206, 'S12_1666', 28, 145, 3),
(10206, 'S18_1097', 34, 117, 5),
(10206, 'S18_2949', 37, 90, 7),
(10206, 'S18_2957', 28, 67, 9),
(10206, 'S18_3136', 30, 119, 8),
(10206, 'S18_3320', 28, 87, 11),
(10206, 'S18_4668', 21, 53, 4),
(10206, 'S24_4258', 33, 97, 10),
(10206, 'S32_3522', 36, 59, 2),
(10206, 'S700_2824', 33, 117, 1),
(10207, 'S10_4962', 31, 131, 15),
(10207, 'S12_4473', 34, 100, 7),
(10207, 'S18_2238', 44, 160, 6),
(10207, 'S18_2319', 43, 134, 10),
(10207, 'S18_2432', 37, 70, 13),
(10207, 'S18_3232', 25, 157, 11),
(10207, 'S18_4027', 40, 154, 1),
(10207, 'S18_4600', 47, 142, 16),
(10207, 'S24_1444', 49, 47, 4),
(10207, 'S24_2300', 46, 148, 12),
(10207, 'S24_2840', 42, 30, 8),
(10207, 'S24_4048', 28, 106, 3),
(10207, 'S32_1268', 49, 81, 14),
(10207, 'S32_2509', 27, 60, 9),
(10207, 'S32_3207', 45, 57, 2),
(10207, 'S50_1392', 28, 95, 5),
(10208, 'S12_1108', 46, 187, 13),
(10208, 'S12_3148', 26, 121, 14),
(10208, 'S12_3891', 20, 156, 12),
(10208, 'S18_3140', 24, 109, 9),
(10208, 'S18_3259', 48, 117, 11),
(10208, 'S18_4522', 45, 88, 8),
(10208, 'S24_2011', 35, 123, 7),
(10208, 'S24_3151', 20, 89, 2),
(10208, 'S50_1514', 30, 66, 15),
(10208, 'S700_1138', 38, 75, 3),
(10208, 'S700_1938', 40, 81, 10),
(10208, 'S700_2610', 46, 74, 1),
(10208, 'S700_3505', 37, 120, 4),
(10208, 'S700_3962', 33, 85, 5),
(10208, 'S72_3212', 42, 64, 6),
(10209, 'S10_4757', 39, 133, 8),
(10209, 'S18_3029', 28, 101, 6),
(10209, 'S18_3856', 20, 125, 5),
(10209, 'S24_2841', 43, 82, 1),
(10209, 'S24_3420', 36, 78, 2),
(10209, 'S24_3816', 22, 90, 7),
(10209, 'S700_2047', 33, 89, 4),
(10209, 'S72_1253', 48, 45, 3),
(10210, 'S10_2016', 23, 131, 2),
(10210, 'S10_4698', 34, 180, 1),
(10210, 'S18_1662', 31, 185, 17),
(10210, 'S18_2581', 50, 77, 7),
(10210, 'S18_2625', 40, 50, 3),
(10210, 'S24_1785', 27, 98, 9),
(10210, 'S24_2000', 30, 62, 4),
(10210, 'S24_3949', 29, 70, 16),
(10210, 'S24_4278', 40, 71, 8),
(10210, 'S32_1374', 46, 80, 5),
(10210, 'S32_4289', 39, 59, 10),
(10210, 'S50_1341', 43, 41, 11),
(10210, 'S700_1691', 21, 79, 12),
(10210, 'S700_2466', 26, 100, 14),
(10210, 'S700_2834', 25, 113, 6),
(10210, 'S700_3167', 31, 86, 13),
(10210, 'S700_4002', 42, 70, 15),
(10211, 'S10_1678', 41, 115, 14),
(10211, 'S12_1099', 41, 183, 2),
(10211, 'S12_2823', 36, 133, 13),
(10211, 'S12_3990', 28, 93, 3),
(10211, 'S18_3278', 35, 78, 5),
(10211, 'S18_3482', 28, 134, 4),
(10211, 'S18_3782', 46, 54, 8),
(10211, 'S18_4721', 41, 138, 7),
(10211, 'S24_1578', 25, 90, 15),
(10211, 'S24_2360', 21, 64, 11),
(10211, 'S24_3371', 48, 49, 1),
(10211, 'S24_4620', 22, 92, 6),
(10211, 'S32_2206', 41, 42, 9),
(10211, 'S32_4485', 37, 109, 12),
(10211, 'S50_4713', 40, 81, 10),
(10212, 'S12_3380', 39, 127, 16),
(10212, 'S12_4675', 33, 127, 15),
(10212, 'S18_1129', 29, 144, 10),
(10212, 'S18_1589', 38, 118, 6),
(10212, 'S18_1889', 20, 67, 14),
(10212, 'S18_1984', 41, 118, 9),
(10212, 'S18_2870', 40, 123, 7),
(10212, 'S18_3232', 40, 139, 11),
(10212, 'S18_3685', 45, 141, 8),
(10212, 'S24_1046', 41, 82, 3),
(10212, 'S24_1628', 45, 53, 5),
(10212, 'S24_2766', 45, 88, 1),
(10212, 'S24_2972', 34, 43, 12),
(10212, 'S24_3191', 27, 80, 2),
(10212, 'S24_3432', 46, 88, 4),
(10212, 'S24_3856', 49, 142, 13);
INSERT INTO PUBLIC.ORDERDETAILS(ORDERNUMBER, PRODUCTCODE, QUANTITYORDERED, PRICEEACH, ORDERLINENUMBER) VALUES
(10213, 'S18_4409', 38, 95, 1),
(10213, 'S18_4933', 25, 83, 2),
(10213, 'S24_2887', 27, 103, 3),
(10214, 'S18_1749', 30, 199, 7),
(10214, 'S18_2248', 21, 63, 6),
(10214, 'S18_2325', 27, 133, 4),
(10214, 'S18_2795', 50, 191, 1),
(10214, 'S24_1937', 20, 34, 3),
(10214, 'S24_2022', 49, 48, 2),
(10214, 'S24_3969', 44, 35, 5),
(10215, 'S10_1949', 35, 174, 3),
(10215, 'S18_1097', 46, 112, 2),
(10215, 'S18_1342', 27, 89, 10),
(10215, 'S18_1367', 33, 43, 9),
(10215, 'S18_2949', 49, 112, 4),
(10215, 'S18_2957', 31, 59, 6),
(10215, 'S18_3136', 49, 108, 5),
(10215, 'S18_3320', 41, 111, 8),
(10215, 'S18_4668', 46, 45, 1),
(10215, 'S24_4258', 39, 91, 7),
(10216, 'S12_1666', 43, 134, 1),
(10217, 'S10_4962', 48, 146, 4),
(10217, 'S18_2432', 35, 61, 2),
(10217, 'S18_4600', 38, 119, 5),
(10217, 'S24_2300', 28, 112, 1),
(10217, 'S32_1268', 21, 107, 3),
(10217, 'S32_3522', 39, 62, 7),
(10217, 'S700_2824', 31, 88, 6),
(10218, 'S18_2319', 22, 122, 1),
(10218, 'S18_3232', 34, 135, 2),
(10219, 'S12_4473', 48, 102, 2),
(10219, 'S18_2238', 43, 196, 1),
(10219, 'S24_2840', 21, 40, 3),
(10219, 'S32_2509', 35, 55, 4),
(10220, 'S12_1108', 32, 224, 2),
(10220, 'S12_3148', 30, 157, 3),
(10220, 'S12_3891', 27, 187, 1),
(10220, 'S18_4027', 50, 165, 5),
(10220, 'S24_1444', 26, 56, 8),
(10220, 'S24_4048', 37, 136, 7),
(10220, 'S32_3207', 20, 53, 6),
(10220, 'S50_1392', 37, 108, 9),
(10220, 'S50_1514', 30, 69, 4),
(10221, 'S18_3140', 33, 134, 3),
(10221, 'S18_3259', 23, 81, 5),
(10221, 'S18_4522', 39, 90, 2),
(10221, 'S24_2011', 49, 139, 1),
(10221, 'S700_1938', 23, 97, 4),
(10222, 'S10_4757', 49, 122, 12),
(10222, 'S18_1662', 49, 142, 4),
(10222, 'S18_3029', 49, 95, 10),
(10222, 'S18_3856', 45, 86, 9),
(10222, 'S24_2841', 32, 82, 5),
(10222, 'S24_3151', 47, 71, 14),
(10222, 'S24_3420', 43, 70, 6),
(10222, 'S24_3816', 46, 81, 11),
(10222, 'S24_3949', 48, 57, 3),
(10222, 'S700_1138', 31, 63, 15),
(10222, 'S700_2047', 26, 102, 8),
(10222, 'S700_2466', 37, 88, 1),
(10222, 'S700_2610', 36, 81, 13),
(10222, 'S700_3505', 38, 110, 16),
(10222, 'S700_3962', 31, 95, 17),
(10222, 'S700_4002', 43, 74, 2),
(10222, 'S72_1253', 31, 46, 7),
(10222, 'S72_3212', 36, 63, 18),
(10223, 'S10_1678', 37, 107, 1),
(10223, 'S10_2016', 47, 115, 4),
(10223, 'S10_4698', 49, 199, 3),
(10223, 'S18_2581', 47, 101, 9),
(10223, 'S18_2625', 28, 61, 5),
(10223, 'S24_1578', 32, 91, 2),
(10223, 'S24_1785', 34, 106, 11),
(10223, 'S24_2000', 38, 69, 6),
(10223, 'S24_4278', 23, 75, 10),
(10223, 'S32_1374', 21, 118, 7),
(10223, 'S32_4289', 20, 66, 12),
(10223, 'S50_1341', 41, 46, 13),
(10223, 'S700_1691', 25, 101, 14),
(10223, 'S700_2834', 29, 110, 8),
(10223, 'S700_3167', 26, 67, 15),
(10224, 'S12_2823', 43, 142, 6),
(10224, 'S18_3782', 38, 58, 1),
(10224, 'S24_2360', 37, 80, 4),
(10224, 'S32_2206', 43, 39, 2),
(10224, 'S32_4485', 30, 111, 5),
(10224, 'S50_4713', 50, 77, 3),
(10225, 'S12_1099', 27, 167, 9),
(10225, 'S12_3380', 25, 100, 7),
(10225, 'S12_3990', 37, 77, 10),
(10225, 'S12_4675', 21, 128, 6),
(10225, 'S18_1129', 32, 142, 1),
(10225, 'S18_1889', 47, 65, 5),
(10225, 'S18_3232', 43, 149, 2),
(10225, 'S18_3278', 37, 96, 12),
(10225, 'S18_3482', 27, 169, 11),
(10225, 'S18_4721', 35, 150, 14),
(10225, 'S24_2972', 42, 37, 3),
(10225, 'S24_3371', 24, 50, 8),
(10225, 'S24_3856', 40, 114, 4),
(10225, 'S24_4620', 46, 70, 13),
(10226, 'S18_1589', 38, 110, 4),
(10226, 'S18_1984', 24, 162, 7),
(10226, 'S18_2870', 24, 135, 5),
(10226, 'S18_3685', 46, 160, 6),
(10226, 'S24_1046', 21, 60, 1),
(10226, 'S24_1628', 36, 43, 3),
(10226, 'S24_3432', 48, 92, 2),
(10227, 'S18_1342', 25, 118, 3),
(10227, 'S18_1367', 31, 49, 2),
(10227, 'S18_1749', 26, 143, 10),
(10227, 'S18_2248', 28, 51, 9),
(10227, 'S18_2325', 46, 153, 7),
(10227, 'S18_2795', 29, 192, 4),
(10227, 'S18_3320', 33, 111, 1),
(10227, 'S18_4409', 34, 105, 11),
(10227, 'S18_4933', 37, 58, 12),
(10227, 'S24_1937', 42, 29, 6),
(10227, 'S24_2022', 24, 48, 5),
(10227, 'S24_2766', 47, 88, 14),
(10227, 'S24_2887', 33, 132, 13),
(10227, 'S24_3191', 40, 80, 15);
INSERT INTO PUBLIC.ORDERDETAILS(ORDERNUMBER, PRODUCTCODE, QUANTITYORDERED, PRICEEACH, ORDERLINENUMBER) VALUES
(10227, 'S24_3969', 27, 44, 8),
(10228, 'S10_1949', 29, 223, 2),
(10228, 'S18_1097', 32, 105, 1),
(10228, 'S18_2949', 24, 104, 3),
(10228, 'S18_2957', 45, 64, 5),
(10228, 'S18_3136', 31, 103, 4),
(10228, 'S24_4258', 33, 103, 6),
(10229, 'S10_4962', 50, 129, 9),
(10229, 'S12_1666', 25, 138, 13),
(10229, 'S12_4473', 36, 126, 1),
(10229, 'S18_2319', 26, 145, 4),
(10229, 'S18_2432', 28, 60, 7),
(10229, 'S18_3232', 22, 190, 5),
(10229, 'S18_4600', 41, 115, 10),
(10229, 'S18_4668', 39, 40, 14),
(10229, 'S24_2300', 48, 119, 6),
(10229, 'S24_2840', 33, 33, 2),
(10229, 'S32_1268', 25, 112, 8),
(10229, 'S32_2509', 23, 54, 3),
(10229, 'S32_3522', 30, 73, 12),
(10229, 'S700_2824', 50, 112, 11),
(10230, 'S12_3148', 43, 163, 1),
(10230, 'S18_2238', 49, 149, 8),
(10230, 'S18_4027', 42, 172, 3),
(10230, 'S24_1444', 36, 54, 6),
(10230, 'S24_4048', 45, 105, 5),
(10230, 'S32_3207', 46, 61, 4),
(10230, 'S50_1392', 34, 117, 7),
(10230, 'S50_1514', 43, 52, 2),
(10231, 'S12_1108', 42, 199, 2),
(10231, 'S12_3891', 49, 142, 1),
(10232, 'S18_3140', 22, 164, 6),
(10232, 'S18_3259', 48, 96, 8),
(10232, 'S18_4522', 23, 90, 5),
(10232, 'S24_2011', 46, 123, 4),
(10232, 'S700_1938', 26, 88, 7),
(10232, 'S700_3505', 48, 96, 1),
(10232, 'S700_3962', 35, 82, 2),
(10232, 'S72_3212', 24, 50, 3),
(10233, 'S24_3151', 40, 95, 2),
(10233, 'S700_1138', 36, 71, 3),
(10233, 'S700_2610', 29, 82, 1),
(10234, 'S10_4757', 48, 151, 9),
(10234, 'S18_1662', 50, 189, 1),
(10234, 'S18_3029', 48, 75, 7),
(10234, 'S18_3856', 39, 126, 6),
(10234, 'S24_2841', 44, 62, 2),
(10234, 'S24_3420', 25, 57, 3),
(10234, 'S24_3816', 31, 73, 8),
(10234, 'S700_2047', 29, 88, 5),
(10234, 'S72_1253', 40, 56, 4),
(10235, 'S18_2581', 24, 76, 3),
(10235, 'S24_1785', 23, 96, 5),
(10235, 'S24_3949', 33, 60, 12),
(10235, 'S24_4278', 40, 81, 4),
(10235, 'S32_1374', 41, 102, 1),
(10235, 'S32_4289', 34, 78, 6),
(10235, 'S50_1341', 41, 35, 7),
(10235, 'S700_1691', 25, 103, 8),
(10235, 'S700_2466', 38, 89, 10),
(10235, 'S700_2834', 25, 96, 2),
(10235, 'S700_3167', 32, 92, 9),
(10235, 'S700_4002', 34, 73, 11),
(10236, 'S10_2016', 22, 130, 1),
(10236, 'S18_2625', 23, 56, 2),
(10236, 'S24_2000', 36, 88, 3),
(10237, 'S10_1678', 23, 101, 7),
(10237, 'S10_4698', 39, 180, 9),
(10237, 'S12_2823', 32, 131, 6),
(10237, 'S18_3782', 26, 52, 1),
(10237, 'S24_1578', 20, 115, 8),
(10237, 'S24_2360', 26, 80, 4),
(10237, 'S32_2206', 26, 40, 2),
(10237, 'S32_4485', 27, 115, 5),
(10237, 'S50_4713', 20, 68, 3),
(10238, 'S12_1099', 28, 206, 3),
(10238, 'S12_3380', 29, 109, 1),
(10238, 'S12_3990', 20, 74, 4),
(10238, 'S18_3278', 41, 73, 6),
(10238, 'S18_3482', 49, 134, 5),
(10238, 'S18_4721', 44, 144, 8),
(10238, 'S24_3371', 47, 62, 2),
(10238, 'S24_4620', 22, 94, 7),
(10239, 'S12_4675', 21, 93, 5),
(10239, 'S18_1889', 46, 74, 4),
(10239, 'S18_3232', 47, 151, 1),
(10239, 'S24_2972', 20, 45, 2),
(10239, 'S24_3856', 29, 154, 3),
(10240, 'S18_1129', 41, 137, 3),
(10240, 'S18_1984', 37, 149, 2),
(10240, 'S18_3685', 37, 161, 1),
(10241, 'S18_1589', 21, 119, 11),
(10241, 'S18_1749', 41, 185, 2),
(10241, 'S18_2248', 33, 73, 1),
(10241, 'S18_2870', 44, 156, 12),
(10241, 'S18_4409', 42, 90, 3),
(10241, 'S18_4933', 30, 67, 4),
(10241, 'S24_1046', 22, 76, 8),
(10241, 'S24_1628', 21, 40, 10),
(10241, 'S24_2766', 47, 95, 6),
(10241, 'S24_2887', 28, 99, 5),
(10241, 'S24_3191', 26, 81, 7),
(10241, 'S24_3432', 27, 87, 9),
(10242, 'S24_3969', 46, 37, 1),
(10243, 'S18_2325', 47, 131, 2),
(10243, 'S24_1937', 33, 30, 1),
(10244, 'S18_1342', 40, 117, 7),
(10244, 'S18_1367', 20, 58, 6),
(10244, 'S18_2795', 43, 138, 8),
(10244, 'S18_2949', 30, 118, 1),
(10244, 'S18_2957', 24, 58, 3),
(10244, 'S18_3136', 29, 115, 2),
(10244, 'S18_3320', 36, 84, 5),
(10244, 'S24_2022', 39, 45, 9),
(10244, 'S24_4258', 40, 87, 4),
(10245, 'S10_1949', 34, 180, 9),
(10245, 'S10_4962', 28, 164, 2),
(10245, 'S12_1666', 38, 156, 6),
(10245, 'S18_1097', 29, 119, 8),
(10245, 'S18_4600', 21, 114, 3),
(10245, 'S18_4668', 45, 60, 7),
(10245, 'S32_1268', 37, 112, 1),
(10245, 'S32_3522', 44, 69, 5);
INSERT INTO PUBLIC.ORDERDETAILS(ORDERNUMBER, PRODUCTCODE, QUANTITYORDERED, PRICEEACH, ORDERLINENUMBER) VALUES
(10245, 'S700_2824', 44, 105, 4),
(10246, 'S12_4473', 46, 110, 5),
(10246, 'S18_2238', 40, 164, 4),
(10246, 'S18_2319', 22, 98, 8),
(10246, 'S18_2432', 30, 62, 11),
(10246, 'S18_3232', 36, 198, 9),
(10246, 'S24_1444', 44, 53, 2),
(10246, 'S24_2300', 29, 121, 10),
(10246, 'S24_2840', 49, 36, 6),
(10246, 'S24_4048', 46, 137, 1),
(10246, 'S32_2509', 35, 49, 7),
(10246, 'S50_1392', 22, 133, 3),
(10247, 'S12_1108', 44, 241, 2),
(10247, 'S12_3148', 25, 175, 3),
(10247, 'S12_3891', 27, 154, 1),
(10247, 'S18_4027', 48, 141, 5),
(10247, 'S32_3207', 40, 50, 6),
(10247, 'S50_1514', 49, 64, 4),
(10248, 'S10_4757', 20, 146, 3),
(10248, 'S18_3029', 21, 74, 1),
(10248, 'S18_3140', 32, 119, 12),
(10248, 'S18_3259', 42, 121, 14),
(10248, 'S18_4522', 42, 75, 11),
(10248, 'S24_2011', 48, 145, 10),
(10248, 'S24_3151', 30, 102, 5),
(10248, 'S24_3816', 23, 76, 2),
(10248, 'S700_1138', 36, 71, 6),
(10248, 'S700_1938', 40, 104, 13),
(10248, 'S700_2610', 32, 76, 4),
(10248, 'S700_3505', 30, 108, 7),
(10248, 'S700_3962', 35, 90, 8),
(10248, 'S72_3212', 23, 66, 9),
(10249, 'S18_3856', 46, 122, 5),
(10249, 'S24_2841', 20, 68, 1),
(10249, 'S24_3420', 25, 70, 2),
(10249, 'S700_2047', 40, 96, 4),
(10249, 'S72_1253', 32, 58, 3),
(10250, 'S18_1662', 45, 181, 14),
(10250, 'S18_2581', 27, 99, 4),
(10250, 'S24_1785', 31, 89, 6),
(10250, 'S24_2000', 32, 88, 1),
(10250, 'S24_3949', 40, 75, 13),
(10250, 'S24_4278', 37, 75, 5),
(10250, 'S32_1374', 31, 106, 2),
(10250, 'S32_4289', 50, 61, 7),
(10250, 'S50_1341', 36, 52, 8),
(10250, 'S700_1691', 31, 91, 9),
(10250, 'S700_2466', 35, 112, 11),
(10250, 'S700_2834', 44, 138, 3),
(10250, 'S700_3167', 44, 67, 10),
(10250, 'S700_4002', 38, 62, 12),
(10251, 'S10_1678', 28, 114, 2),
(10251, 'S10_2016', 44, 131, 5),
(10251, 'S10_4698', 43, 165, 4),
(10251, 'S12_2823', 46, 164, 1),
(10251, 'S18_2625', 29, 61, 6),
(10251, 'S24_1578', 26, 101, 3),
(10252, 'S18_3278', 20, 76, 2),
(10252, 'S18_3482', 41, 165, 1),
(10252, 'S18_3782', 31, 53, 5),
(10252, 'S18_4721', 26, 137, 4),
(10252, 'S24_2360', 47, 66, 8),
(10252, 'S24_4620', 38, 87, 3),
(10252, 'S32_2206', 36, 48, 6),
(10252, 'S32_4485', 25, 113, 9),
(10252, 'S50_4713', 48, 72, 7),
(10253, 'S12_1099', 24, 163, 13),
(10253, 'S12_3380', 22, 109, 11),
(10253, 'S12_3990', 25, 90, 14),
(10253, 'S12_4675', 41, 120, 10),
(10253, 'S18_1129', 26, 117, 5),
(10253, 'S18_1589', 24, 141, 1),
(10253, 'S18_1889', 23, 84, 9),
(10253, 'S18_1984', 33, 135, 4),
(10253, 'S18_2870', 37, 140, 2),
(10253, 'S18_3232', 40, 169, 6),
(10253, 'S18_3685', 31, 130, 3),
(10253, 'S24_2972', 40, 43, 7),
(10253, 'S24_3371', 24, 53, 12),
(10253, 'S24_3856', 39, 132, 8),
(10254, 'S18_1749', 49, 143, 5),
(10254, 'S18_2248', 36, 64, 4),
(10254, 'S18_2325', 41, 111, 2),
(10254, 'S18_4409', 34, 93, 6),
(10254, 'S18_4933', 30, 58, 7),
(10254, 'S24_1046', 34, 65, 11),
(10254, 'S24_1628', 32, 60, 13),
(10254, 'S24_1937', 38, 27, 1),
(10254, 'S24_2766', 31, 101, 9),
(10254, 'S24_2887', 33, 96, 8),
(10254, 'S24_3191', 42, 97, 10),
(10254, 'S24_3432', 49, 101, 12),
(10254, 'S24_3969', 20, 43, 3),
(10255, 'S18_2795', 24, 155, 1),
(10255, 'S24_2022', 37, 46, 2),
(10256, 'S18_1342', 34, 96, 2),
(10256, 'S18_1367', 29, 52, 1),
(10257, 'S18_2949', 50, 88, 1),
(10257, 'S18_2957', 49, 54, 3),
(10257, 'S18_3136', 37, 85, 2),
(10257, 'S18_3320', 26, 89, 5),
(10257, 'S24_4258', 46, 79, 4),
(10258, 'S10_1949', 32, 240, 6),
(10258, 'S12_1666', 41, 163, 3),
(10258, 'S18_1097', 41, 133, 5),
(10258, 'S18_4668', 21, 60, 4),
(10258, 'S32_3522', 20, 61, 2),
(10258, 'S700_2824', 45, 81, 1),
(10259, 'S10_4962', 26, 155, 12),
(10259, 'S12_4473', 46, 142, 4),
(10259, 'S18_2238', 30, 190, 3),
(10259, 'S18_2319', 34, 99, 7),
(10259, 'S18_2432', 30, 49, 10),
(10259, 'S18_3232', 27, 135, 8),
(10259, 'S18_4600', 41, 114, 13),
(10259, 'S24_1444', 28, 47, 1),
(10259, 'S24_2300', 47, 112, 9),
(10259, 'S24_2840', 31, 33, 5),
(10259, 'S32_1268', 45, 87, 11),
(10259, 'S32_2509', 40, 44, 6),
(10259, 'S50_1392', 29, 105, 2),
(10260, 'S12_1108', 46, 229, 5);
INSERT INTO PUBLIC.ORDERDETAILS(ORDERNUMBER, PRODUCTCODE, QUANTITYORDERED, PRICEEACH, ORDERLINENUMBER) VALUES
(10260, 'S12_3148', 30, 171, 6),
(10260, 'S12_3891', 44, 171, 4),
(10260, 'S18_3140', 32, 131, 1),
(10260, 'S18_3259', 29, 89, 3),
(10260, 'S18_4027', 23, 155, 8),
(10260, 'S24_4048', 23, 103, 10),
(10260, 'S32_3207', 27, 57, 9),
(10260, 'S50_1514', 21, 56, 7),
(10260, 'S700_1938', 33, 86, 2),
(10261, 'S10_4757', 27, 125, 1),
(10261, 'S18_4522', 20, 90, 9),
(10261, 'S24_2011', 36, 125, 8),
(10261, 'S24_3151', 22, 91, 3),
(10261, 'S700_1138', 34, 62, 4),
(10261, 'S700_2610', 44, 69, 2),
(10261, 'S700_3505', 25, 88, 5),
(10261, 'S700_3962', 50, 81, 6),
(10261, 'S72_3212', 29, 51, 7),
(10262, 'S18_1662', 49, 134, 9),
(10262, 'S18_3029', 32, 84, 15),
(10262, 'S18_3856', 34, 121, 14),
(10262, 'S24_1785', 34, 97, 1),
(10262, 'S24_2841', 24, 67, 10),
(10262, 'S24_3420', 46, 70, 11),
(10262, 'S24_3816', 49, 87, 16),
(10262, 'S24_3949', 48, 61, 8),
(10262, 'S32_4289', 40, 79, 2),
(10262, 'S50_1341', 49, 38, 3),
(10262, 'S700_1691', 40, 84, 4),
(10262, 'S700_2047', 44, 94, 13),
(10262, 'S700_2466', 33, 91, 6),
(10262, 'S700_3167', 27, 76, 5),
(10262, 'S700_4002', 35, 71, 7),
(10262, 'S72_1253', 21, 57, 12),
(10263, 'S10_1678', 34, 108, 2),
(10263, 'S10_2016', 40, 112, 5),
(10263, 'S10_4698', 41, 203, 4),
(10263, 'S12_2823', 48, 134, 1),
(10263, 'S18_2581', 33, 86, 10),
(10263, 'S18_2625', 34, 59, 6),
(10263, 'S24_1578', 42, 103, 3),
(10263, 'S24_2000', 37, 62, 7),
(10263, 'S24_4278', 24, 75, 11),
(10263, 'S32_1374', 31, 80, 8),
(10263, 'S700_2834', 47, 116, 9),
(10264, 'S18_3782', 48, 55, 3),
(10264, 'S18_4721', 20, 121, 2),
(10264, 'S24_2360', 37, 65, 6),
(10264, 'S24_4620', 47, 83, 1),
(10264, 'S32_2206', 20, 33, 4),
(10264, 'S32_4485', 34, 98, 7),
(10264, 'S50_4713', 47, 90, 5),
(10265, 'S18_3278', 45, 87, 2),
(10265, 'S18_3482', 49, 172, 1),
(10266, 'S12_1099', 44, 208, 14),
(10266, 'S12_3380', 22, 112, 12),
(10266, 'S12_3990', 35, 77, 15),
(10266, 'S12_4675', 40, 112, 11),
(10266, 'S18_1129', 21, 120, 6),
(10266, 'S18_1589', 36, 144, 2),
(10266, 'S18_1889', 33, 75, 10),
(10266, 'S18_1984', 49, 127, 5),
(10266, 'S18_2870', 20, 141, 3),
(10266, 'S18_3232', 29, 166, 7),
(10266, 'S18_3685', 33, 153, 4),
(10266, 'S24_1628', 28, 48, 1),
(10266, 'S24_2972', 34, 40, 8),
(10266, 'S24_3371', 47, 62, 13),
(10266, 'S24_3856', 24, 122, 9),
(10267, 'S18_4933', 36, 76, 1),
(10267, 'S24_1046', 40, 80, 5),
(10267, 'S24_2766', 38, 87, 3),
(10267, 'S24_2887', 43, 108, 2),
(10267, 'S24_3191', 44, 97, 4),
(10267, 'S24_3432', 43, 119, 6),
(10268, 'S18_1342', 49, 117, 3),
(10268, 'S18_1367', 26, 65, 2),
(10268, 'S18_1749', 34, 162, 10),
(10268, 'S18_2248', 31, 49, 9),
(10268, 'S18_2325', 50, 106, 7),
(10268, 'S18_2795', 35, 152, 4),
(10268, 'S18_3320', 39, 89, 1),
(10268, 'S18_4409', 35, 87, 11),
(10268, 'S24_1937', 33, 39, 6),
(10268, 'S24_2022', 40, 46, 5),
(10268, 'S24_3969', 30, 41, 8),
(10269, 'S18_2957', 32, 63, 1),
(10269, 'S24_4258', 48, 97, 2),
(10270, 'S10_1949', 21, 234, 9),
(10270, 'S10_4962', 32, 134, 2),
(10270, 'S12_1666', 28, 146, 6),
(10270, 'S18_1097', 43, 97, 8),
(10270, 'S18_2949', 31, 96, 10),
(10270, 'S18_3136', 38, 126, 11),
(10270, 'S18_4600', 38, 142, 3),
(10270, 'S18_4668', 44, 58, 7),
(10270, 'S32_1268', 32, 86, 1),
(10270, 'S32_3522', 21, 63, 5),
(10270, 'S700_2824', 46, 88, 4),
(10271, 'S12_4473', 31, 97, 5),
(10271, 'S18_2238', 50, 183, 4),
(10271, 'S18_2319', 50, 102, 8),
(10271, 'S18_2432', 25, 69, 11),
(10271, 'S18_3232', 20, 196, 9),
(10271, 'S24_1444', 45, 65, 2),
(10271, 'S24_2300', 43, 130, 10),
(10271, 'S24_2840', 38, 42, 6),
(10271, 'S24_4048', 22, 140, 1),
(10271, 'S32_2509', 35, 48, 7),
(10271, 'S50_1392', 34, 98, 3),
(10272, 'S12_1108', 35, 166, 2),
(10272, 'S12_3148', 27, 159, 3),
(10272, 'S12_3891', 39, 204, 1),
(10272, 'S18_4027', 25, 149, 5),
(10272, 'S32_3207', 45, 65, 6),
(10272, 'S50_1514', 43, 57, 4),
(10273, 'S10_4757', 30, 117, 4),
(10273, 'S18_3029', 34, 98, 2),
(10273, 'S18_3140', 40, 126, 13),
(10273, 'S18_3259', 47, 116, 15),
(10273, 'S18_3856', 50, 86, 1),
(10273, 'S18_4522', 33, 71, 12);
INSERT INTO PUBLIC.ORDERDETAILS(ORDERNUMBER, PRODUCTCODE, QUANTITYORDERED, PRICEEACH, ORDERLINENUMBER) VALUES
(10273, 'S24_2011', 22, 127, 11),
(10273, 'S24_3151', 27, 104, 6),
(10273, 'S24_3816', 48, 83, 3),
(10273, 'S700_1138', 21, 65, 7),
(10273, 'S700_1938', 21, 102, 14),
(10273, 'S700_2610', 42, 62, 5),
(10273, 'S700_3505', 40, 86, 8),
(10273, 'S700_3962', 26, 114, 9),
(10273, 'S72_3212', 37, 46, 10),
(10274, 'S18_1662', 41, 164, 1),
(10274, 'S24_2841', 40, 65, 2),
(10274, 'S24_3420', 24, 72, 3),
(10274, 'S700_2047', 24, 91, 5),
(10274, 'S72_1253', 32, 59, 4),
(10275, 'S10_1678', 45, 93, 1),
(10275, 'S10_2016', 22, 132, 4),
(10275, 'S10_4698', 36, 192, 3),
(10275, 'S18_2581', 35, 90, 9),
(10275, 'S18_2625', 37, 64, 5),
(10275, 'S24_1578', 21, 103, 2),
(10275, 'S24_1785', 25, 95, 11),
(10275, 'S24_2000', 30, 80, 6),
(10275, 'S24_3949', 41, 82, 18),
(10275, 'S24_4278', 27, 62, 10),
(10275, 'S32_1374', 23, 82, 7),
(10275, 'S32_4289', 28, 64, 12),
(10275, 'S50_1341', 38, 45, 13),
(10275, 'S700_1691', 32, 90, 14),
(10275, 'S700_2466', 39, 115, 16),
(10275, 'S700_2834', 48, 133, 8),
(10275, 'S700_3167', 43, 74, 15),
(10275, 'S700_4002', 31, 73, 17),
(10276, 'S12_1099', 50, 193, 3),
(10276, 'S12_2823', 43, 121, 14),
(10276, 'S12_3380', 47, 116, 1),
(10276, 'S12_3990', 38, 84, 4),
(10276, 'S18_3278', 38, 70, 6),
(10276, 'S18_3482', 30, 131, 5),
(10276, 'S18_3782', 33, 50, 9),
(10276, 'S18_4721', 48, 119, 8),
(10276, 'S24_2360', 46, 75, 12),
(10276, 'S24_3371', 20, 61, 2),
(10276, 'S24_4620', 48, 75, 7),
(10276, 'S32_2206', 27, 37, 10),
(10276, 'S32_4485', 38, 113, 13),
(10276, 'S50_4713', 21, 71, 11),
(10277, 'S12_4675', 28, 112, 1),
(10278, 'S18_1129', 34, 137, 6),
(10278, 'S18_1589', 23, 113, 2),
(10278, 'S18_1889', 29, 91, 10),
(10278, 'S18_1984', 29, 129, 5),
(10278, 'S18_2870', 39, 111, 3),
(10278, 'S18_3232', 42, 152, 7),
(10278, 'S18_3685', 31, 133, 4),
(10278, 'S24_1628', 35, 45, 1),
(10278, 'S24_2972', 31, 39, 8),
(10278, 'S24_3856', 25, 126, 9),
(10279, 'S18_4933', 26, 61, 1),
(10279, 'S24_1046', 32, 75, 5),
(10279, 'S24_2766', 49, 80, 3),
(10279, 'S24_2887', 48, 116, 2),
(10279, 'S24_3191', 33, 71, 4),
(10279, 'S24_3432', 48, 129, 6),
(10280, 'S10_1949', 34, 236, 2),
(10280, 'S18_1097', 24, 117, 1),
(10280, 'S18_1342', 50, 105, 9),
(10280, 'S18_1367', 27, 58, 8),
(10280, 'S18_1749', 26, 141, 16),
(10280, 'S18_2248', 25, 63, 15),
(10280, 'S18_2325', 37, 128, 13),
(10280, 'S18_2795', 22, 203, 10),
(10280, 'S18_2949', 46, 111, 3),
(10280, 'S18_2957', 43, 69, 5),
(10280, 'S18_3136', 29, 104, 4),
(10280, 'S18_3320', 34, 102, 7),
(10280, 'S18_4409', 35, 106, 17),
(10280, 'S24_1937', 20, 29, 12),
(10280, 'S24_2022', 45, 47, 11),
(10280, 'S24_3969', 33, 42, 14),
(10280, 'S24_4258', 21, 79, 6),
(10281, 'S10_4962', 44, 160, 9),
(10281, 'S12_1666', 25, 118, 13),
(10281, 'S12_4473', 41, 128, 1),
(10281, 'S18_2319', 48, 120, 4),
(10281, 'S18_2432', 29, 58, 7),
(10281, 'S18_3232', 25, 168, 5),
(10281, 'S18_4600', 25, 99, 10),
(10281, 'S18_4668', 44, 60, 14),
(10281, 'S24_2300', 25, 111, 6),
(10281, 'S24_2840', 20, 41, 2),
(10281, 'S32_1268', 29, 83, 8),
(10281, 'S32_2509', 31, 55, 3),
(10281, 'S32_3522', 36, 78, 12),
(10281, 'S700_2824', 27, 86, 11),
(10282, 'S12_1108', 41, 172, 5),
(10282, 'S12_3148', 27, 162, 6),
(10282, 'S12_3891', 24, 157, 4),
(10282, 'S18_2238', 23, 141, 13),
(10282, 'S18_3140', 43, 156, 1),
(10282, 'S18_3259', 36, 116, 3),
(10282, 'S18_4027', 31, 151, 8),
(10282, 'S24_1444', 29, 47, 11),
(10282, 'S24_4048', 39, 123, 10),
(10282, 'S32_3207', 36, 60, 9),
(10282, 'S50_1392', 38, 113, 12),
(10282, 'S50_1514', 37, 67, 7),
(10282, 'S700_1938', 43, 87, 2),
(10283, 'S10_4757', 25, 120, 6),
(10283, 'S18_3029', 21, 98, 4),
(10283, 'S18_3856', 46, 126, 3),
(10283, 'S18_4522', 34, 105, 14),
(10283, 'S24_2011', 42, 127, 13),
(10283, 'S24_3151', 34, 93, 8),
(10283, 'S24_3816', 33, 73, 5),
(10283, 'S700_1138', 45, 79, 9),
(10283, 'S700_2047', 20, 94, 2),
(10283, 'S700_2610', 47, 66, 7),
(10283, 'S700_3505', 22, 88, 10),
(10283, 'S700_3962', 38, 89, 11),
(10283, 'S72_1253', 43, 58, 1),
(10283, 'S72_3212', 33, 51, 12),
(10284, 'S18_1662', 45, 128, 11);
INSERT INTO PUBLIC.ORDERDETAILS(ORDERNUMBER, PRODUCTCODE, QUANTITYORDERED, PRICEEACH, ORDERLINENUMBER) VALUES
(10284, 'S18_2581', 31, 72, 1),
(10284, 'S24_1785', 22, 105, 3),
(10284, 'S24_2841', 30, 74, 12),
(10284, 'S24_3420', 39, 72, 13),
(10284, 'S24_3949', 21, 56, 10),
(10284, 'S24_4278', 21, 71, 2),
(10284, 'S32_4289', 50, 82, 4),
(10284, 'S50_1341', 33, 52, 5),
(10284, 'S700_1691', 24, 83, 6),
(10284, 'S700_2466', 45, 102, 8),
(10284, 'S700_3167', 25, 70, 7),
(10284, 'S700_4002', 32, 64, 9),
(10285, 'S10_1678', 36, 114, 6),
(10285, 'S10_2016', 47, 138, 9),
(10285, 'S10_4698', 27, 201, 8),
(10285, 'S12_2823', 49, 140, 5),
(10285, 'S18_2625', 20, 49, 10),
(10285, 'S24_1578', 34, 109, 7),
(10285, 'S24_2000', 39, 70, 11),
(10285, 'S24_2360', 38, 60, 3),
(10285, 'S32_1374', 37, 99, 12),
(10285, 'S32_2206', 37, 41, 1),
(10285, 'S32_4485', 26, 100, 4),
(10285, 'S50_4713', 39, 79, 2),
(10285, 'S700_2834', 45, 120, 13),
(10286, 'S18_3782', 38, 57, 1),
(10287, 'S12_1099', 21, 163, 12),
(10287, 'S12_3380', 45, 106, 10),
(10287, 'S12_3990', 41, 69, 13),
(10287, 'S12_4675', 23, 116, 9),
(10287, 'S18_1129', 41, 159, 4),
(10287, 'S18_1889', 44, 82, 8),
(10287, 'S18_1984', 24, 147, 3),
(10287, 'S18_2870', 44, 115, 1),
(10287, 'S18_3232', 36, 163, 5),
(10287, 'S18_3278', 43, 71, 15),
(10287, 'S18_3482', 40, 169, 14),
(10287, 'S18_3685', 27, 160, 2),
(10287, 'S18_4721', 34, 126, 17),
(10287, 'S24_2972', 36, 40, 6),
(10287, 'S24_3371', 20, 68, 11),
(10287, 'S24_3856', 36, 119, 7),
(10287, 'S24_4620', 40, 88, 16),
(10288, 'S18_1589', 20, 147, 14),
(10288, 'S18_1749', 32, 184, 5),
(10288, 'S18_2248', 28, 62, 4),
(10288, 'S18_2325', 31, 123, 2),
(10288, 'S18_4409', 35, 81, 6),
(10288, 'S18_4933', 23, 73, 7),
(10288, 'S24_1046', 36, 66, 11),
(10288, 'S24_1628', 50, 52, 13),
(10288, 'S24_1937', 29, 38, 1),
(10288, 'S24_2766', 35, 81, 9),
(10288, 'S24_2887', 48, 136, 8),
(10288, 'S24_3191', 34, 68, 10),
(10288, 'S24_3432', 41, 119, 12),
(10288, 'S24_3969', 33, 41, 3),
(10289, 'S18_1342', 38, 120, 2),
(10289, 'S18_1367', 24, 56, 1),
(10289, 'S18_2795', 43, 192, 3),
(10289, 'S24_2022', 45, 48, 4),
(10290, 'S18_3320', 26, 96, 2),
(10290, 'S24_4258', 45, 115, 1),
(10291, 'S10_1949', 37, 193, 11),
(10291, 'S10_4962', 30, 129, 4),
(10291, 'S12_1666', 41, 156, 8),
(10291, 'S18_1097', 41, 114, 10),
(10291, 'S18_2432', 26, 58, 2),
(10291, 'S18_2949', 47, 122, 12),
(10291, 'S18_2957', 37, 51, 14),
(10291, 'S18_3136', 23, 125, 13),
(10291, 'S18_4600', 48, 110, 5),
(10291, 'S18_4668', 29, 52, 9),
(10291, 'S24_2300', 48, 112, 1),
(10291, 'S32_1268', 26, 84, 3),
(10291, 'S32_3522', 32, 72, 7),
(10291, 'S700_2824', 28, 116, 6),
(10292, 'S12_4473', 21, 105, 8),
(10292, 'S18_2238', 26, 175, 7),
(10292, 'S18_2319', 41, 110, 11),
(10292, 'S18_3232', 21, 135, 12),
(10292, 'S18_4027', 44, 162, 2),
(10292, 'S24_1444', 40, 54, 5),
(10292, 'S24_2840', 39, 30, 9),
(10292, 'S24_4048', 27, 142, 4),
(10292, 'S32_2509', 50, 47, 10),
(10292, 'S32_3207', 31, 68, 3),
(10292, 'S50_1392', 41, 122, 6),
(10292, 'S50_1514', 35, 55, 1),
(10293, 'S12_1108', 46, 183, 8),
(10293, 'S12_3148', 24, 177, 9),
(10293, 'S12_3891', 45, 183, 7),
(10293, 'S18_3140', 24, 117, 4),
(10293, 'S18_3259', 22, 110, 6),
(10293, 'S18_4522', 49, 101, 3),
(10293, 'S24_2011', 21, 140, 2),
(10293, 'S700_1938', 29, 72, 5),
(10293, 'S72_3212', 32, 60, 1),
(10294, 'S700_3962', 45, 104, 1),
(10295, 'S10_4757', 24, 143, 1),
(10295, 'S24_3151', 46, 85, 3),
(10295, 'S700_1138', 26, 75, 4),
(10295, 'S700_2610', 44, 59, 2),
(10295, 'S700_3505', 34, 102, 5),
(10296, 'S18_1662', 36, 158, 7),
(10296, 'S18_3029', 21, 96, 13),
(10296, 'S18_3856', 22, 85, 12),
(10296, 'S24_2841', 21, 71, 8),
(10296, 'S24_3420', 31, 54, 9),
(10296, 'S24_3816', 22, 77, 14),
(10296, 'S24_3949', 32, 72, 6),
(10296, 'S50_1341', 26, 48, 1),
(10296, 'S700_1691', 42, 102, 2),
(10296, 'S700_2047', 34, 102, 11),
(10296, 'S700_2466', 24, 102, 4),
(10296, 'S700_3167', 22, 81, 3),
(10296, 'S700_4002', 47, 87, 5),
(10296, 'S72_1253', 21, 45, 10),
(10297, 'S18_2581', 25, 83, 4),
(10297, 'S24_1785', 32, 127, 6),
(10297, 'S24_2000', 32, 66, 1),
(10297, 'S24_4278', 23, 72, 5);
INSERT INTO PUBLIC.ORDERDETAILS(ORDERNUMBER, PRODUCTCODE, QUANTITYORDERED, PRICEEACH, ORDERLINENUMBER) VALUES
(10297, 'S32_1374', 26, 110, 2),
(10297, 'S32_4289', 28, 80, 7),
(10297, 'S700_2834', 35, 114, 3),
(10298, 'S10_2016', 39, 96, 1),
(10298, 'S18_2625', 32, 48, 2),
(10299, 'S10_1678', 23, 113, 9),
(10299, 'S10_4698', 29, 230, 11),
(10299, 'S12_2823', 24, 173, 8),
(10299, 'S18_3782', 39, 56, 3),
(10299, 'S18_4721', 49, 162, 2),
(10299, 'S24_1578', 47, 116, 10),
(10299, 'S24_2360', 33, 66, 6),
(10299, 'S24_4620', 32, 81, 1),
(10299, 'S32_2206', 24, 42, 4),
(10299, 'S32_4485', 38, 115, 7),
(10299, 'S50_4713', 44, 81, 5),
(10300, 'S12_1099', 33, 167, 5),
(10300, 'S12_3380', 29, 137, 3),
(10300, 'S12_3990', 22, 77, 6),
(10300, 'S12_4675', 23, 122, 2),
(10300, 'S18_1889', 41, 92, 1),
(10300, 'S18_3278', 49, 79, 8),
(10300, 'S18_3482', 23, 165, 7),
(10300, 'S24_3371', 31, 59, 4),
(10301, 'S18_1129', 37, 160, 8),
(10301, 'S18_1589', 32, 107, 4),
(10301, 'S18_1984', 47, 159, 7),
(10301, 'S18_2870', 22, 147, 5),
(10301, 'S18_3232', 23, 174, 9),
(10301, 'S18_3685', 39, 165, 6),
(10301, 'S24_1046', 27, 72, 1),
(10301, 'S24_1628', 22, 51, 3),
(10301, 'S24_2972', 48, 34, 10),
(10301, 'S24_3432', 22, 96, 2),
(10301, 'S24_3856', 50, 154, 11),
(10302, 'S18_1749', 43, 170, 1),
(10302, 'S18_4409', 38, 89, 2),
(10302, 'S18_4933', 23, 73, 3),
(10302, 'S24_2766', 49, 108, 5),
(10302, 'S24_2887', 45, 123, 4),
(10302, 'S24_3191', 48, 74, 6),
(10303, 'S18_2248', 46, 49, 2),
(10303, 'S24_3969', 24, 40, 1),
(10304, 'S10_1949', 47, 216, 6),
(10304, 'S12_1666', 39, 164, 3),
(10304, 'S18_1097', 46, 98, 5),
(10304, 'S18_1342', 37, 96, 13),
(10304, 'S18_1367', 37, 49, 12),
(10304, 'S18_2325', 24, 102, 17),
(10304, 'S18_2795', 20, 179, 14),
(10304, 'S18_2949', 46, 100, 7),
(10304, 'S18_2957', 24, 65, 9),
(10304, 'S18_3136', 26, 86, 8),
(10304, 'S18_3320', 38, 104, 11),
(10304, 'S18_4668', 34, 49, 4),
(10304, 'S24_1937', 23, 30, 16),
(10304, 'S24_2022', 44, 39, 15),
(10304, 'S24_4258', 33, 101, 10),
(10304, 'S32_3522', 36, 73, 2),
(10304, 'S700_2824', 40, 105, 1),
(10305, 'S10_4962', 38, 176, 13),
(10305, 'S12_4473', 38, 126, 5),
(10305, 'S18_2238', 27, 146, 4),
(10305, 'S18_2319', 36, 134, 8),
(10305, 'S18_2432', 41, 53, 11),
(10305, 'S18_3232', 37, 202, 9),
(10305, 'S18_4600', 22, 99, 14),
(10305, 'S24_1444', 45, 62, 2),
(10305, 'S24_2300', 24, 133, 10),
(10305, 'S24_2840', 48, 31, 6),
(10305, 'S24_4048', 36, 129, 1),
(10305, 'S32_1268', 28, 113, 12),
(10305, 'S32_2509', 40, 58, 7),
(10305, 'S50_1392', 42, 110, 3),
(10306, 'S12_1108', 31, 212, 13),
(10306, 'S12_3148', 34, 147, 14),
(10306, 'S12_3891', 20, 182, 12),
(10306, 'S18_3140', 32, 117, 9),
(10306, 'S18_3259', 40, 92, 11),
(10306, 'S18_4027', 23, 157, 16),
(10306, 'S18_4522', 39, 90, 8),
(10306, 'S24_2011', 29, 111, 7),
(10306, 'S24_3151', 31, 84, 2),
(10306, 'S32_3207', 46, 50, 17),
(10306, 'S50_1514', 34, 60, 15),
(10306, 'S700_1138', 50, 54, 3),
(10306, 'S700_1938', 38, 92, 10),
(10306, 'S700_2610', 43, 75, 1),
(10306, 'S700_3505', 32, 90, 4),
(10306, 'S700_3962', 30, 117, 5),
(10306, 'S72_3212', 35, 60, 6),
(10307, 'S10_4757', 22, 122, 9),
(10307, 'S18_1662', 39, 189, 1),
(10307, 'S18_3029', 31, 83, 7),
(10307, 'S18_3856', 48, 87, 6),
(10307, 'S24_2841', 25, 75, 2),
(10307, 'S24_3420', 22, 72, 3),
(10307, 'S24_3816', 22, 91, 8),
(10307, 'S700_2047', 34, 98, 5),
(10307, 'S72_1253', 34, 54, 4),
(10308, 'S10_2016', 34, 119, 2),
(10308, 'S10_4698', 20, 229, 1),
(10308, 'S18_2581', 27, 83, 7),
(10308, 'S18_2625', 34, 52, 3),
(10308, 'S24_1785', 31, 113, 9),
(10308, 'S24_2000', 47, 63, 4),
(10308, 'S24_3949', 43, 76, 16),
(10308, 'S24_4278', 44, 83, 8),
(10308, 'S32_1374', 24, 80, 5),
(10308, 'S32_4289', 46, 66, 10),
(10308, 'S50_1341', 47, 44, 11),
(10308, 'S700_1691', 21, 106, 12),
(10308, 'S700_2466', 35, 89, 14),
(10308, 'S700_2834', 31, 129, 6),
(10308, 'S700_3167', 21, 87, 13),
(10308, 'S700_4002', 39, 68, 15),
(10309, 'S10_1678', 41, 107, 5),
(10309, 'S12_2823', 26, 179, 4),
(10309, 'S24_1578', 21, 126, 6),
(10309, 'S24_2360', 24, 56, 2),
(10309, 'S32_4485', 50, 85, 3),
(10309, 'S50_4713', 28, 89, 1);
INSERT INTO PUBLIC.ORDERDETAILS(ORDERNUMBER, PRODUCTCODE, QUANTITYORDERED, PRICEEACH, ORDERLINENUMBER) VALUES
(10310, 'S12_1099', 33, 210, 10),
(10310, 'S12_3380', 24, 129, 8),
(10310, 'S12_3990', 49, 81, 11),
(10310, 'S12_4675', 25, 100, 7),
(10310, 'S18_1129', 37, 168, 2),
(10310, 'S18_1889', 20, 92, 6),
(10310, 'S18_1984', 24, 144, 1),
(10310, 'S18_3232', 48, 186, 3),
(10310, 'S18_3278', 27, 80, 13),
(10310, 'S18_3482', 49, 128, 12),
(10310, 'S18_3782', 42, 67, 16),
(10310, 'S18_4721', 40, 134, 15),
(10310, 'S24_2972', 33, 42, 4),
(10310, 'S24_3371', 38, 57, 9),
(10310, 'S24_3856', 45, 122, 5),
(10310, 'S24_4620', 49, 97, 14),
(10310, 'S32_2206', 36, 43, 17),
(10311, 'S18_1589', 29, 101, 9),
(10311, 'S18_2870', 43, 123, 10),
(10311, 'S18_3685', 32, 113, 11),
(10311, 'S18_4409', 41, 82, 1),
(10311, 'S18_4933', 25, 67, 2),
(10311, 'S24_1046', 26, 87, 6),
(10311, 'S24_1628', 45, 49, 8),
(10311, 'S24_2766', 28, 94, 4),
(10311, 'S24_2887', 43, 107, 3),
(10311, 'S24_3191', 25, 83, 5),
(10311, 'S24_3432', 46, 92, 7),
(10312, 'S10_1949', 48, 242, 3),
(10312, 'S18_1097', 32, 131, 2),
(10312, 'S18_1342', 43, 89, 10),
(10312, 'S18_1367', 25, 44, 9),
(10312, 'S18_1749', 48, 168, 17),
(10312, 'S18_2248', 30, 61, 16),
(10312, 'S18_2325', 31, 153, 14),
(10312, 'S18_2795', 25, 155, 11),
(10312, 'S18_2949', 37, 100, 4),
(10312, 'S18_2957', 35, 54, 6),
(10312, 'S18_3136', 38, 117, 5),
(10312, 'S18_3320', 33, 107, 8),
(10312, 'S18_4668', 39, 57, 1),
(10312, 'S24_1937', 39, 30, 13),
(10312, 'S24_2022', 23, 38, 12),
(10312, 'S24_3969', 31, 35, 15),
(10312, 'S24_4258', 44, 111, 7),
(10313, 'S10_4962', 40, 167, 7),
(10313, 'S12_1666', 21, 127, 11),
(10313, 'S18_2319', 29, 118, 2),
(10313, 'S18_2432', 34, 53, 5),
(10313, 'S18_3232', 25, 183, 3),
(10313, 'S18_4600', 28, 103, 8),
(10313, 'S24_2300', 42, 133, 4),
(10313, 'S32_1268', 27, 88, 6),
(10313, 'S32_2509', 38, 45, 1),
(10313, 'S32_3522', 34, 56, 10),
(10313, 'S700_2824', 30, 99, 9),
(10314, 'S12_1108', 38, 210, 5),
(10314, 'S12_3148', 46, 139, 6),
(10314, 'S12_3891', 36, 192, 4),
(10314, 'S12_4473', 45, 137, 14),
(10314, 'S18_2238', 42, 138, 13),
(10314, 'S18_3140', 20, 137, 1),
(10314, 'S18_3259', 23, 108, 3),
(10314, 'S18_4027', 29, 145, 8),
(10314, 'S24_1444', 44, 53, 11),
(10314, 'S24_2840', 39, 37, 15),
(10314, 'S24_4048', 38, 105, 10),
(10314, 'S32_3207', 35, 66, 9),
(10314, 'S50_1392', 28, 122, 12),
(10314, 'S50_1514', 38, 62, 7),
(10314, 'S700_1938', 23, 76, 2),
(10315, 'S18_4522', 36, 100, 7),
(10315, 'S24_2011', 35, 120, 6),
(10315, 'S24_3151', 24, 87, 1),
(10315, 'S700_1138', 41, 62, 2),
(10315, 'S700_3505', 31, 86, 3),
(10315, 'S700_3962', 37, 91, 4),
(10315, 'S72_3212', 40, 56, 5),
(10316, 'S10_4757', 33, 125, 17),
(10316, 'S18_1662', 27, 137, 9),
(10316, 'S18_3029', 21, 95, 15),
(10316, 'S18_3856', 47, 87, 14),
(10316, 'S24_1785', 25, 115, 1),
(10316, 'S24_2841', 34, 64, 10),
(10316, 'S24_3420', 47, 77, 11),
(10316, 'S24_3816', 25, 92, 16),
(10316, 'S24_3949', 30, 78, 8),
(10316, 'S32_4289', 24, 59, 2),
(10316, 'S50_1341', 34, 48, 3),
(10316, 'S700_1691', 34, 82, 4),
(10316, 'S700_2047', 45, 93, 13),
(10316, 'S700_2466', 23, 118, 6),
(10316, 'S700_2610', 48, 74, 18),
(10316, 'S700_3167', 48, 75, 5),
(10316, 'S700_4002', 44, 62, 7),
(10316, 'S72_1253', 34, 44, 12),
(10317, 'S24_4278', 35, 83, 1),
(10318, 'S10_1678', 46, 95, 1),
(10318, 'S10_2016', 45, 124, 4),
(10318, 'S10_4698', 37, 207, 3),
(10318, 'S18_2581', 31, 101, 9),
(10318, 'S18_2625', 42, 53, 5),
(10318, 'S24_1578', 48, 134, 2),
(10318, 'S24_2000', 26, 87, 6),
(10318, 'S32_1374', 47, 113, 7),
(10318, 'S700_2834', 50, 142, 8),
(10319, 'S12_2823', 30, 137, 9),
(10319, 'S18_3278', 46, 74, 1),
(10319, 'S18_3782', 44, 59, 4),
(10319, 'S18_4721', 45, 176, 3),
(10319, 'S24_2360', 31, 82, 7),
(10319, 'S24_4620', 43, 86, 2),
(10319, 'S32_2206', 29, 38, 5),
(10319, 'S32_4485', 22, 119, 8),
(10319, 'S50_4713', 45, 77, 6),
(10320, 'S12_1099', 31, 222, 3),
(10320, 'S12_3380', 35, 139, 1),
(10320, 'S12_3990', 38, 73, 4),
(10320, 'S18_3482', 25, 140, 5),
(10320, 'S24_3371', 26, 61, 2),
(10321, 'S12_4675', 24, 124, 15),
(10321, 'S18_1129', 41, 142, 10);
INSERT INTO PUBLIC.ORDERDETAILS(ORDERNUMBER, PRODUCTCODE, QUANTITYORDERED, PRICEEACH, ORDERLINENUMBER) VALUES
(10321, 'S18_1589', 44, 102, 6),
(10321, 'S18_1889', 37, 79, 14),
(10321, 'S18_1984', 25, 149, 9),
(10321, 'S18_2870', 27, 106, 7),
(10321, 'S18_3232', 33, 173, 11),
(10321, 'S18_3685', 28, 151, 8),
(10321, 'S24_1046', 30, 71, 3),
(10321, 'S24_1628', 48, 42, 5),
(10321, 'S24_2766', 30, 73, 1),
(10321, 'S24_2972', 37, 33, 12),
(10321, 'S24_3191', 39, 85, 2),
(10321, 'S24_3432', 21, 90, 4),
(10321, 'S24_3856', 26, 156, 13),
(10322, 'S10_1949', 40, 150, 1),
(10322, 'S10_4962', 46, 62, 8),
(10322, 'S12_1666', 27, 177, 9),
(10322, 'S18_1097', 22, 102, 10),
(10322, 'S18_1342', 43, 86, 14),
(10322, 'S18_1367', 41, 58, 5),
(10322, 'S18_2325', 50, 251, 6),
(10322, 'S18_2432', 35, 61, 11),
(10322, 'S18_2795', 36, 161, 2),
(10322, 'S18_2949', 33, 107, 12),
(10322, 'S18_2957', 41, 30, 13),
(10322, 'S18_3136', 48, 47, 7),
(10322, 'S24_1937', 20, 131, 3),
(10322, 'S24_2022', 30, 117, 4),
(10323, 'S18_3320', 33, 91, 2),
(10323, 'S18_4600', 47, 132, 1),
(10324, 'S12_3148', 27, 54, 1),
(10324, 'S12_4473', 26, 58, 7),
(10324, 'S18_2238', 47, 153, 8),
(10324, 'S18_2319', 33, 37, 10),
(10324, 'S18_3232', 27, 117, 12),
(10324, 'S18_4027', 49, 110, 13),
(10324, 'S18_4668', 38, 180, 6),
(10324, 'S24_1444', 25, 69, 14),
(10324, 'S24_2300', 31, 123, 2),
(10324, 'S24_2840', 30, 111, 9),
(10324, 'S24_4258', 33, 190, 3),
(10324, 'S32_1268', 20, 98, 11),
(10324, 'S32_3522', 48, 171, 4),
(10324, 'S700_2824', 34, 125, 5),
(10325, 'S10_4757', 47, 65, 6),
(10325, 'S12_1108', 42, 64, 8),
(10325, 'S12_3891', 24, 108, 1),
(10325, 'S18_3140', 24, 69, 9),
(10325, 'S24_4048', 44, 121, 5),
(10325, 'S32_2509', 38, 233, 3),
(10325, 'S32_3207', 28, 192, 2),
(10325, 'S50_1392', 38, 137, 4),
(10325, 'S50_1514', 44, 135, 7),
(10326, 'S18_3259', 32, 119, 6),
(10326, 'S18_4522', 50, 86, 5),
(10326, 'S24_2011', 41, 106, 4),
(10326, 'S24_3151', 41, 86, 3),
(10326, 'S24_3816', 20, 92, 2),
(10326, 'S700_1138', 39, 60, 1),
(10327, 'S18_1662', 25, 112, 6),
(10327, 'S18_2581', 45, 106, 8),
(10327, 'S18_3029', 25, 46, 5),
(10327, 'S700_1938', 20, 173, 7),
(10327, 'S700_2610', 21, 96, 1),
(10327, 'S700_3505', 43, 80, 2),
(10327, 'S700_3962', 37, 87, 3),
(10327, 'S72_3212', 37, 87, 4),
(10328, 'S18_3856', 34, 112, 6),
(10328, 'S24_1785', 47, 88, 14),
(10328, 'S24_2841', 48, 59, 1),
(10328, 'S24_3420', 20, 73, 2),
(10328, 'S24_3949', 35, 76, 3),
(10328, 'S24_4278', 43, 61, 4),
(10328, 'S32_4289', 24, 81, 5),
(10328, 'S50_1341', 34, 52, 7),
(10328, 'S700_1691', 27, 102, 8),
(10328, 'S700_2047', 41, 101, 9),
(10328, 'S700_2466', 37, 109, 10),
(10328, 'S700_2834', 33, 123, 11),
(10328, 'S700_3167', 33, 64, 13),
(10328, 'S700_4002', 39, 86, 12),
(10329, 'S10_1678', 42, 105, 1),
(10329, 'S10_2016', 20, 159, 2),
(10329, 'S10_4698', 26, 226, 3),
(10329, 'S12_1099', 41, 71, 5),
(10329, 'S12_2823', 24, 148, 6),
(10329, 'S12_3380', 46, 84, 13),
(10329, 'S12_3990', 33, 109, 14),
(10329, 'S12_4675', 39, 65, 15),
(10329, 'S18_1889', 29, 102, 9),
(10329, 'S18_2625', 38, 139, 12),
(10329, 'S18_3278', 38, 59, 10),
(10329, 'S24_1578', 30, 88, 7),
(10329, 'S24_2000', 37, 94, 4),
(10329, 'S32_1374', 45, 64, 11),
(10329, 'S72_1253', 44, 86, 8),
(10330, 'S18_3482', 37, 119, 3),
(10330, 'S18_3782', 29, 70, 2),
(10330, 'S18_4721', 50, 122, 4),
(10330, 'S24_2360', 42, 81, 1),
(10331, 'S18_1129', 46, 140, 6),
(10331, 'S18_1589', 44, 110, 14),
(10331, 'S18_1749', 44, 74, 7),
(10331, 'S18_1984', 30, 32, 8),
(10331, 'S18_2870', 26, 65, 10),
(10331, 'S18_3232', 27, 154, 11),
(10331, 'S18_3685', 26, 68, 12),
(10331, 'S24_2972', 27, 42, 13),
(10331, 'S24_3371', 25, 123, 9),
(10331, 'S24_3856', 21, 149, 1),
(10331, 'S24_4620', 41, 139, 2),
(10331, 'S32_2206', 28, 147, 3),
(10331, 'S32_4485', 32, 157, 4),
(10331, 'S50_4713', 20, 183, 5),
(10332, 'S18_1342', 46, 95, 15),
(10332, 'S18_1367', 27, 90, 16),
(10332, 'S18_2248', 38, 84, 9),
(10332, 'S18_2325', 35, 65, 8),
(10332, 'S18_2795', 24, 53, 1),
(10332, 'S18_2957', 26, 115, 17),
(10332, 'S18_3136', 40, 40, 18),
(10332, 'S18_4409', 50, 146, 2),
(10332, 'S18_4933', 21, 165, 3);
INSERT INTO PUBLIC.ORDERDETAILS(ORDERNUMBER, PRODUCTCODE, QUANTITYORDERED, PRICEEACH, ORDERLINENUMBER) VALUES
(10332, 'S24_1046', 23, 57, 4),
(10332, 'S24_1628', 20, 88, 5),
(10332, 'S24_1937', 45, 82, 6),
(10332, 'S24_2022', 26, 86, 10),
(10332, 'S24_2766', 39, 87, 7),
(10332, 'S24_2887', 44, 42, 11),
(10332, 'S24_3191', 45, 34, 12),
(10332, 'S24_3432', 31, 37, 13),
(10332, 'S24_3969', 41, 77, 14),
(10333, 'S10_1949', 26, 116, 3),
(10333, 'S12_1666', 33, 99, 6),
(10333, 'S18_1097', 29, 40, 7),
(10333, 'S18_2949', 31, 90, 5),
(10333, 'S18_3320', 46, 246, 2),
(10333, 'S18_4668', 24, 80, 8),
(10333, 'S24_4258', 39, 113, 1),
(10333, 'S32_3522', 33, 74, 4),
(10334, 'S10_4962', 26, 123, 2),
(10334, 'S18_2319', 46, 126, 6),
(10334, 'S18_2432', 34, 61, 1),
(10334, 'S18_3232', 20, 144, 3),
(10334, 'S18_4600', 49, 138, 4),
(10334, 'S24_2300', 42, 132, 5),
(10335, 'S24_2840', 33, 37, 2),
(10335, 'S32_1268', 44, 108, 1),
(10335, 'S32_2509', 40, 61, 3),
(10336, 'S12_1108', 33, 57, 10),
(10336, 'S12_3148', 33, 123, 11),
(10336, 'S12_3891', 49, 63, 1),
(10336, 'S12_4473', 38, 168, 3),
(10336, 'S18_2238', 49, 152, 6),
(10336, 'S18_3140', 48, 120, 12),
(10336, 'S18_3259', 21, 106, 7),
(10336, 'S24_1444', 45, 133, 4),
(10336, 'S24_4048', 31, 149, 5),
(10336, 'S32_3207', 31, 85, 9),
(10336, 'S50_1392', 23, 137, 8),
(10336, 'S700_2824', 46, 208, 2),
(10337, 'S10_4757', 25, 48, 8),
(10337, 'S18_4027', 36, 158, 3),
(10337, 'S18_4522', 29, 155, 2),
(10337, 'S24_2011', 29, 72, 4),
(10337, 'S50_1514', 21, 109, 6),
(10337, 'S700_1938', 36, 70, 9),
(10337, 'S700_3505', 31, 89, 1),
(10337, 'S700_3962', 36, 72, 7),
(10337, 'S72_3212', 42, 97, 5),
(10338, 'S18_1662', 41, 137, 1),
(10338, 'S18_3029', 28, 83, 3),
(10338, 'S18_3856', 45, 123, 2),
(10339, 'S10_2016', 40, 69, 4),
(10339, 'S10_4698', 39, 77, 3),
(10339, 'S18_2581', 27, 104, 2),
(10339, 'S18_2625', 30, 62, 1),
(10339, 'S24_1578', 27, 84, 10),
(10339, 'S24_1785', 21, 51, 7),
(10339, 'S24_2841', 55, 113, 12),
(10339, 'S24_3151', 55, 196, 13),
(10339, 'S24_3420', 29, 100, 14),
(10339, 'S24_3816', 42, 59, 16),
(10339, 'S24_3949', 45, 97, 11),
(10339, 'S700_1138', 22, 128, 5),
(10339, 'S700_2047', 55, 71, 15),
(10339, 'S700_2610', 50, 74, 9),
(10339, 'S700_4002', 50, 58, 8),
(10339, 'S72_1253', 27, 76, 6),
(10340, 'S24_2000', 55, 80, 8),
(10340, 'S24_4278', 40, 85, 1),
(10340, 'S32_1374', 55, 118, 2),
(10340, 'S32_4289', 39, 59, 3),
(10340, 'S50_1341', 40, 51, 4),
(10340, 'S700_1691', 30, 89, 5),
(10340, 'S700_2466', 55, 88, 7),
(10340, 'S700_2834', 29, 141, 6),
(10341, 'S10_1678', 41, 189, 9),
(10341, 'S12_1099', 45, 80, 2),
(10341, 'S12_2823', 55, 148, 8),
(10341, 'S12_3380', 44, 96, 1),
(10341, 'S12_3990', 36, 94, 10),
(10341, 'S12_4675', 55, 75, 7),
(10341, 'S24_2360', 32, 103, 6),
(10341, 'S32_4485', 31, 71, 4),
(10341, 'S50_4713', 38, 123, 3),
(10341, 'S700_3167', 34, 107, 5),
(10342, 'S18_1129', 40, 161, 2),
(10342, 'S18_1889', 55, 65, 1),
(10342, 'S18_1984', 22, 144, 3),
(10342, 'S18_3232', 30, 168, 4),
(10342, 'S18_3278', 25, 67, 5),
(10342, 'S18_3482', 55, 119, 7),
(10342, 'S18_3782', 26, 56, 8),
(10342, 'S18_4721', 38, 165, 11),
(10342, 'S24_2972', 39, 40, 9),
(10342, 'S24_3371', 48, 62, 10),
(10342, 'S24_3856', 42, 119, 6),
(10343, 'S18_1589', 36, 162, 4),
(10343, 'S18_2870', 25, 52, 3),
(10343, 'S18_3685', 44, 85, 2),
(10343, 'S24_1628', 27, 36, 6),
(10343, 'S24_4620', 30, 103, 1),
(10343, 'S32_2206', 29, 128, 5),
(10344, 'S18_1749', 45, 170, 1),
(10344, 'S18_2248', 40, 57, 2),
(10344, 'S18_2325', 30, 131, 3),
(10344, 'S18_4409', 21, 105, 4),
(10344, 'S18_4933', 26, 63, 5),
(10344, 'S24_1046', 29, 60, 7),
(10344, 'S24_1937', 20, 35, 6),
(10345, 'S24_2022', 43, 54, 1),
(10346, 'S18_1342', 42, 36, 3),
(10346, 'S24_2766', 25, 115, 1),
(10346, 'S24_2887', 24, 87, 5),
(10346, 'S24_3191', 24, 139, 2),
(10346, 'S24_3432', 26, 96, 6),
(10346, 'S24_3969', 22, 97, 4),
(10347, 'S10_1949', 30, 131, 1),
(10347, 'S10_4962', 27, 164, 2),
(10347, 'S12_1666', 29, 124, 3),
(10347, 'S18_1097', 42, 50, 5),
(10347, 'S18_1367', 21, 59, 7),
(10347, 'S18_2432', 50, 137, 8),
(10347, 'S18_2795', 21, 229, 6),
(10347, 'S18_2949', 48, 100, 9);
INSERT INTO PUBLIC.ORDERDETAILS(ORDERNUMBER, PRODUCTCODE, QUANTITYORDERED, PRICEEACH, ORDERLINENUMBER) VALUES
(10347, 'S18_2957', 34, 65, 10),
(10347, 'S18_3136', 45, 110, 11),
(10347, 'S18_3320', 26, 102, 12),
(10347, 'S18_4600', 45, 131, 4),
(10348, 'S12_1108', 48, 52, 8),
(10348, 'S12_3148', 47, 102, 4),
(10348, 'S18_4668', 29, 245, 6),
(10348, 'S24_2300', 37, 162, 1),
(10348, 'S24_4258', 39, 50, 2),
(10348, 'S32_1268', 42, 152, 3),
(10348, 'S32_3522', 31, 101, 5),
(10348, 'S700_2824', 32, 83, 7),
(10349, 'S12_3891', 26, 170, 10),
(10349, 'S12_4473', 48, 109, 9),
(10349, 'S18_2238', 38, 177, 8),
(10349, 'S18_2319', 38, 137, 7),
(10349, 'S18_3232', 48, 154, 6),
(10349, 'S18_4027', 34, 129, 5),
(10349, 'S24_1444', 48, 47, 4),
(10349, 'S24_2840', 36, 37, 3),
(10349, 'S24_4048', 23, 138, 2),
(10349, 'S32_2509', 33, 47, 1),
(10350, 'S10_4757', 26, 75, 5),
(10350, 'S18_3029', 43, 65, 6),
(10350, 'S18_3140', 44, 118, 1),
(10350, 'S18_3259', 41, 93, 2),
(10350, 'S18_4522', 30, 101, 3),
(10350, 'S24_2011', 34, 50, 7),
(10350, 'S24_3151', 30, 101, 9),
(10350, 'S24_3816', 25, 60, 10),
(10350, 'S32_3207', 27, 163, 14),
(10350, 'S50_1392', 31, 71, 8),
(10350, 'S50_1514', 44, 148, 17),
(10350, 'S700_1138', 46, 77, 11),
(10350, 'S700_1938', 28, 104, 4),
(10350, 'S700_2610', 29, 75, 12),
(10350, 'S700_3505', 31, 77, 13),
(10350, 'S700_3962', 25, 114, 16),
(10350, 'S72_3212', 20, 112, 15),
(10351, 'S18_1662', 39, 100, 1),
(10351, 'S18_3856', 20, 169, 2),
(10351, 'S24_2841', 25, 75, 5),
(10351, 'S24_3420', 38, 68, 4),
(10351, 'S24_3949', 34, 59, 3),
(10352, 'S700_2047', 23, 102, 3),
(10352, 'S700_2466', 49, 101, 2),
(10352, 'S700_4002', 22, 76, 1),
(10352, 'S72_1253', 49, 53, 4),
(10353, 'S18_2581', 27, 130, 1),
(10353, 'S24_1785', 28, 72, 2),
(10353, 'S24_4278', 35, 90, 3),
(10353, 'S32_1374', 46, 81, 5),
(10353, 'S32_4289', 40, 45, 7),
(10353, 'S50_1341', 40, 82, 8),
(10353, 'S700_1691', 39, 129, 9),
(10353, 'S700_2834', 48, 69, 4),
(10353, 'S700_3167', 43, 82, 6),
(10354, 'S10_1678', 42, 86, 6),
(10354, 'S10_2016', 20, 105, 2),
(10354, 'S10_4698', 42, 213, 3),
(10354, 'S12_1099', 31, 93, 9),
(10354, 'S12_2823', 35, 183, 4),
(10354, 'S12_3380', 29, 73, 11),
(10354, 'S12_3990', 23, 51, 12),
(10354, 'S12_4675', 28, 87, 13),
(10354, 'S18_1889', 21, 110, 8),
(10354, 'S18_2625', 28, 166, 10),
(10354, 'S18_3278', 36, 82, 7),
(10354, 'S24_1578', 21, 114, 5),
(10354, 'S24_2000', 28, 69, 1),
(10355, 'S18_3482', 23, 138, 7),
(10355, 'S18_3782', 31, 53, 1),
(10355, 'S18_4721', 25, 168, 2),
(10355, 'S24_2360', 41, 71, 3),
(10355, 'S24_2972', 36, 39, 4),
(10355, 'S24_3371', 44, 62, 6),
(10355, 'S24_3856', 32, 166, 8),
(10355, 'S24_4620', 28, 95, 9),
(10355, 'S32_2206', 38, 40, 10),
(10355, 'S32_4485', 40, 108, 5),
(10356, 'S18_1129', 43, 98, 8),
(10356, 'S18_1342', 50, 50, 9),
(10356, 'S18_1367', 22, 72, 6),
(10356, 'S18_1984', 27, 65, 2),
(10356, 'S18_2325', 29, 125, 3),
(10356, 'S18_2795', 30, 149, 1),
(10356, 'S24_1937', 48, 203, 5),
(10356, 'S24_2022', 26, 32, 7),
(10356, 'S50_4713', 26, 151, 4),
(10357, 'S10_1949', 32, 178, 10),
(10357, 'S10_4962', 43, 134, 9),
(10357, 'S12_1666', 49, 122, 8),
(10357, 'S18_1097', 39, 98, 1),
(10357, 'S18_2432', 41, 62, 7),
(10357, 'S18_2949', 41, 87, 6),
(10357, 'S18_2957', 49, 71, 5),
(10357, 'S18_3136', 44, 117, 4),
(10357, 'S18_3320', 25, 104, 3),
(10357, 'S18_4600', 28, 127, 2),
(10358, 'S12_3148', 49, 55, 5),
(10358, 'S12_4473', 42, 64, 9),
(10358, 'S18_2238', 20, 121, 10),
(10358, 'S18_2319', 20, 36, 11),
(10358, 'S18_3232', 32, 93, 12),
(10358, 'S18_4027', 25, 101, 13),
(10358, 'S18_4668', 30, 177, 8),
(10358, 'S24_1444', 44, 61, 14),
(10358, 'S24_2300', 41, 139, 7),
(10358, 'S24_2840', 36, 83, 4),
(10358, 'S24_4258', 41, 167, 6),
(10358, 'S32_1268', 41, 108, 1),
(10358, 'S32_3522', 36, 157, 2),
(10358, 'S700_2824', 27, 139, 3),
(10359, 'S10_4757', 48, 55, 6),
(10359, 'S12_1108', 42, 113, 8),
(10359, 'S12_3891', 49, 62, 5),
(10359, 'S24_4048', 22, 118, 7),
(10359, 'S32_2509', 36, 177, 3),
(10359, 'S32_3207', 22, 196, 1),
(10359, 'S50_1392', 46, 106, 2),
(10359, 'S50_1514', 25, 65, 4),
(10360, 'S18_1662', 50, 59, 12);
INSERT INTO PUBLIC.ORDERDETAILS(ORDERNUMBER, PRODUCTCODE, QUANTITYORDERED, PRICEEACH, ORDERLINENUMBER) VALUES
(10360, 'S18_2581', 41, 87, 13),
(10360, 'S18_3029', 46, 77, 14),
(10360, 'S18_3140', 29, 175, 8),
(10360, 'S18_3259', 29, 101, 18),
(10360, 'S18_3856', 40, 87, 15),
(10360, 'S18_4522', 40, 86, 1),
(10360, 'S24_1785', 22, 115, 17),
(10360, 'S24_2011', 31, 119, 2),
(10360, 'S24_2841', 49, 57, 16),
(10360, 'S24_3151', 36, 114, 3),
(10360, 'S24_3816', 22, 111, 4),
(10360, 'S700_1138', 32, 101, 5),
(10360, 'S700_1938', 26, 97, 6),
(10360, 'S700_2610', 30, 125, 7),
(10360, 'S700_3505', 35, 66, 9),
(10360, 'S700_3962', 31, 104, 10),
(10360, 'S72_3212', 31, 96, 11),
(10361, 'S10_1678', 20, 73, 13),
(10361, 'S10_2016', 26, 51, 8),
(10361, 'S24_3420', 34, 114, 6),
(10361, 'S24_3949', 26, 143, 7),
(10361, 'S24_4278', 25, 62, 1),
(10361, 'S32_4289', 49, 72, 2),
(10361, 'S50_1341', 33, 83, 3),
(10361, 'S700_1691', 20, 61, 4),
(10361, 'S700_2047', 24, 45, 14),
(10361, 'S700_2466', 26, 106, 9),
(10361, 'S700_2834', 44, 72, 5),
(10361, 'S700_3167', 44, 114, 10),
(10361, 'S700_4002', 35, 122, 11),
(10361, 'S72_1253', 23, 95, 12),
(10362, 'S10_4698', 22, 167, 4),
(10362, 'S12_2823', 22, 176, 1),
(10362, 'S18_2625', 23, 50, 3),
(10362, 'S24_1578', 50, 97, 2),
(10363, 'S12_1099', 33, 85, 3),
(10363, 'S12_3380', 34, 97, 4),
(10363, 'S12_3990', 34, 82, 5),
(10363, 'S12_4675', 46, 88, 6),
(10363, 'S18_1889', 22, 168, 7),
(10363, 'S18_3278', 46, 60, 10),
(10363, 'S18_3482', 24, 173, 11),
(10363, 'S18_3782', 32, 89, 12),
(10363, 'S18_4721', 28, 58, 13),
(10363, 'S24_2000', 21, 171, 8),
(10363, 'S24_2360', 43, 61, 14),
(10363, 'S24_3371', 21, 117, 15),
(10363, 'S24_3856', 31, 95, 1),
(10363, 'S24_4620', 43, 120, 9),
(10363, 'S32_1374', 50, 132, 2),
(10364, 'S32_2206', 48, 48, 1),
(10365, 'S18_1129', 30, 87, 1),
(10365, 'S32_4485', 22, 156, 3),
(10365, 'S50_4713', 44, 113, 2),
(10366, 'S18_1984', 34, 124, 3),
(10366, 'S18_2870', 49, 125, 2),
(10366, 'S18_3232', 34, 185, 1),
(10367, 'S18_1589', 49, 56, 1),
(10367, 'S18_1749', 37, 127, 3),
(10367, 'S18_2248', 45, 197, 4),
(10367, 'S18_2325', 27, 155, 5),
(10367, 'S18_2795', 32, 95, 7),
(10367, 'S18_3685', 46, 105, 6),
(10367, 'S18_4409', 43, 63, 8),
(10367, 'S18_4933', 44, 85, 9),
(10367, 'S24_1046', 21, 60, 10),
(10367, 'S24_1628', 38, 39, 11),
(10367, 'S24_1937', 23, 36, 13),
(10367, 'S24_2022', 28, 31, 12),
(10367, 'S24_2972', 36, 139, 2),
(10368, 'S24_2766', 40, 103, 2),
(10368, 'S24_2887', 31, 136, 5),
(10368, 'S24_3191', 46, 80, 1),
(10368, 'S24_3432', 20, 100, 4),
(10368, 'S24_3969', 46, 37, 3),
(10369, 'S10_1949', 41, 110, 2),
(10369, 'S18_1342', 44, 210, 8),
(10369, 'S18_1367', 32, 99, 7),
(10369, 'S18_2949', 42, 109, 1),
(10369, 'S18_2957', 28, 44, 6),
(10369, 'S18_3136', 21, 94, 5),
(10369, 'S18_3320', 45, 73, 4),
(10369, 'S24_4258', 40, 87, 3),
(10370, 'S10_4962', 35, 66, 4),
(10370, 'S12_1666', 49, 173, 8),
(10370, 'S18_1097', 27, 145, 1),
(10370, 'S18_2319', 22, 180, 5),
(10370, 'S18_2432', 22, 97, 7),
(10370, 'S18_3232', 27, 57, 9),
(10370, 'S18_4600', 29, 58, 6),
(10370, 'S18_4668', 20, 137, 2),
(10370, 'S32_3522', 25, 126, 3),
(10371, 'S12_1108', 32, 111, 6),
(10371, 'S12_4473', 49, 36, 4),
(10371, 'S18_2238', 25, 104, 7),
(10371, 'S24_1444', 25, 97, 12),
(10371, 'S24_2300', 20, 172, 5),
(10371, 'S24_2840', 45, 123, 8),
(10371, 'S24_4048', 28, 50, 9),
(10371, 'S32_1268', 26, 156, 1),
(10371, 'S32_2509', 20, 66, 2),
(10371, 'S32_3207', 30, 100, 11),
(10371, 'S50_1392', 48, 57, 10),
(10371, 'S700_2824', 34, 127, 3),
(10372, 'S12_3148', 40, 147, 4),
(10372, 'S12_3891', 34, 175, 1),
(10372, 'S18_3140', 28, 138, 3),
(10372, 'S18_3259', 25, 85, 5),
(10372, 'S18_4027', 48, 146, 6),
(10372, 'S18_4522', 41, 87, 7),
(10372, 'S24_2011', 37, 106, 8),
(10372, 'S50_1514', 24, 59, 9),
(10372, 'S700_1938', 44, 102, 2),
(10373, 'S10_4757', 39, 104, 3),
(10373, 'S18_1662', 28, 58, 4),
(10373, 'S18_3029', 22, 87, 5),
(10373, 'S18_3856', 50, 60, 6),
(10373, 'S24_2841', 38, 70, 7),
(10373, 'S24_3151', 33, 57, 12),
(10373, 'S24_3420', 46, 66, 11),
(10373, 'S24_3816', 23, 104, 10),
(10373, 'S24_3949', 39, 73, 13);
INSERT INTO PUBLIC.ORDERDETAILS(ORDERNUMBER, PRODUCTCODE, QUANTITYORDERED, PRICEEACH, ORDERLINENUMBER) VALUES
(10373, 'S700_1138', 44, 105, 14),
(10373, 'S700_2047', 32, 84, 15),
(10373, 'S700_2610', 41, 70, 16),
(10373, 'S700_3505', 34, 96, 2),
(10373, 'S700_3962', 37, 109, 8),
(10373, 'S700_4002', 45, 56, 17),
(10373, 'S72_1253', 25, 65, 9),
(10373, 'S72_3212', 29, 137, 1),
(10374, 'S10_2016', 39, 136, 5),
(10374, 'S10_4698', 22, 174, 1),
(10374, 'S18_2581', 42, 69, 2),
(10374, 'S18_2625', 22, 53, 4),
(10374, 'S24_1578', 38, 110, 6),
(10374, 'S24_1785', 46, 94, 3),
(10375, 'S10_1678', 21, 35, 12),
(10375, 'S12_1099', 45, 76, 7),
(10375, 'S12_2823', 49, 79, 13),
(10375, 'S24_2000', 23, 106, 9),
(10375, 'S24_2360', 20, 102, 14),
(10375, 'S24_4278', 43, 233, 2),
(10375, 'S32_1374', 37, 172, 3),
(10375, 'S32_4289', 44, 82, 4),
(10375, 'S32_4485', 41, 115, 15),
(10375, 'S50_1341', 49, 66, 5),
(10375, 'S50_4713', 49, 110, 8),
(10375, 'S700_1691', 37, 82, 6),
(10375, 'S700_2466', 33, 117, 1),
(10375, 'S700_2834', 25, 67, 10),
(10375, 'S700_3167', 44, 118, 11),
(10376, 'S12_3380', 35, 114, 1),
(10377, 'S12_3990', 24, 68, 5),
(10377, 'S12_4675', 50, 104, 1),
(10377, 'S18_1129', 35, 168, 2),
(10377, 'S18_1889', 31, 68, 4),
(10377, 'S18_1984', 36, 121, 6),
(10377, 'S18_3232', 39, 186, 3),
(10378, 'S18_1589', 34, 43, 5),
(10378, 'S18_3278', 22, 112, 4),
(10378, 'S18_3482', 43, 96, 10),
(10378, 'S18_3782', 28, 165, 9),
(10378, 'S18_4721', 49, 67, 8),
(10378, 'S24_2972', 41, 143, 7),
(10378, 'S24_3371', 46, 42, 6),
(10378, 'S24_3856', 33, 53, 3),
(10378, 'S24_4620', 41, 119, 2),
(10378, 'S32_2206', 40, 82, 1),
(10379, 'S18_1749', 39, 138, 2),
(10379, 'S18_2248', 27, 49, 1),
(10379, 'S18_2870', 29, 177, 5),
(10379, 'S18_3685', 32, 71, 4),
(10379, 'S24_1628', 32, 124, 3),
(10380, 'S18_1342', 27, 93, 13),
(10380, 'S18_2325', 40, 123, 10),
(10380, 'S18_2795', 21, 47, 8),
(10380, 'S18_4409', 32, 106, 1),
(10380, 'S18_4933', 24, 189, 2),
(10380, 'S24_1046', 34, 101, 3),
(10380, 'S24_1937', 32, 71, 4),
(10380, 'S24_2022', 27, 68, 5),
(10380, 'S24_2766', 36, 38, 6),
(10380, 'S24_2887', 44, 36, 7),
(10380, 'S24_3191', 44, 79, 9),
(10380, 'S24_3432', 34, 116, 11),
(10380, 'S24_3969', 43, 95, 12),
(10381, 'S10_1949', 36, 229, 3),
(10381, 'S10_4962', 37, 168, 6),
(10381, 'S12_1666', 20, 148, 1),
(10381, 'S18_1097', 48, 98, 2),
(10381, 'S18_1367', 25, 53, 9),
(10381, 'S18_2432', 35, 49, 7),
(10381, 'S18_2949', 41, 105, 8),
(10381, 'S18_2957', 40, 68, 4),
(10381, 'S18_3136', 35, 123, 5),
(10382, 'S12_1108', 34, 112, 10),
(10382, 'S12_3148', 37, 110, 11),
(10382, 'S12_3891', 34, 95, 12),
(10382, 'S12_4473', 32, 67, 13),
(10382, 'S18_2238', 25, 88, 5),
(10382, 'S18_3320', 50, 179, 7),
(10382, 'S18_4600', 39, 125, 1),
(10382, 'S18_4668', 39, 201, 2),
(10382, 'S24_2300', 20, 133, 3),
(10382, 'S24_4258', 33, 139, 4),
(10382, 'S32_1268', 26, 104, 6),
(10382, 'S32_3522', 48, 142, 8),
(10382, 'S700_2824', 34, 55, 9),
(10383, 'S18_2319', 27, 142, 11),
(10383, 'S18_3140', 24, 62, 9),
(10383, 'S18_3232', 47, 146, 6),
(10383, 'S18_3259', 26, 128, 12),
(10383, 'S18_4027', 38, 141, 1),
(10383, 'S18_4522', 28, 59, 7),
(10383, 'S24_1444', 22, 92, 2),
(10383, 'S24_2840', 40, 152, 3),
(10383, 'S24_4048', 21, 94, 4),
(10383, 'S32_2509', 32, 53, 5),
(10383, 'S32_3207', 44, 36, 8),
(10383, 'S50_1392', 29, 106, 13),
(10383, 'S50_1514', 38, 60, 10),
(10384, 'S10_4757', 34, 143, 4),
(10384, 'S24_2011', 28, 81, 3),
(10384, 'S24_3151', 43, 98, 2),
(10384, 'S700_1938', 49, 131, 1),
(10385, 'S24_3816', 37, 86, 2),
(10385, 'S700_1138', 25, 77, 1),
(10386, 'S18_1662', 25, 55, 7),
(10386, 'S18_2581', 21, 75, 18),
(10386, 'S18_3029', 37, 93, 5),
(10386, 'S18_3856', 22, 58, 6),
(10386, 'S24_1785', 33, 42, 11),
(10386, 'S24_2841', 39, 56, 1),
(10386, 'S24_3420', 35, 64, 9),
(10386, 'S24_3949', 41, 73, 12),
(10386, 'S24_4278', 50, 63, 8),
(10386, 'S700_2047', 29, 86, 13),
(10386, 'S700_2466', 37, 84, 14),
(10386, 'S700_2610', 37, 136, 10),
(10386, 'S700_3167', 32, 94, 17),
(10386, 'S700_3505', 45, 92, 2),
(10386, 'S700_3962', 30, 95, 3),
(10386, 'S700_4002', 44, 86, 15),
(10386, 'S72_1253', 50, 87, 16);
INSERT INTO PUBLIC.ORDERDETAILS(ORDERNUMBER, PRODUCTCODE, QUANTITYORDERED, PRICEEACH, ORDERLINENUMBER) VALUES
(10386, 'S72_3212', 43, 126, 4),
(10387, 'S32_1374', 44, 95, 1),
(10388, 'S10_1678', 42, 76, 4),
(10388, 'S10_2016', 50, 45, 5),
(10388, 'S10_4698', 21, 87, 7),
(10388, 'S12_2823', 44, 135, 6),
(10388, 'S32_4289', 35, 112, 8),
(10388, 'S50_1341', 27, 119, 1),
(10388, 'S700_1691', 46, 219, 2),
(10388, 'S700_2834', 50, 143, 3),
(10389, 'S12_1099', 26, 99, 4),
(10389, 'S12_3380', 25, 72, 6),
(10389, 'S12_3990', 36, 70, 7),
(10389, 'S12_4675', 47, 112, 8),
(10389, 'S18_1889', 49, 79, 3),
(10389, 'S18_2625', 39, 179, 5),
(10389, 'S24_1578', 45, 102, 1),
(10389, 'S24_2000', 49, 81, 2),
(10390, 'S18_1129', 36, 94, 14),
(10390, 'S18_1984', 34, 43, 15),
(10390, 'S18_2325', 31, 99, 16),
(10390, 'S18_2795', 26, 78, 7),
(10390, 'S18_3278', 40, 137, 9),
(10390, 'S18_3482', 50, 148, 1),
(10390, 'S18_3782', 36, 141, 2),
(10390, 'S18_4721', 49, 140, 3),
(10390, 'S24_2360', 35, 65, 4),
(10390, 'S24_2972', 37, 132, 5),
(10390, 'S24_3371', 46, 53, 6),
(10390, 'S24_3856', 45, 150, 8),
(10390, 'S24_4620', 30, 82, 10),
(10390, 'S32_2206', 41, 45, 11),
(10390, 'S32_4485', 45, 49, 12),
(10390, 'S50_4713', 22, 159, 13),
(10391, 'S10_1949', 24, 101, 4),
(10391, 'S10_4962', 37, 47, 7),
(10391, 'S12_1666', 39, 63, 9),
(10391, 'S18_1097', 29, 85, 10),
(10391, 'S18_1342', 35, 159, 2),
(10391, 'S18_1367', 42, 119, 3),
(10391, 'S18_2432', 44, 39, 5),
(10391, 'S18_2949', 32, 45, 6),
(10391, 'S24_1937', 33, 253, 8),
(10391, 'S24_2022', 24, 168, 1),
(10392, 'S18_2957', 37, 60, 3),
(10392, 'S18_3136', 29, 87, 2),
(10392, 'S18_3320', 36, 112, 1),
(10393, 'S12_3148', 35, 109, 8),
(10393, 'S12_4473', 32, 101, 10),
(10393, 'S18_2238', 20, 70, 11),
(10393, 'S18_2319', 38, 100, 7),
(10393, 'S18_4600', 30, 121, 9),
(10393, 'S18_4668', 44, 110, 1),
(10393, 'S24_2300', 33, 177, 2),
(10393, 'S24_4258', 33, 98, 3),
(10393, 'S32_1268', 38, 145, 4),
(10393, 'S32_3522', 31, 58, 5),
(10393, 'S700_2824', 21, 102, 6),
(10394, 'S18_3232', 22, 152, 5),
(10394, 'S18_4027', 37, 172, 1),
(10394, 'S24_1444', 31, 50, 2),
(10394, 'S24_2840', 46, 39, 6),
(10394, 'S24_4048', 37, 141, 7),
(10394, 'S32_2509', 36, 63, 3),
(10394, 'S32_3207', 30, 60, 4),
(10395, 'S10_4757', 32, 105, 2),
(10395, 'S12_1108', 33, 69, 1),
(10395, 'S50_1392', 46, 124, 4),
(10395, 'S50_1514', 45, 199, 3),
(10396, 'S12_3891', 33, 185, 3),
(10396, 'S18_3140', 33, 160, 2),
(10396, 'S18_3259', 24, 90, 4),
(10396, 'S18_4522', 45, 105, 5),
(10396, 'S24_2011', 49, 117, 6),
(10396, 'S24_3151', 27, 83, 7),
(10396, 'S24_3816', 37, 91, 8),
(10396, 'S700_1138', 39, 67, 1),
(10397, 'S700_1938', 32, 81, 5),
(10397, 'S700_2610', 22, 67, 4),
(10397, 'S700_3505', 48, 108, 3),
(10397, 'S700_3962', 36, 105, 2),
(10397, 'S72_3212', 34, 62, 1),
(10398, 'S18_1662', 33, 128, 11),
(10398, 'S18_2581', 34, 77, 15),
(10398, 'S18_3029', 28, 72, 18),
(10398, 'S18_3856', 45, 107, 17),
(10398, 'S24_1785', 43, 129, 16),
(10398, 'S24_2841', 28, 58, 3),
(10398, 'S24_3420', 34, 72, 13),
(10398, 'S24_3949', 41, 68, 2),
(10398, 'S24_4278', 45, 78, 14),
(10398, 'S32_4289', 22, 67, 4),
(10398, 'S50_1341', 49, 37, 5),
(10398, 'S700_1691', 47, 88, 6),
(10398, 'S700_2047', 36, 109, 7),
(10398, 'S700_2466', 22, 87, 8),
(10398, 'S700_2834', 23, 122, 9),
(10398, 'S700_3167', 29, 66, 10),
(10398, 'S700_4002', 36, 87, 12),
(10398, 'S72_1253', 34, 40, 1),
(10399, 'S10_1678', 40, 114, 8),
(10399, 'S10_2016', 51, 124, 7),
(10399, 'S10_4698', 22, 159, 6),
(10399, 'S12_2823', 29, 164, 5),
(10399, 'S18_2625', 30, 68, 4),
(10399, 'S24_1578', 57, 106, 3),
(10399, 'S24_2000', 58, 89, 2),
(10399, 'S32_1374', 32, 100, 1),
(10400, 'S10_4757', 64, 151, 9),
(10400, 'S18_1662', 34, 189, 1),
(10400, 'S18_3029', 30, 75, 7),
(10400, 'S18_3856', 58, 126, 6),
(10400, 'S24_2841', 24, 62, 2),
(10400, 'S24_3420', 38, 57, 3),
(10400, 'S24_3816', 42, 73, 8),
(10400, 'S700_2047', 46, 88, 5),
(10400, 'S72_1253', 20, 56, 4),
(10401, 'S18_2581', 42, 76, 3),
(10401, 'S24_1785', 38, 96, 5),
(10401, 'S24_3949', 64, 60, 12),
(10401, 'S24_4278', 52, 81, 4),
(10401, 'S32_1374', 49, 102, 1);
INSERT INTO PUBLIC.ORDERDETAILS(ORDERNUMBER, PRODUCTCODE, QUANTITYORDERED, PRICEEACH, ORDERLINENUMBER) VALUES
(10401, 'S32_4289', 62, 78, 6),
(10401, 'S50_1341', 56, 35, 7),
(10401, 'S700_1691', 11, 103, 8),
(10401, 'S700_2466', 85, 89, 10),
(10401, 'S700_2834', 21, 96, 2),
(10401, 'S700_3167', 77, 92, 9),
(10401, 'S700_4002', 28, 73, 11),
(10402, 'S10_2016', 45, 130, 1),
(10402, 'S18_2625', 55, 56, 2),
(10402, 'S24_2000', 59, 88, 3),
(10403, 'S10_1678', 24, 101, 7),
(10403, 'S10_4698', 66, 180, 9),
(10403, 'S12_2823', 66, 131, 6),
(10403, 'S18_3782', 36, 52, 1),
(10403, 'S24_1578', 46, 115, 8),
(10403, 'S24_2360', 27, 80, 4),
(10403, 'S32_2206', 30, 40, 2),
(10403, 'S32_4485', 45, 115, 5),
(10403, 'S50_4713', 31, 68, 3),
(10404, 'S12_1099', 64, 206, 3),
(10404, 'S12_3380', 43, 109, 1),
(10404, 'S12_3990', 77, 74, 4),
(10404, 'S18_3278', 90, 73, 6),
(10404, 'S18_3482', 28, 134, 5),
(10404, 'S18_4721', 48, 144, 8),
(10404, 'S24_3371', 49, 62, 2),
(10404, 'S24_4620', 48, 94, 7),
(10405, 'S12_4675', 97, 93, 5),
(10405, 'S18_1889', 61, 74, 4),
(10405, 'S18_3232', 55, 151, 1),
(10405, 'S24_2972', 47, 45, 2),
(10405, 'S24_3856', 76, 154, 3),
(10406, 'S18_1129', 61, 137, 3),
(10406, 'S18_1984', 48, 149, 2),
(10406, 'S18_3685', 65, 161, 1),
(10407, 'S18_1589', 59, 119, 11),
(10407, 'S18_1749', 76, 185, 2),
(10407, 'S18_2248', 42, 73, 1),
(10407, 'S18_2870', 41, 156, 12),
(10407, 'S18_4409', 6, 90, 3),
(10407, 'S18_4933', 66, 67, 4),
(10407, 'S24_1046', 26, 76, 8),
(10407, 'S24_1628', 64, 40, 10),
(10407, 'S24_2766', 76, 95, 6),
(10407, 'S24_2887', 59, 99, 5),
(10407, 'S24_3191', 13, 81, 7),
(10407, 'S24_3432', 43, 87, 9),
(10408, 'S24_3969', 15, 37, 1),
(10409, 'S18_2325', 6, 131, 2),
(10409, 'S24_1937', 61, 30, 1),
(10410, 'S18_1342', 65, 117, 7),
(10410, 'S18_1367', 44, 58, 6),
(10410, 'S18_2795', 56, 138, 8),
(10410, 'S18_2949', 47, 118, 1),
(10410, 'S18_2957', 53, 58, 3),
(10410, 'S18_3136', 34, 115, 2),
(10410, 'S18_3320', 44, 84, 5),
(10410, 'S24_2022', 31, 45, 9),
(10410, 'S24_4258', 50, 87, 4),
(10411, 'S10_1949', 23, 180, 9),
(10411, 'S10_4962', 27, 164, 2),
(10411, 'S12_1666', 40, 156, 6),
(10411, 'S18_1097', 27, 119, 8),
(10411, 'S18_4600', 46, 114, 3),
(10411, 'S18_4668', 35, 60, 7),
(10411, 'S32_1268', 26, 112, 1),
(10411, 'S32_3522', 27, 69, 5),
(10411, 'S700_2824', 34, 105, 4),
(10412, 'S12_4473', 54, 110, 5),
(10412, 'S18_2238', 41, 164, 4),
(10412, 'S18_2319', 56, 98, 8),
(10412, 'S18_2432', 47, 62, 11),
(10412, 'S18_3232', 60, 198, 9),
(10412, 'S24_1444', 21, 53, 2),
(10412, 'S24_2300', 70, 121, 10),
(10412, 'S24_2840', 30, 36, 6),
(10412, 'S24_4048', 31, 137, 1),
(10412, 'S32_2509', 19, 49, 7),
(10412, 'S50_1392', 26, 133, 3),
(10413, 'S12_1108', 36, 241, 2),
(10413, 'S12_3148', 47, 175, 3),
(10413, 'S12_3891', 22, 154, 1),
(10413, 'S18_4027', 49, 141, 5),
(10413, 'S32_3207', 24, 50, 6),
(10413, 'S50_1514', 51, 64, 4),
(10414, 'S10_4757', 19, 146, 3),
(10414, 'S18_3029', 44, 74, 1),
(10414, 'S18_3140', 41, 119, 12),
(10414, 'S18_3259', 48, 121, 14),
(10414, 'S18_4522', 16, 75, 11),
(10414, 'S24_2011', 23, 145, 10),
(10414, 'S24_3151', 60, 102, 5),
(10414, 'S24_3816', 51, 76, 2),
(10414, 'S700_1138', 37, 71, 6),
(10414, 'S700_1938', 34, 104, 13),
(10414, 'S700_2610', 31, 76, 4),
(10414, 'S700_3505', 28, 108, 7),
(10414, 'S700_3962', 27, 90, 8),
(10414, 'S72_3212', 47, 66, 9),
(10415, 'S18_3856', 51, 122, 5),
(10415, 'S24_2841', 21, 68, 1),
(10415, 'S24_3420', 18, 70, 2),
(10415, 'S700_2047', 32, 96, 4),
(10415, 'S72_1253', 42, 58, 3),
(10416, 'S18_1662', 24, 181, 14),
(10416, 'S18_2581', 15, 99, 4),
(10416, 'S24_1785', 47, 89, 6),
(10416, 'S24_2000', 32, 88, 1),
(10416, 'S24_3949', 18, 75, 13),
(10416, 'S24_4278', 48, 75, 5),
(10416, 'S32_1374', 45, 106, 2),
(10416, 'S32_4289', 26, 61, 7),
(10416, 'S50_1341', 37, 52, 8),
(10416, 'S700_1691', 23, 91, 9),
(10416, 'S700_2466', 22, 112, 11),
(10416, 'S700_2834', 41, 138, 3),
(10416, 'S700_3167', 39, 67, 10),
(10416, 'S700_4002', 43, 62, 12),
(10417, 'S10_1678', 66, 114, 2),
(10417, 'S10_2016', 45, 131, 5),
(10417, 'S10_4698', 56, 165, 4),
(10417, 'S12_2823', 21, 164, 1);
INSERT INTO PUBLIC.ORDERDETAILS(ORDERNUMBER, PRODUCTCODE, QUANTITYORDERED, PRICEEACH, ORDERLINENUMBER) VALUES
(10417, 'S18_2625', 36, 61, 6),
(10417, 'S24_1578', 35, 101, 3),
(10418, 'S18_3278', 16, 76, 2),
(10418, 'S18_3482', 27, 165, 1),
(10418, 'S18_3782', 33, 53, 5),
(10418, 'S18_4721', 28, 137, 4),
(10418, 'S24_2360', 52, 66, 8),
(10418, 'S24_4620', 10, 87, 3),
(10418, 'S32_2206', 43, 48, 6),
(10418, 'S32_4485', 50, 113, 9),
(10418, 'S50_4713', 40, 72, 7),
(10419, 'S12_1099', 12, 163, 13),
(10419, 'S12_3380', 10, 109, 11),
(10419, 'S12_3990', 34, 90, 14),
(10419, 'S12_4675', 32, 120, 10),
(10419, 'S18_1129', 38, 117, 5),
(10419, 'S18_1589', 37, 141, 1),
(10419, 'S18_1889', 39, 84, 9),
(10419, 'S18_1984', 34, 135, 4),
(10419, 'S18_2870', 55, 140, 2),
(10419, 'S18_3232', 35, 169, 6),
(10419, 'S18_3685', 43, 130, 3),
(10419, 'S24_2972', 15, 43, 7),
(10419, 'S24_3371', 55, 53, 12),
(10419, 'S24_3856', 70, 132, 8),
(10420, 'S18_1749', 37, 143, 5),
(10420, 'S18_2248', 36, 64, 4),
(10420, 'S18_2325', 45, 111, 2),
(10420, 'S18_4409', 66, 93, 6),
(10420, 'S18_4933', 36, 58, 7),
(10420, 'S24_1046', 60, 65, 11),
(10420, 'S24_1628', 37, 60, 13),
(10420, 'S24_1937', 45, 27, 1),
(10420, 'S24_2766', 39, 101, 9),
(10420, 'S24_2887', 55, 96, 8),
(10420, 'S24_3191', 35, 97, 10),
(10420, 'S24_3432', 26, 101, 12),
(10420, 'S24_3969', 15, 43, 3),
(10421, 'S18_2795', 35, 155, 1),
(10421, 'S24_2022', 40, 46, 2),
(10422, 'S18_1342', 51, 96, 2),
(10422, 'S18_1367', 25, 52, 1),
(10423, 'S18_2949', 10, 88, 1),
(10423, 'S18_2957', 31, 54, 3),
(10423, 'S18_3136', 21, 85, 2),
(10423, 'S18_3320', 21, 89, 5),
(10423, 'S24_4258', 28, 79, 4),
(10424, 'S10_1949', 50, 240, 6),
(10424, 'S12_1666', 49, 163, 3),
(10424, 'S18_1097', 54, 133, 5),
(10424, 'S18_4668', 26, 60, 4),
(10424, 'S32_3522', 44, 61, 2),
(10424, 'S700_2824', 46, 81, 1),
(10425, 'S10_4962', 38, 155, 12),
(10425, 'S12_4473', 33, 142, 4),
(10425, 'S18_2238', 28, 190, 3),
(10425, 'S18_2319', 38, 99, 7),
(10425, 'S18_2432', 19, 49, 10),
(10425, 'S18_3232', 28, 135, 8),
(10425, 'S18_4600', 38, 114, 13),
(10425, 'S24_1444', 55, 47, 1),
(10425, 'S24_2300', 49, 112, 9),
(10425, 'S24_2840', 31, 33, 5),
(10425, 'S32_1268', 41, 87, 11),
(10425, 'S32_2509', 11, 44, 6),
(10425, 'S50_1392', 18, 105, 2);
CREATE MEMORY TABLE PUBLIC.ORDERS(
    ORDERNUMBER INTEGER NOT NULL,
    ORDERDATE TIMESTAMP NOT NULL,
    REQUIREDDATE TIMESTAMP NOT NULL,
    SHIPPEDDATE TIMESTAMP,
    STATUS VARCHAR(15) NOT NULL,
    COMMENTS LONGVARCHAR,
    CUSTOMERNUMBER INTEGER NOT NULL
);
ALTER TABLE PUBLIC.ORDERS ADD CONSTRAINT PUBLIC.CONSTRAINT_8 PRIMARY KEY(ORDERNUMBER);
-- 326 +/- SELECT COUNT(*) FROM PUBLIC.ORDERS;
INSERT INTO PUBLIC.ORDERS(ORDERNUMBER, ORDERDATE, REQUIREDDATE, SHIPPEDDATE, STATUS, COMMENTS, CUSTOMERNUMBER) VALUES
(10100, TIMESTAMP '2003-01-06 00:00:00.0', TIMESTAMP '2003-01-13 00:00:00.0', TIMESTAMP '2003-01-10 00:00:00.0', 'Shipped', NULL, 363),
(10101, TIMESTAMP '2003-01-09 00:00:00.0', TIMESTAMP '2003-01-18 00:00:00.0', TIMESTAMP '2003-01-11 00:00:00.0', 'Shipped', 'Check on availability.', 128),
(10102, TIMESTAMP '2003-01-10 00:00:00.0', TIMESTAMP '2003-01-18 00:00:00.0', TIMESTAMP '2003-01-14 00:00:00.0', 'Shipped', NULL, 181),
(10103, TIMESTAMP '2003-01-29 00:00:00.0', TIMESTAMP '2003-02-07 00:00:00.0', TIMESTAMP '2003-02-02 00:00:00.0', 'Shipped', NULL, 121),
(10104, TIMESTAMP '2003-01-31 00:00:00.0', TIMESTAMP '2003-02-09 00:00:00.0', TIMESTAMP '2003-02-01 00:00:00.0', 'Shipped', NULL, 141),
(10105, TIMESTAMP '2003-02-11 00:00:00.0', TIMESTAMP '2003-02-21 00:00:00.0', TIMESTAMP '2003-02-12 00:00:00.0', 'Shipped', NULL, 145),
(10106, TIMESTAMP '2003-02-17 00:00:00.0', TIMESTAMP '2003-02-24 00:00:00.0', TIMESTAMP '2003-02-21 00:00:00.0', 'Shipped', NULL, 278),
(10107, TIMESTAMP '2003-02-24 00:00:00.0', TIMESTAMP '2003-03-03 00:00:00.0', TIMESTAMP '2003-02-26 00:00:00.0', 'Shipped', 'Difficult to negotiate with customer. We need more marketing materials', 131),
(10108, TIMESTAMP '2003-03-03 00:00:00.0', TIMESTAMP '2003-03-12 00:00:00.0', TIMESTAMP '2003-03-08 00:00:00.0', 'Shipped', NULL, 385),
(10109, TIMESTAMP '2003-03-10 00:00:00.0', TIMESTAMP '2003-03-19 00:00:00.0', TIMESTAMP '2003-03-11 00:00:00.0', 'Shipped', 'Customer requested that FedEx Ground is used for this shipping', 486),
(10110, TIMESTAMP '2003-03-18 00:00:00.0', TIMESTAMP '2003-03-24 00:00:00.0', TIMESTAMP '2003-03-20 00:00:00.0', 'Shipped', NULL, 187),
(10111, TIMESTAMP '2003-03-25 00:00:00.0', TIMESTAMP '2003-03-31 00:00:00.0', TIMESTAMP '2003-03-30 00:00:00.0', 'Shipped', NULL, 129),
(10112, TIMESTAMP '2003-03-24 00:00:00.0', TIMESTAMP '2003-04-03 00:00:00.0', TIMESTAMP '2003-03-29 00:00:00.0', 'Shipped', 'Customer requested that ad materials (such as posters, pamphlets) be included in the shippment', 144),
(10113, TIMESTAMP '2003-03-26 00:00:00.0', TIMESTAMP '2003-04-02 00:00:00.0', TIMESTAMP '2003-03-27 00:00:00.0', 'Shipped', NULL, 124),
(10114, TIMESTAMP '2003-04-01 00:00:00.0', TIMESTAMP '2003-04-07 00:00:00.0', TIMESTAMP '2003-04-02 00:00:00.0', 'Shipped', NULL, 172),
(10115, TIMESTAMP '2003-04-04 00:00:00.0', TIMESTAMP '2003-04-12 00:00:00.0', TIMESTAMP '2003-04-07 00:00:00.0', 'Shipped', NULL, 424),
(10116, TIMESTAMP '2003-04-11 00:00:00.0', TIMESTAMP '2003-04-19 00:00:00.0', TIMESTAMP '2003-04-13 00:00:00.0', 'Shipped', NULL, 381),
(10117, TIMESTAMP '2003-04-16 00:00:00.0', TIMESTAMP '2003-04-24 00:00:00.0', TIMESTAMP '2003-04-17 00:00:00.0', 'Shipped', NULL, 148),
(10118, TIMESTAMP '2003-04-21 00:00:00.0', TIMESTAMP '2003-04-29 00:00:00.0', TIMESTAMP '2003-04-26 00:00:00.0', 'Shipped', 'Customer has worked with some of our vendors in the past and is aware of their MSRP', 216),
(10119, TIMESTAMP '2003-04-28 00:00:00.0', TIMESTAMP '2003-05-05 00:00:00.0', TIMESTAMP '2003-05-02 00:00:00.0', 'Shipped', NULL, 382),
(10120, TIMESTAMP '2003-04-29 00:00:00.0', TIMESTAMP '2003-05-08 00:00:00.0', TIMESTAMP '2003-05-01 00:00:00.0', 'Shipped', NULL, 114),
(10121, TIMESTAMP '2003-05-07 00:00:00.0', TIMESTAMP '2003-05-13 00:00:00.0', TIMESTAMP '2003-05-13 00:00:00.0', 'Shipped', NULL, 353),
(10122, TIMESTAMP '2003-05-08 00:00:00.0', TIMESTAMP '2003-05-16 00:00:00.0', TIMESTAMP '2003-05-13 00:00:00.0', 'Shipped', NULL, 350),
(10123, TIMESTAMP '2003-05-20 00:00:00.0', TIMESTAMP '2003-05-29 00:00:00.0', TIMESTAMP '2003-05-22 00:00:00.0', 'Shipped', NULL, 103),
(10124, TIMESTAMP '2003-05-21 00:00:00.0', TIMESTAMP '2003-05-29 00:00:00.0', TIMESTAMP '2003-05-25 00:00:00.0', 'Shipped', 'Customer very concerned about the exact color of the models. There is high risk that he may dispute the order because there is a slight color mismatch', 112),
(10125, TIMESTAMP '2003-05-21 00:00:00.0', TIMESTAMP '2003-05-27 00:00:00.0', TIMESTAMP '2003-05-24 00:00:00.0', 'Shipped', NULL, 114);
INSERT INTO PUBLIC.ORDERS(ORDERNUMBER, ORDERDATE, REQUIREDDATE, SHIPPEDDATE, STATUS, COMMENTS, CUSTOMERNUMBER) VALUES
(10126, TIMESTAMP '2003-05-28 00:00:00.0', TIMESTAMP '2003-06-07 00:00:00.0', TIMESTAMP '2003-06-02 00:00:00.0', 'Shipped', NULL, 458),
(10127, TIMESTAMP '2003-06-03 00:00:00.0', TIMESTAMP '2003-06-09 00:00:00.0', TIMESTAMP '2003-06-06 00:00:00.0', 'Shipped', 'Customer requested special shippment. The instructions were passed along to the warehouse', 151),
(10128, TIMESTAMP '2003-06-06 00:00:00.0', TIMESTAMP '2003-06-12 00:00:00.0', TIMESTAMP '2003-06-11 00:00:00.0', 'Shipped', NULL, 141),
(10129, TIMESTAMP '2003-06-12 00:00:00.0', TIMESTAMP '2003-06-18 00:00:00.0', TIMESTAMP '2003-06-14 00:00:00.0', 'Shipped', NULL, 324),
(10130, TIMESTAMP '2003-06-16 00:00:00.0', TIMESTAMP '2003-06-24 00:00:00.0', TIMESTAMP '2003-06-21 00:00:00.0', 'Shipped', NULL, 198),
(10131, TIMESTAMP '2003-06-16 00:00:00.0', TIMESTAMP '2003-06-25 00:00:00.0', TIMESTAMP '2003-06-21 00:00:00.0', 'Shipped', NULL, 447),
(10132, TIMESTAMP '2003-06-25 00:00:00.0', TIMESTAMP '2003-07-01 00:00:00.0', TIMESTAMP '2003-06-28 00:00:00.0', 'Shipped', NULL, 323),
(10133, TIMESTAMP '2003-06-27 00:00:00.0', TIMESTAMP '2003-07-04 00:00:00.0', TIMESTAMP '2003-07-03 00:00:00.0', 'Shipped', NULL, 141),
(10134, TIMESTAMP '2003-07-01 00:00:00.0', TIMESTAMP '2003-07-10 00:00:00.0', TIMESTAMP '2003-07-05 00:00:00.0', 'Shipped', NULL, 250),
(10135, TIMESTAMP '2003-07-02 00:00:00.0', TIMESTAMP '2003-07-12 00:00:00.0', TIMESTAMP '2003-07-03 00:00:00.0', 'Shipped', NULL, 124),
(10136, TIMESTAMP '2003-07-04 00:00:00.0', TIMESTAMP '2003-07-14 00:00:00.0', TIMESTAMP '2003-07-06 00:00:00.0', 'Shipped', 'Customer is interested in buying more Ferrari models', 242),
(10137, TIMESTAMP '2003-07-10 00:00:00.0', TIMESTAMP '2003-07-20 00:00:00.0', TIMESTAMP '2003-07-14 00:00:00.0', 'Shipped', NULL, 353),
(10138, TIMESTAMP '2003-07-07 00:00:00.0', TIMESTAMP '2003-07-16 00:00:00.0', TIMESTAMP '2003-07-13 00:00:00.0', 'Shipped', NULL, 496),
(10139, TIMESTAMP '2003-07-16 00:00:00.0', TIMESTAMP '2003-07-23 00:00:00.0', TIMESTAMP '2003-07-21 00:00:00.0', 'Shipped', NULL, 282),
(10140, TIMESTAMP '2003-07-24 00:00:00.0', TIMESTAMP '2003-08-02 00:00:00.0', TIMESTAMP '2003-07-30 00:00:00.0', 'Shipped', NULL, 161),
(10141, TIMESTAMP '2003-08-01 00:00:00.0', TIMESTAMP '2003-08-09 00:00:00.0', TIMESTAMP '2003-08-04 00:00:00.0', 'Shipped', NULL, 334),
(10142, TIMESTAMP '2003-08-08 00:00:00.0', TIMESTAMP '2003-08-16 00:00:00.0', TIMESTAMP '2003-08-13 00:00:00.0', 'Shipped', NULL, 124),
(10143, TIMESTAMP '2003-08-10 00:00:00.0', TIMESTAMP '2003-08-18 00:00:00.0', TIMESTAMP '2003-08-12 00:00:00.0', 'Shipped', 'Can we deliver the new Ford Mustang models by end-of-quarter?', 320),
(10144, TIMESTAMP '2003-08-13 00:00:00.0', TIMESTAMP '2003-08-21 00:00:00.0', TIMESTAMP '2003-08-14 00:00:00.0', 'Shipped', NULL, 381),
(10145, TIMESTAMP '2003-08-25 00:00:00.0', TIMESTAMP '2003-09-02 00:00:00.0', TIMESTAMP '2003-08-31 00:00:00.0', 'Shipped', NULL, 205),
(10146, TIMESTAMP '2003-09-03 00:00:00.0', TIMESTAMP '2003-09-13 00:00:00.0', TIMESTAMP '2003-09-06 00:00:00.0', 'Shipped', NULL, 447),
(10147, TIMESTAMP '2003-09-05 00:00:00.0', TIMESTAMP '2003-09-12 00:00:00.0', TIMESTAMP '2003-09-09 00:00:00.0', 'Shipped', NULL, 379),
(10148, TIMESTAMP '2003-09-11 00:00:00.0', TIMESTAMP '2003-09-21 00:00:00.0', TIMESTAMP '2003-09-15 00:00:00.0', 'Shipped', 'They want to reevaluate their terms agreement with Finance.', 276),
(10149, TIMESTAMP '2003-09-12 00:00:00.0', TIMESTAMP '2003-09-18 00:00:00.0', TIMESTAMP '2003-09-17 00:00:00.0', 'Shipped', NULL, 487),
(10150, TIMESTAMP '2003-09-19 00:00:00.0', TIMESTAMP '2003-09-27 00:00:00.0', TIMESTAMP '2003-09-21 00:00:00.0', 'Shipped', 'They want to reevaluate their terms agreement with Finance.', 148),
(10151, TIMESTAMP '2003-09-21 00:00:00.0', TIMESTAMP '2003-09-30 00:00:00.0', TIMESTAMP '2003-09-24 00:00:00.0', 'Shipped', NULL, 311),
(10152, TIMESTAMP '2003-09-25 00:00:00.0', TIMESTAMP '2003-10-03 00:00:00.0', TIMESTAMP '2003-10-01 00:00:00.0', 'Shipped', NULL, 333);
INSERT INTO PUBLIC.ORDERS(ORDERNUMBER, ORDERDATE, REQUIREDDATE, SHIPPEDDATE, STATUS, COMMENTS, CUSTOMERNUMBER) VALUES
(10153, TIMESTAMP '2003-09-28 00:00:00.0', TIMESTAMP '2003-10-05 00:00:00.0', TIMESTAMP '2003-10-03 00:00:00.0', 'Shipped', NULL, 141),
(10154, TIMESTAMP '2003-10-02 00:00:00.0', TIMESTAMP '2003-10-12 00:00:00.0', TIMESTAMP '2003-10-08 00:00:00.0', 'Shipped', NULL, 219),
(10155, TIMESTAMP '2003-10-06 00:00:00.0', TIMESTAMP '2003-10-13 00:00:00.0', TIMESTAMP '2003-10-07 00:00:00.0', 'Shipped', NULL, 186),
(10156, TIMESTAMP '2003-10-08 00:00:00.0', TIMESTAMP '2003-10-17 00:00:00.0', TIMESTAMP '2003-10-11 00:00:00.0', 'Shipped', NULL, 141),
(10157, TIMESTAMP '2003-10-09 00:00:00.0', TIMESTAMP '2003-10-15 00:00:00.0', TIMESTAMP '2003-10-14 00:00:00.0', 'Shipped', NULL, 473),
(10158, TIMESTAMP '2003-10-10 00:00:00.0', TIMESTAMP '2003-10-18 00:00:00.0', TIMESTAMP '2003-10-15 00:00:00.0', 'Shipped', NULL, 121),
(10159, TIMESTAMP '2003-10-10 00:00:00.0', TIMESTAMP '2003-10-19 00:00:00.0', TIMESTAMP '2003-10-16 00:00:00.0', 'Shipped', NULL, 321),
(10160, TIMESTAMP '2003-10-11 00:00:00.0', TIMESTAMP '2003-10-17 00:00:00.0', TIMESTAMP '2003-10-17 00:00:00.0', 'Shipped', NULL, 347),
(10161, TIMESTAMP '2003-10-17 00:00:00.0', TIMESTAMP '2003-10-25 00:00:00.0', TIMESTAMP '2003-10-20 00:00:00.0', 'Shipped', NULL, 227),
(10162, TIMESTAMP '2003-10-18 00:00:00.0', TIMESTAMP '2003-10-26 00:00:00.0', TIMESTAMP '2003-10-19 00:00:00.0', 'Shipped', NULL, 321),
(10163, TIMESTAMP '2003-10-20 00:00:00.0', TIMESTAMP '2003-10-27 00:00:00.0', TIMESTAMP '2003-10-24 00:00:00.0', 'Shipped', NULL, 424),
(10164, TIMESTAMP '2003-10-21 00:00:00.0', TIMESTAMP '2003-10-30 00:00:00.0', TIMESTAMP '2003-10-23 00:00:00.0', 'Resolved', 'This order was disputed, but resolved on 11/1/2003; Customer doesn''t like the colors and precision of the models.', 452),
(10165, TIMESTAMP '2003-10-22 00:00:00.0', TIMESTAMP '2003-10-31 00:00:00.0', TIMESTAMP '2003-12-26 00:00:00.0', 'Shipped', 'This order was on hold because customers''s credit limit had been exceeded. Order will ship when payment is received', 148),
(10166, TIMESTAMP '2003-10-21 00:00:00.0', TIMESTAMP '2003-10-30 00:00:00.0', TIMESTAMP '2003-10-27 00:00:00.0', 'Shipped', NULL, 462),
(10167, TIMESTAMP '2003-10-23 00:00:00.0', TIMESTAMP '2003-10-30 00:00:00.0', NULL, 'Cancelled', 'Customer called to cancel. The warehouse was notified in time and the order didn''t ship. They have a new VP of Sales and are shifting their sales model. Our VP of Sales should contact them.', 448),
(10168, TIMESTAMP '2003-10-28 00:00:00.0', TIMESTAMP '2003-11-03 00:00:00.0', TIMESTAMP '2003-11-01 00:00:00.0', 'Shipped', NULL, 161),
(10169, TIMESTAMP '2003-11-04 00:00:00.0', TIMESTAMP '2003-11-14 00:00:00.0', TIMESTAMP '2003-11-09 00:00:00.0', 'Shipped', NULL, 276),
(10170, TIMESTAMP '2003-11-04 00:00:00.0', TIMESTAMP '2003-11-12 00:00:00.0', TIMESTAMP '2003-11-07 00:00:00.0', 'Shipped', NULL, 452),
(10171, TIMESTAMP '2003-11-05 00:00:00.0', TIMESTAMP '2003-11-13 00:00:00.0', TIMESTAMP '2003-11-07 00:00:00.0', 'Shipped', NULL, 233),
(10172, TIMESTAMP '2003-11-05 00:00:00.0', TIMESTAMP '2003-11-14 00:00:00.0', TIMESTAMP '2003-11-11 00:00:00.0', 'Shipped', NULL, 175),
(10173, TIMESTAMP '2003-11-05 00:00:00.0', TIMESTAMP '2003-11-15 00:00:00.0', TIMESTAMP '2003-11-09 00:00:00.0', 'Shipped', 'Cautious optimism. We have happy customers here, if we can keep them well stocked.  I need all the information I can get on the planned shippments of Porches', 278),
(10174, TIMESTAMP '2003-11-06 00:00:00.0', TIMESTAMP '2003-11-15 00:00:00.0', TIMESTAMP '2003-11-10 00:00:00.0', 'Shipped', NULL, 333),
(10175, TIMESTAMP '2003-11-06 00:00:00.0', TIMESTAMP '2003-11-14 00:00:00.0', TIMESTAMP '2003-11-09 00:00:00.0', 'Shipped', NULL, 324),
(10176, TIMESTAMP '2003-11-06 00:00:00.0', TIMESTAMP '2003-11-15 00:00:00.0', TIMESTAMP '2003-11-12 00:00:00.0', 'Shipped', NULL, 386),
(10177, TIMESTAMP '2003-11-07 00:00:00.0', TIMESTAMP '2003-11-17 00:00:00.0', TIMESTAMP '2003-11-12 00:00:00.0', 'Shipped', NULL, 344),
(10178, TIMESTAMP '2003-11-08 00:00:00.0', TIMESTAMP '2003-11-16 00:00:00.0', TIMESTAMP '2003-11-10 00:00:00.0', 'Shipped', 'Custom shipping instructions sent to warehouse', 242);
INSERT INTO PUBLIC.ORDERS(ORDERNUMBER, ORDERDATE, REQUIREDDATE, SHIPPEDDATE, STATUS, COMMENTS, CUSTOMERNUMBER) VALUES
(10179, TIMESTAMP '2003-11-11 00:00:00.0', TIMESTAMP '2003-11-17 00:00:00.0', TIMESTAMP '2003-11-13 00:00:00.0', 'Cancelled', 'Customer cancelled due to urgent budgeting issues. Must be cautious when dealing with them in the future. Since order shipped already we must discuss who would cover the shipping charges.', 496),
(10180, TIMESTAMP '2003-11-11 00:00:00.0', TIMESTAMP '2003-11-19 00:00:00.0', TIMESTAMP '2003-11-14 00:00:00.0', 'Shipped', NULL, 171),
(10181, TIMESTAMP '2003-11-12 00:00:00.0', TIMESTAMP '2003-11-19 00:00:00.0', TIMESTAMP '2003-11-15 00:00:00.0', 'Shipped', NULL, 167),
(10182, TIMESTAMP '2003-11-12 00:00:00.0', TIMESTAMP '2003-11-21 00:00:00.0', TIMESTAMP '2003-11-18 00:00:00.0', 'Shipped', NULL, 124),
(10183, TIMESTAMP '2003-11-13 00:00:00.0', TIMESTAMP '2003-11-22 00:00:00.0', TIMESTAMP '2003-11-15 00:00:00.0', 'Shipped', 'We need to keep in close contact with their Marketing VP. He is the decision maker for all their purchases.', 339),
(10184, TIMESTAMP '2003-11-14 00:00:00.0', TIMESTAMP '2003-11-22 00:00:00.0', TIMESTAMP '2003-11-20 00:00:00.0', 'Shipped', NULL, 484),
(10185, TIMESTAMP '2003-11-14 00:00:00.0', TIMESTAMP '2003-11-21 00:00:00.0', TIMESTAMP '2003-11-20 00:00:00.0', 'Shipped', NULL, 320),
(10186, TIMESTAMP '2003-11-14 00:00:00.0', TIMESTAMP '2003-11-20 00:00:00.0', TIMESTAMP '2003-11-18 00:00:00.0', 'Shipped', 'They want to reevaluate their terms agreement with the VP of Sales', 489),
(10187, TIMESTAMP '2003-11-15 00:00:00.0', TIMESTAMP '2003-11-24 00:00:00.0', TIMESTAMP '2003-11-16 00:00:00.0', 'Shipped', NULL, 211),
(10188, TIMESTAMP '2003-11-18 00:00:00.0', TIMESTAMP '2003-11-26 00:00:00.0', TIMESTAMP '2003-11-24 00:00:00.0', 'Shipped', NULL, 167),
(10189, TIMESTAMP '2003-11-18 00:00:00.0', TIMESTAMP '2003-11-25 00:00:00.0', TIMESTAMP '2003-11-24 00:00:00.0', 'Shipped', 'They want to reevaluate their terms agreement with Finance.', 205),
(10190, TIMESTAMP '2003-11-19 00:00:00.0', TIMESTAMP '2003-11-29 00:00:00.0', TIMESTAMP '2003-11-20 00:00:00.0', 'Shipped', NULL, 141),
(10191, TIMESTAMP '2003-11-20 00:00:00.0', TIMESTAMP '2003-11-30 00:00:00.0', TIMESTAMP '2003-11-24 00:00:00.0', 'Shipped', 'We must be cautions with this customer. Their VP of Sales resigned. Company may be heading down.', 259),
(10192, TIMESTAMP '2003-11-20 00:00:00.0', TIMESTAMP '2003-11-29 00:00:00.0', TIMESTAMP '2003-11-25 00:00:00.0', 'Shipped', NULL, 363),
(10193, TIMESTAMP '2003-11-21 00:00:00.0', TIMESTAMP '2003-11-28 00:00:00.0', TIMESTAMP '2003-11-27 00:00:00.0', 'Shipped', NULL, 471),
(10194, TIMESTAMP '2003-11-25 00:00:00.0', TIMESTAMP '2003-12-02 00:00:00.0', TIMESTAMP '2003-11-26 00:00:00.0', 'Shipped', NULL, 146),
(10195, TIMESTAMP '2003-11-25 00:00:00.0', TIMESTAMP '2003-12-01 00:00:00.0', TIMESTAMP '2003-11-28 00:00:00.0', 'Shipped', NULL, 319),
(10196, TIMESTAMP '2003-11-26 00:00:00.0', TIMESTAMP '2003-12-03 00:00:00.0', TIMESTAMP '2003-12-01 00:00:00.0', 'Shipped', NULL, 455),
(10197, TIMESTAMP '2003-11-26 00:00:00.0', TIMESTAMP '2003-12-02 00:00:00.0', TIMESTAMP '2003-12-01 00:00:00.0', 'Shipped', 'Customer inquired about remote controlled models and gold models.', 216),
(10198, TIMESTAMP '2003-11-27 00:00:00.0', TIMESTAMP '2003-12-06 00:00:00.0', TIMESTAMP '2003-12-03 00:00:00.0', 'Shipped', NULL, 385),
(10199, TIMESTAMP '2003-12-01 00:00:00.0', TIMESTAMP '2003-12-10 00:00:00.0', TIMESTAMP '2003-12-06 00:00:00.0', 'Shipped', NULL, 475),
(10200, TIMESTAMP '2003-12-01 00:00:00.0', TIMESTAMP '2003-12-09 00:00:00.0', TIMESTAMP '2003-12-06 00:00:00.0', 'Shipped', NULL, 211),
(10201, TIMESTAMP '2003-12-01 00:00:00.0', TIMESTAMP '2003-12-11 00:00:00.0', TIMESTAMP '2003-12-02 00:00:00.0', 'Shipped', NULL, 129),
(10202, TIMESTAMP '2003-12-02 00:00:00.0', TIMESTAMP '2003-12-09 00:00:00.0', TIMESTAMP '2003-12-06 00:00:00.0', 'Shipped', NULL, 357),
(10203, TIMESTAMP '2003-12-02 00:00:00.0', TIMESTAMP '2003-12-11 00:00:00.0', TIMESTAMP '2003-12-07 00:00:00.0', 'Shipped', NULL, 141),
(10204, TIMESTAMP '2003-12-02 00:00:00.0', TIMESTAMP '2003-12-10 00:00:00.0', TIMESTAMP '2003-12-04 00:00:00.0', 'Shipped', NULL, 151);
INSERT INTO PUBLIC.ORDERS(ORDERNUMBER, ORDERDATE, REQUIREDDATE, SHIPPEDDATE, STATUS, COMMENTS, CUSTOMERNUMBER) VALUES
(10205, TIMESTAMP '2003-12-03 00:00:00.0', TIMESTAMP '2003-12-09 00:00:00.0', TIMESTAMP '2003-12-07 00:00:00.0', 'Shipped', ' I need all the information I can get on our competitors.', 141),
(10206, TIMESTAMP '2003-12-05 00:00:00.0', TIMESTAMP '2003-12-13 00:00:00.0', TIMESTAMP '2003-12-08 00:00:00.0', 'Shipped', 'Can we renegotiate this one?', 202),
(10207, TIMESTAMP '2003-12-09 00:00:00.0', TIMESTAMP '2003-12-17 00:00:00.0', TIMESTAMP '2003-12-11 00:00:00.0', 'Shipped', 'Check on availability.', 495),
(10208, TIMESTAMP '2004-01-02 00:00:00.0', TIMESTAMP '2004-01-11 00:00:00.0', TIMESTAMP '2004-01-04 00:00:00.0', 'Shipped', NULL, 146),
(10209, TIMESTAMP '2004-01-09 00:00:00.0', TIMESTAMP '2004-01-15 00:00:00.0', TIMESTAMP '2004-01-12 00:00:00.0', 'Shipped', NULL, 347),
(10210, TIMESTAMP '2004-01-12 00:00:00.0', TIMESTAMP '2004-01-22 00:00:00.0', TIMESTAMP '2004-01-20 00:00:00.0', 'Shipped', NULL, 177),
(10211, TIMESTAMP '2004-01-15 00:00:00.0', TIMESTAMP '2004-01-25 00:00:00.0', TIMESTAMP '2004-01-18 00:00:00.0', 'Shipped', NULL, 406),
(10212, TIMESTAMP '2004-01-16 00:00:00.0', TIMESTAMP '2004-01-24 00:00:00.0', TIMESTAMP '2004-01-18 00:00:00.0', 'Shipped', NULL, 141),
(10213, TIMESTAMP '2004-01-22 00:00:00.0', TIMESTAMP '2004-01-28 00:00:00.0', TIMESTAMP '2004-01-27 00:00:00.0', 'Shipped', 'Difficult to negotiate with customer. We need more marketing materials', 489),
(10214, TIMESTAMP '2004-01-26 00:00:00.0', TIMESTAMP '2004-02-04 00:00:00.0', TIMESTAMP '2004-01-29 00:00:00.0', 'Shipped', NULL, 458),
(10215, TIMESTAMP '2004-01-29 00:00:00.0', TIMESTAMP '2004-02-08 00:00:00.0', TIMESTAMP '2004-02-01 00:00:00.0', 'Shipped', 'Customer requested that FedEx Ground is used for this shipping', 475),
(10216, TIMESTAMP '2004-02-02 00:00:00.0', TIMESTAMP '2004-02-10 00:00:00.0', TIMESTAMP '2004-02-04 00:00:00.0', 'Shipped', NULL, 256),
(10217, TIMESTAMP '2004-02-04 00:00:00.0', TIMESTAMP '2004-02-14 00:00:00.0', TIMESTAMP '2004-02-06 00:00:00.0', 'Shipped', NULL, 166),
(10218, TIMESTAMP '2004-02-09 00:00:00.0', TIMESTAMP '2004-02-16 00:00:00.0', TIMESTAMP '2004-02-11 00:00:00.0', 'Shipped', 'Customer requested that ad materials (such as posters, pamphlets) be included in the shippment', 473),
(10219, TIMESTAMP '2004-02-10 00:00:00.0', TIMESTAMP '2004-02-17 00:00:00.0', TIMESTAMP '2004-02-12 00:00:00.0', 'Shipped', NULL, 487),
(10220, TIMESTAMP '2004-02-12 00:00:00.0', TIMESTAMP '2004-02-19 00:00:00.0', TIMESTAMP '2004-02-16 00:00:00.0', 'Shipped', NULL, 189),
(10221, TIMESTAMP '2004-02-18 00:00:00.0', TIMESTAMP '2004-02-26 00:00:00.0', TIMESTAMP '2004-02-19 00:00:00.0', 'Shipped', NULL, 314),
(10222, TIMESTAMP '2004-02-19 00:00:00.0', TIMESTAMP '2004-02-27 00:00:00.0', TIMESTAMP '2004-02-20 00:00:00.0', 'Shipped', NULL, 239),
(10223, TIMESTAMP '2004-02-20 00:00:00.0', TIMESTAMP '2004-02-29 00:00:00.0', TIMESTAMP '2004-02-24 00:00:00.0', 'Shipped', NULL, 114),
(10224, TIMESTAMP '2004-02-21 00:00:00.0', TIMESTAMP '2004-03-02 00:00:00.0', TIMESTAMP '2004-02-26 00:00:00.0', 'Shipped', 'Customer has worked with some of our vendors in the past and is aware of their MSRP', 171),
(10225, TIMESTAMP '2004-02-22 00:00:00.0', TIMESTAMP '2004-03-01 00:00:00.0', TIMESTAMP '2004-02-24 00:00:00.0', 'Shipped', NULL, 298),
(10226, TIMESTAMP '2004-02-26 00:00:00.0', TIMESTAMP '2004-03-06 00:00:00.0', TIMESTAMP '2004-03-02 00:00:00.0', 'Shipped', NULL, 239),
(10227, TIMESTAMP '2004-03-02 00:00:00.0', TIMESTAMP '2004-03-12 00:00:00.0', TIMESTAMP '2004-03-08 00:00:00.0', 'Shipped', NULL, 146),
(10228, TIMESTAMP '2004-03-10 00:00:00.0', TIMESTAMP '2004-03-18 00:00:00.0', TIMESTAMP '2004-03-13 00:00:00.0', 'Shipped', NULL, 173),
(10229, TIMESTAMP '2004-03-11 00:00:00.0', TIMESTAMP '2004-03-20 00:00:00.0', TIMESTAMP '2004-03-12 00:00:00.0', 'Shipped', NULL, 124),
(10230, TIMESTAMP '2004-03-15 00:00:00.0', TIMESTAMP '2004-03-24 00:00:00.0', TIMESTAMP '2004-03-20 00:00:00.0', 'Shipped', 'Customer very concerned about the exact color of the models. There is high risk that he may dispute the order because there is a slight color mismatch', 128);
INSERT INTO PUBLIC.ORDERS(ORDERNUMBER, ORDERDATE, REQUIREDDATE, SHIPPEDDATE, STATUS, COMMENTS, CUSTOMERNUMBER) VALUES
(10231, TIMESTAMP '2004-03-19 00:00:00.0', TIMESTAMP '2004-03-26 00:00:00.0', TIMESTAMP '2004-03-25 00:00:00.0', 'Shipped', NULL, 344),
(10232, TIMESTAMP '2004-03-20 00:00:00.0', TIMESTAMP '2004-03-30 00:00:00.0', TIMESTAMP '2004-03-25 00:00:00.0', 'Shipped', NULL, 240),
(10233, TIMESTAMP '2004-03-29 00:00:00.0', TIMESTAMP '2004-04-04 00:00:00.0', TIMESTAMP '2004-04-02 00:00:00.0', 'Shipped', 'Customer requested special shippment. The instructions were passed along to the warehouse', 328),
(10234, TIMESTAMP '2004-03-30 00:00:00.0', TIMESTAMP '2004-04-05 00:00:00.0', TIMESTAMP '2004-04-02 00:00:00.0', 'Shipped', NULL, 412),
(10235, TIMESTAMP '2004-04-02 00:00:00.0', TIMESTAMP '2004-04-12 00:00:00.0', TIMESTAMP '2004-04-06 00:00:00.0', 'Shipped', NULL, 260),
(10236, TIMESTAMP '2004-04-03 00:00:00.0', TIMESTAMP '2004-04-11 00:00:00.0', TIMESTAMP '2004-04-08 00:00:00.0', 'Shipped', NULL, 486),
(10237, TIMESTAMP '2004-04-05 00:00:00.0', TIMESTAMP '2004-04-12 00:00:00.0', TIMESTAMP '2004-04-10 00:00:00.0', 'Shipped', NULL, 181),
(10238, TIMESTAMP '2004-04-09 00:00:00.0', TIMESTAMP '2004-04-16 00:00:00.0', TIMESTAMP '2004-04-10 00:00:00.0', 'Shipped', NULL, 145),
(10239, TIMESTAMP '2004-04-12 00:00:00.0', TIMESTAMP '2004-04-21 00:00:00.0', TIMESTAMP '2004-04-17 00:00:00.0', 'Shipped', NULL, 311),
(10240, TIMESTAMP '2004-04-13 00:00:00.0', TIMESTAMP '2004-04-20 00:00:00.0', TIMESTAMP '2004-04-20 00:00:00.0', 'Shipped', NULL, 177),
(10241, TIMESTAMP '2004-04-13 00:00:00.0', TIMESTAMP '2004-04-20 00:00:00.0', TIMESTAMP '2004-04-19 00:00:00.0', 'Shipped', NULL, 209),
(10242, TIMESTAMP '2004-04-20 00:00:00.0', TIMESTAMP '2004-04-28 00:00:00.0', TIMESTAMP '2004-04-25 00:00:00.0', 'Shipped', 'Customer is interested in buying more Ferrari models', 456),
(10243, TIMESTAMP '2004-04-26 00:00:00.0', TIMESTAMP '2004-05-03 00:00:00.0', TIMESTAMP '2004-04-28 00:00:00.0', 'Shipped', NULL, 495),
(10244, TIMESTAMP '2004-04-29 00:00:00.0', TIMESTAMP '2004-05-09 00:00:00.0', TIMESTAMP '2004-05-04 00:00:00.0', 'Shipped', NULL, 141),
(10245, TIMESTAMP '2004-05-04 00:00:00.0', TIMESTAMP '2004-05-12 00:00:00.0', TIMESTAMP '2004-05-09 00:00:00.0', 'Shipped', NULL, 455),
(10246, TIMESTAMP '2004-05-05 00:00:00.0', TIMESTAMP '2004-05-13 00:00:00.0', TIMESTAMP '2004-05-06 00:00:00.0', 'Shipped', NULL, 141),
(10247, TIMESTAMP '2004-05-05 00:00:00.0', TIMESTAMP '2004-05-11 00:00:00.0', TIMESTAMP '2004-05-08 00:00:00.0', 'Shipped', NULL, 334),
(10248, TIMESTAMP '2004-05-07 00:00:00.0', TIMESTAMP '2004-05-14 00:00:00.0', NULL, 'Cancelled', 'Order was mistakenly placed. The warehouse noticed the lack of documentation.', 131),
(10249, TIMESTAMP '2004-05-08 00:00:00.0', TIMESTAMP '2004-05-17 00:00:00.0', TIMESTAMP '2004-05-11 00:00:00.0', 'Shipped', 'Can we deliver the new Ford Mustang models by end-of-quarter?', 173),
(10250, TIMESTAMP '2004-05-11 00:00:00.0', TIMESTAMP '2004-05-19 00:00:00.0', TIMESTAMP '2004-05-15 00:00:00.0', 'Shipped', NULL, 450),
(10251, TIMESTAMP '2004-05-18 00:00:00.0', TIMESTAMP '2004-05-24 00:00:00.0', TIMESTAMP '2004-05-24 00:00:00.0', 'Shipped', NULL, 328),
(10252, TIMESTAMP '2004-05-26 00:00:00.0', TIMESTAMP '2004-06-04 00:00:00.0', TIMESTAMP '2004-05-29 00:00:00.0', 'Shipped', NULL, 406),
(10253, TIMESTAMP '2004-06-01 00:00:00.0', TIMESTAMP '2004-06-09 00:00:00.0', TIMESTAMP '2004-06-02 00:00:00.0', 'Cancelled', 'Customer disputed the order and we agreed to cancel it. We must be more cautions with this customer going forward, since they are very hard to please. We must cover the shipping fees.', 201),
(10254, TIMESTAMP '2004-06-03 00:00:00.0', TIMESTAMP '2004-06-13 00:00:00.0', TIMESTAMP '2004-06-04 00:00:00.0', 'Shipped', 'Customer requested that DHL is used for this shipping', 323),
(10255, TIMESTAMP '2004-06-04 00:00:00.0', TIMESTAMP '2004-06-12 00:00:00.0', TIMESTAMP '2004-06-09 00:00:00.0', 'Shipped', NULL, 209),
(10256, TIMESTAMP '2004-06-08 00:00:00.0', TIMESTAMP '2004-06-16 00:00:00.0', TIMESTAMP '2004-06-10 00:00:00.0', 'Shipped', NULL, 145);
INSERT INTO PUBLIC.ORDERS(ORDERNUMBER, ORDERDATE, REQUIREDDATE, SHIPPEDDATE, STATUS, COMMENTS, CUSTOMERNUMBER) VALUES
(10257, TIMESTAMP '2004-06-14 00:00:00.0', TIMESTAMP '2004-06-24 00:00:00.0', TIMESTAMP '2004-06-15 00:00:00.0', 'Shipped', NULL, 450),
(10258, TIMESTAMP '2004-06-15 00:00:00.0', TIMESTAMP '2004-06-25 00:00:00.0', TIMESTAMP '2004-06-23 00:00:00.0', 'Shipped', NULL, 398),
(10259, TIMESTAMP '2004-06-15 00:00:00.0', TIMESTAMP '2004-06-22 00:00:00.0', TIMESTAMP '2004-06-17 00:00:00.0', 'Shipped', NULL, 166),
(10260, TIMESTAMP '2004-06-16 00:00:00.0', TIMESTAMP '2004-06-22 00:00:00.0', NULL, 'Cancelled', 'Customer heard complaints from their customers and called to cancel this order. Will notify the Sales Manager.', 357),
(10261, TIMESTAMP '2004-06-17 00:00:00.0', TIMESTAMP '2004-06-25 00:00:00.0', TIMESTAMP '2004-06-22 00:00:00.0', 'Shipped', NULL, 233),
(10262, TIMESTAMP '2004-06-24 00:00:00.0', TIMESTAMP '2004-07-01 00:00:00.0', NULL, 'Cancelled', 'This customer found a better offer from one of our competitors. Will call back to renegotiate.', 141),
(10263, TIMESTAMP '2004-06-28 00:00:00.0', TIMESTAMP '2004-07-04 00:00:00.0', TIMESTAMP '2004-07-02 00:00:00.0', 'Shipped', NULL, 175),
(10264, TIMESTAMP '2004-06-30 00:00:00.0', TIMESTAMP '2004-07-06 00:00:00.0', TIMESTAMP '2004-07-01 00:00:00.0', 'Shipped', 'Customer will send a truck to our local warehouse on 7/1/2004', 362),
(10265, TIMESTAMP '2004-07-02 00:00:00.0', TIMESTAMP '2004-07-09 00:00:00.0', TIMESTAMP '2004-07-07 00:00:00.0', 'Shipped', NULL, 471),
(10266, TIMESTAMP '2004-07-06 00:00:00.0', TIMESTAMP '2004-07-14 00:00:00.0', TIMESTAMP '2004-07-10 00:00:00.0', 'Shipped', NULL, 386),
(10267, TIMESTAMP '2004-07-07 00:00:00.0', TIMESTAMP '2004-07-17 00:00:00.0', TIMESTAMP '2004-07-09 00:00:00.0', 'Shipped', NULL, 151),
(10268, TIMESTAMP '2004-07-12 00:00:00.0', TIMESTAMP '2004-07-18 00:00:00.0', TIMESTAMP '2004-07-14 00:00:00.0', 'Shipped', NULL, 412),
(10269, TIMESTAMP '2004-07-16 00:00:00.0', TIMESTAMP '2004-07-22 00:00:00.0', TIMESTAMP '2004-07-18 00:00:00.0', 'Shipped', NULL, 382),
(10270, TIMESTAMP '2004-07-19 00:00:00.0', TIMESTAMP '2004-07-27 00:00:00.0', TIMESTAMP '2004-07-24 00:00:00.0', 'Shipped', 'Can we renegotiate this one?', 282),
(10271, TIMESTAMP '2004-07-20 00:00:00.0', TIMESTAMP '2004-07-29 00:00:00.0', TIMESTAMP '2004-07-23 00:00:00.0', 'Shipped', NULL, 124),
(10272, TIMESTAMP '2004-07-20 00:00:00.0', TIMESTAMP '2004-07-26 00:00:00.0', TIMESTAMP '2004-07-22 00:00:00.0', 'Shipped', NULL, 157),
(10273, TIMESTAMP '2004-07-21 00:00:00.0', TIMESTAMP '2004-07-28 00:00:00.0', TIMESTAMP '2004-07-22 00:00:00.0', 'Shipped', NULL, 314),
(10274, TIMESTAMP '2004-07-21 00:00:00.0', TIMESTAMP '2004-07-29 00:00:00.0', TIMESTAMP '2004-07-22 00:00:00.0', 'Shipped', NULL, 379),
(10275, TIMESTAMP '2004-07-23 00:00:00.0', TIMESTAMP '2004-08-02 00:00:00.0', TIMESTAMP '2004-07-29 00:00:00.0', 'Shipped', NULL, 119),
(10276, TIMESTAMP '2004-08-02 00:00:00.0', TIMESTAMP '2004-08-11 00:00:00.0', TIMESTAMP '2004-08-08 00:00:00.0', 'Shipped', NULL, 204),
(10277, TIMESTAMP '2004-08-04 00:00:00.0', TIMESTAMP '2004-08-12 00:00:00.0', TIMESTAMP '2004-08-05 00:00:00.0', 'Shipped', NULL, 148),
(10278, TIMESTAMP '2004-08-06 00:00:00.0', TIMESTAMP '2004-08-16 00:00:00.0', TIMESTAMP '2004-08-09 00:00:00.0', 'Shipped', NULL, 112),
(10279, TIMESTAMP '2004-08-09 00:00:00.0', TIMESTAMP '2004-08-19 00:00:00.0', TIMESTAMP '2004-08-15 00:00:00.0', 'Shipped', 'Cautious optimism. We have happy customers here, if we can keep them well stocked.  I need all the information I can get on the planned shippments of Porches', 141),
(10280, TIMESTAMP '2004-08-17 00:00:00.0', TIMESTAMP '2004-08-27 00:00:00.0', TIMESTAMP '2004-08-19 00:00:00.0', 'Shipped', NULL, 249),
(10281, TIMESTAMP '2004-08-19 00:00:00.0', TIMESTAMP '2004-08-28 00:00:00.0', TIMESTAMP '2004-08-23 00:00:00.0', 'Shipped', NULL, 157),
(10282, TIMESTAMP '2004-08-20 00:00:00.0', TIMESTAMP '2004-08-26 00:00:00.0', TIMESTAMP '2004-08-22 00:00:00.0', 'Shipped', NULL, 124),
(10283, TIMESTAMP '2004-08-20 00:00:00.0', TIMESTAMP '2004-08-30 00:00:00.0', TIMESTAMP '2004-08-23 00:00:00.0', 'Shipped', NULL, 260);
INSERT INTO PUBLIC.ORDERS(ORDERNUMBER, ORDERDATE, REQUIREDDATE, SHIPPEDDATE, STATUS, COMMENTS, CUSTOMERNUMBER) VALUES
(10284, TIMESTAMP '2004-08-21 00:00:00.0', TIMESTAMP '2004-08-29 00:00:00.0', TIMESTAMP '2004-08-26 00:00:00.0', 'Shipped', 'Custom shipping instructions sent to warehouse', 299),
(10285, TIMESTAMP '2004-08-27 00:00:00.0', TIMESTAMP '2004-09-04 00:00:00.0', TIMESTAMP '2004-08-31 00:00:00.0', 'Shipped', NULL, 286),
(10286, TIMESTAMP '2004-08-28 00:00:00.0', TIMESTAMP '2004-09-06 00:00:00.0', TIMESTAMP '2004-09-01 00:00:00.0', 'Shipped', NULL, 172),
(10287, TIMESTAMP '2004-08-30 00:00:00.0', TIMESTAMP '2004-09-06 00:00:00.0', TIMESTAMP '2004-09-01 00:00:00.0', 'Shipped', NULL, 298),
(10288, TIMESTAMP '2004-09-01 00:00:00.0', TIMESTAMP '2004-09-11 00:00:00.0', TIMESTAMP '2004-09-05 00:00:00.0', 'Shipped', NULL, 166),
(10289, TIMESTAMP '2004-09-03 00:00:00.0', TIMESTAMP '2004-09-13 00:00:00.0', TIMESTAMP '2004-09-04 00:00:00.0', 'Shipped', 'We need to keep in close contact with their Marketing VP. He is the decision maker for all their purchases.', 167),
(10290, TIMESTAMP '2004-09-07 00:00:00.0', TIMESTAMP '2004-09-15 00:00:00.0', TIMESTAMP '2004-09-13 00:00:00.0', 'Shipped', NULL, 198),
(10291, TIMESTAMP '2004-09-08 00:00:00.0', TIMESTAMP '2004-09-17 00:00:00.0', TIMESTAMP '2004-09-14 00:00:00.0', 'Shipped', NULL, 448),
(10292, TIMESTAMP '2004-09-08 00:00:00.0', TIMESTAMP '2004-09-18 00:00:00.0', TIMESTAMP '2004-09-11 00:00:00.0', 'Shipped', 'They want to reevaluate their terms agreement with Finance.', 131),
(10293, TIMESTAMP '2004-09-09 00:00:00.0', TIMESTAMP '2004-09-18 00:00:00.0', TIMESTAMP '2004-09-14 00:00:00.0', 'Shipped', NULL, 249),
(10294, TIMESTAMP '2004-09-10 00:00:00.0', TIMESTAMP '2004-09-17 00:00:00.0', TIMESTAMP '2004-09-14 00:00:00.0', 'Shipped', NULL, 204),
(10295, TIMESTAMP '2004-09-10 00:00:00.0', TIMESTAMP '2004-09-17 00:00:00.0', TIMESTAMP '2004-09-14 00:00:00.0', 'Shipped', 'They want to reevaluate their terms agreement with Finance.', 362),
(10296, TIMESTAMP '2004-09-15 00:00:00.0', TIMESTAMP '2004-09-22 00:00:00.0', TIMESTAMP '2004-09-16 00:00:00.0', 'Shipped', NULL, 415),
(10297, TIMESTAMP '2004-09-16 00:00:00.0', TIMESTAMP '2004-09-22 00:00:00.0', TIMESTAMP '2004-09-21 00:00:00.0', 'Shipped', 'We must be cautions with this customer. Their VP of Sales resigned. Company may be heading down.', 189),
(10298, TIMESTAMP '2004-09-27 00:00:00.0', TIMESTAMP '2004-10-05 00:00:00.0', TIMESTAMP '2004-10-01 00:00:00.0', 'Shipped', NULL, 103),
(10299, TIMESTAMP '2004-09-30 00:00:00.0', TIMESTAMP '2004-10-10 00:00:00.0', TIMESTAMP '2004-10-01 00:00:00.0', 'Shipped', NULL, 186),
(10300, TIMESTAMP '2003-10-04 00:00:00.0', TIMESTAMP '2003-10-13 00:00:00.0', TIMESTAMP '2003-10-09 00:00:00.0', 'Shipped', NULL, 128),
(10301, TIMESTAMP '2003-10-05 00:00:00.0', TIMESTAMP '2003-10-15 00:00:00.0', TIMESTAMP '2003-10-08 00:00:00.0', 'Shipped', NULL, 299),
(10302, TIMESTAMP '2003-10-06 00:00:00.0', TIMESTAMP '2003-10-16 00:00:00.0', TIMESTAMP '2003-10-07 00:00:00.0', 'Shipped', NULL, 201),
(10303, TIMESTAMP '2004-10-06 00:00:00.0', TIMESTAMP '2004-10-14 00:00:00.0', TIMESTAMP '2004-10-09 00:00:00.0', 'Shipped', 'Customer inquired about remote controlled models and gold models.', 484),
(10304, TIMESTAMP '2004-10-11 00:00:00.0', TIMESTAMP '2004-10-20 00:00:00.0', TIMESTAMP '2004-10-17 00:00:00.0', 'Shipped', NULL, 256),
(10305, TIMESTAMP '2004-10-13 00:00:00.0', TIMESTAMP '2004-10-22 00:00:00.0', TIMESTAMP '2004-10-15 00:00:00.0', 'Shipped', 'Check on availability.', 286),
(10306, TIMESTAMP '2004-10-14 00:00:00.0', TIMESTAMP '2004-10-21 00:00:00.0', TIMESTAMP '2004-10-17 00:00:00.0', 'Shipped', NULL, 187),
(10307, TIMESTAMP '2004-10-14 00:00:00.0', TIMESTAMP '2004-10-23 00:00:00.0', TIMESTAMP '2004-10-20 00:00:00.0', 'Shipped', NULL, 339),
(10308, TIMESTAMP '2004-10-15 00:00:00.0', TIMESTAMP '2004-10-24 00:00:00.0', TIMESTAMP '2004-10-20 00:00:00.0', 'Shipped', 'Customer requested that FedEx Ground is used for this shipping', 319),
(10309, TIMESTAMP '2004-10-15 00:00:00.0', TIMESTAMP '2004-10-24 00:00:00.0', TIMESTAMP '2004-10-18 00:00:00.0', 'Shipped', NULL, 121);
INSERT INTO PUBLIC.ORDERS(ORDERNUMBER, ORDERDATE, REQUIREDDATE, SHIPPEDDATE, STATUS, COMMENTS, CUSTOMERNUMBER) VALUES
(10310, TIMESTAMP '2004-10-16 00:00:00.0', TIMESTAMP '2004-10-24 00:00:00.0', TIMESTAMP '2004-10-18 00:00:00.0', 'Shipped', NULL, 259),
(10311, TIMESTAMP '2004-10-16 00:00:00.0', TIMESTAMP '2004-10-23 00:00:00.0', TIMESTAMP '2004-10-20 00:00:00.0', 'Shipped', 'Difficult to negotiate with customer. We need more marketing materials', 141),
(10312, TIMESTAMP '2004-10-21 00:00:00.0', TIMESTAMP '2004-10-27 00:00:00.0', TIMESTAMP '2004-10-23 00:00:00.0', 'Shipped', NULL, 124),
(10313, TIMESTAMP '2004-10-22 00:00:00.0', TIMESTAMP '2004-10-28 00:00:00.0', TIMESTAMP '2004-10-25 00:00:00.0', 'Shipped', 'Customer requested that FedEx Ground is used for this shipping', 202),
(10314, TIMESTAMP '2004-10-22 00:00:00.0', TIMESTAMP '2004-11-01 00:00:00.0', TIMESTAMP '2004-10-23 00:00:00.0', 'Shipped', NULL, 227),
(10315, TIMESTAMP '2004-10-29 00:00:00.0', TIMESTAMP '2004-11-08 00:00:00.0', TIMESTAMP '2004-10-30 00:00:00.0', 'Shipped', NULL, 119),
(10316, TIMESTAMP '2004-11-01 00:00:00.0', TIMESTAMP '2004-11-09 00:00:00.0', TIMESTAMP '2004-11-07 00:00:00.0', 'Shipped', 'Customer requested that ad materials (such as posters, pamphlets) be included in the shippment', 240),
(10317, TIMESTAMP '2004-11-02 00:00:00.0', TIMESTAMP '2004-11-12 00:00:00.0', TIMESTAMP '2004-11-08 00:00:00.0', 'Shipped', NULL, 161),
(10318, TIMESTAMP '2004-11-02 00:00:00.0', TIMESTAMP '2004-11-09 00:00:00.0', TIMESTAMP '2004-11-07 00:00:00.0', 'Shipped', NULL, 157),
(10319, TIMESTAMP '2004-11-03 00:00:00.0', TIMESTAMP '2004-11-11 00:00:00.0', TIMESTAMP '2004-11-06 00:00:00.0', 'Shipped', 'Customer requested that DHL is used for this shipping', 456),
(10320, TIMESTAMP '2004-11-03 00:00:00.0', TIMESTAMP '2004-11-13 00:00:00.0', TIMESTAMP '2004-11-07 00:00:00.0', 'Shipped', NULL, 144),
(10321, TIMESTAMP '2004-11-04 00:00:00.0', TIMESTAMP '2004-11-12 00:00:00.0', TIMESTAMP '2004-11-07 00:00:00.0', 'Shipped', NULL, 462),
(10322, TIMESTAMP '2004-11-04 00:00:00.0', TIMESTAMP '2004-11-12 00:00:00.0', TIMESTAMP '2004-11-10 00:00:00.0', 'Shipped', 'Customer has worked with some of our vendors in the past and is aware of their MSRP', 363),
(10323, TIMESTAMP '2004-11-05 00:00:00.0', TIMESTAMP '2004-11-12 00:00:00.0', TIMESTAMP '2004-11-09 00:00:00.0', 'Shipped', NULL, 128),
(10324, TIMESTAMP '2004-11-05 00:00:00.0', TIMESTAMP '2004-11-11 00:00:00.0', TIMESTAMP '2004-11-08 00:00:00.0', 'Shipped', NULL, 181),
(10325, TIMESTAMP '2004-11-05 00:00:00.0', TIMESTAMP '2004-11-13 00:00:00.0', TIMESTAMP '2004-11-08 00:00:00.0', 'Shipped', NULL, 121),
(10326, TIMESTAMP '2004-11-09 00:00:00.0', TIMESTAMP '2004-11-16 00:00:00.0', TIMESTAMP '2004-11-10 00:00:00.0', 'Shipped', NULL, 144),
(10327, TIMESTAMP '2004-11-10 00:00:00.0', TIMESTAMP '2004-11-19 00:00:00.0', TIMESTAMP '2004-11-13 00:00:00.0', 'Resolved', 'Order was disputed and resolved on 12/1/04. The Sales Manager was involved. Customer claims the scales of the models don''t match what was discussed.', 145),
(10328, TIMESTAMP '2004-11-12 00:00:00.0', TIMESTAMP '2004-11-21 00:00:00.0', TIMESTAMP '2004-11-18 00:00:00.0', 'Shipped', 'Customer very concerned about the exact color of the models. There is high risk that he may dispute the order because there is a slight color mismatch', 278),
(10329, TIMESTAMP '2004-11-15 00:00:00.0', TIMESTAMP '2004-11-24 00:00:00.0', TIMESTAMP '2004-11-16 00:00:00.0', 'Shipped', NULL, 131),
(10330, TIMESTAMP '2004-11-16 00:00:00.0', TIMESTAMP '2004-11-25 00:00:00.0', TIMESTAMP '2004-11-21 00:00:00.0', 'Shipped', NULL, 385),
(10331, TIMESTAMP '2004-11-17 00:00:00.0', TIMESTAMP '2004-11-23 00:00:00.0', TIMESTAMP '2004-11-23 00:00:00.0', 'Shipped', 'Customer requested special shippment. The instructions were passed along to the warehouse', 486),
(10332, TIMESTAMP '2004-11-17 00:00:00.0', TIMESTAMP '2004-11-25 00:00:00.0', TIMESTAMP '2004-11-18 00:00:00.0', 'Shipped', NULL, 187),
(10333, TIMESTAMP '2004-11-18 00:00:00.0', TIMESTAMP '2004-11-27 00:00:00.0', TIMESTAMP '2004-11-20 00:00:00.0', 'Shipped', NULL, 129);
INSERT INTO PUBLIC.ORDERS(ORDERNUMBER, ORDERDATE, REQUIREDDATE, SHIPPEDDATE, STATUS, COMMENTS, CUSTOMERNUMBER) VALUES
(10334, TIMESTAMP '2004-11-19 00:00:00.0', TIMESTAMP '2004-11-28 00:00:00.0', NULL, 'On Hold', 'The outstaniding balance for this customer exceeds their credit limit. Order will be shipped when a payment is received.', 144),
(10335, TIMESTAMP '2004-11-19 00:00:00.0', TIMESTAMP '2004-11-29 00:00:00.0', TIMESTAMP '2004-11-23 00:00:00.0', 'Shipped', NULL, 124),
(10336, TIMESTAMP '2004-11-20 00:00:00.0', TIMESTAMP '2004-11-26 00:00:00.0', TIMESTAMP '2004-11-24 00:00:00.0', 'Shipped', 'Customer requested that DHL is used for this shipping', 172),
(10337, TIMESTAMP '2004-11-21 00:00:00.0', TIMESTAMP '2004-11-30 00:00:00.0', TIMESTAMP '2004-11-26 00:00:00.0', 'Shipped', NULL, 424),
(10338, TIMESTAMP '2004-11-22 00:00:00.0', TIMESTAMP '2004-12-02 00:00:00.0', TIMESTAMP '2004-11-27 00:00:00.0', 'Shipped', NULL, 381),
(10339, TIMESTAMP '2004-11-23 00:00:00.0', TIMESTAMP '2004-11-30 00:00:00.0', TIMESTAMP '2004-11-30 00:00:00.0', 'Shipped', NULL, 398),
(10340, TIMESTAMP '2004-11-24 00:00:00.0', TIMESTAMP '2004-12-01 00:00:00.0', TIMESTAMP '2004-11-25 00:00:00.0', 'Shipped', 'Customer is interested in buying more Ferrari models', 216),
(10341, TIMESTAMP '2004-11-24 00:00:00.0', TIMESTAMP '2004-12-01 00:00:00.0', TIMESTAMP '2004-11-29 00:00:00.0', 'Shipped', NULL, 382),
(10342, TIMESTAMP '2004-11-24 00:00:00.0', TIMESTAMP '2004-12-01 00:00:00.0', TIMESTAMP '2004-11-29 00:00:00.0', 'Shipped', NULL, 114),
(10343, TIMESTAMP '2004-11-24 00:00:00.0', TIMESTAMP '2004-12-01 00:00:00.0', TIMESTAMP '2004-11-26 00:00:00.0', 'Shipped', NULL, 353),
(10344, TIMESTAMP '2004-11-25 00:00:00.0', TIMESTAMP '2004-12-02 00:00:00.0', TIMESTAMP '2004-11-29 00:00:00.0', 'Shipped', NULL, 350),
(10345, TIMESTAMP '2004-11-25 00:00:00.0', TIMESTAMP '2004-12-01 00:00:00.0', TIMESTAMP '2004-11-26 00:00:00.0', 'Shipped', NULL, 103),
(10346, TIMESTAMP '2004-11-29 00:00:00.0', TIMESTAMP '2004-12-05 00:00:00.0', TIMESTAMP '2004-11-30 00:00:00.0', 'Shipped', NULL, 112),
(10347, TIMESTAMP '2004-11-29 00:00:00.0', TIMESTAMP '2004-12-07 00:00:00.0', TIMESTAMP '2004-11-30 00:00:00.0', 'Shipped', 'Can we deliver the new Ford Mustang models by end-of-quarter?', 114),
(10348, TIMESTAMP '2004-11-01 00:00:00.0', TIMESTAMP '2004-11-08 00:00:00.0', TIMESTAMP '2004-11-05 00:00:00.0', 'Shipped', NULL, 458),
(10349, TIMESTAMP '2004-12-01 00:00:00.0', TIMESTAMP '2004-12-07 00:00:00.0', TIMESTAMP '2004-12-03 00:00:00.0', 'Shipped', NULL, 151),
(10350, TIMESTAMP '2004-12-02 00:00:00.0', TIMESTAMP '2004-12-08 00:00:00.0', TIMESTAMP '2004-12-05 00:00:00.0', 'Shipped', NULL, 141),
(10351, TIMESTAMP '2004-12-03 00:00:00.0', TIMESTAMP '2004-12-11 00:00:00.0', TIMESTAMP '2004-12-07 00:00:00.0', 'Shipped', NULL, 324),
(10352, TIMESTAMP '2004-12-03 00:00:00.0', TIMESTAMP '2004-12-12 00:00:00.0', TIMESTAMP '2004-12-09 00:00:00.0', 'Shipped', NULL, 198),
(10353, TIMESTAMP '2004-12-04 00:00:00.0', TIMESTAMP '2004-12-11 00:00:00.0', TIMESTAMP '2004-12-05 00:00:00.0', 'Shipped', NULL, 447),
(10354, TIMESTAMP '2004-12-04 00:00:00.0', TIMESTAMP '2004-12-10 00:00:00.0', TIMESTAMP '2004-12-05 00:00:00.0', 'Shipped', NULL, 323),
(10355, TIMESTAMP '2004-12-07 00:00:00.0', TIMESTAMP '2004-12-14 00:00:00.0', TIMESTAMP '2004-12-13 00:00:00.0', 'Shipped', NULL, 141),
(10356, TIMESTAMP '2004-12-09 00:00:00.0', TIMESTAMP '2004-12-15 00:00:00.0', TIMESTAMP '2004-12-12 00:00:00.0', 'Shipped', NULL, 250),
(10357, TIMESTAMP '2004-12-10 00:00:00.0', TIMESTAMP '2004-12-16 00:00:00.0', TIMESTAMP '2004-12-14 00:00:00.0', 'Shipped', NULL, 124),
(10358, TIMESTAMP '2004-12-10 00:00:00.0', TIMESTAMP '2004-12-16 00:00:00.0', TIMESTAMP '2004-12-16 00:00:00.0', 'Shipped', 'Customer requested that DHL is used for this shipping', 141),
(10359, TIMESTAMP '2004-12-15 00:00:00.0', TIMESTAMP '2004-12-23 00:00:00.0', TIMESTAMP '2004-12-18 00:00:00.0', 'Shipped', NULL, 353),
(10360, TIMESTAMP '2004-12-16 00:00:00.0', TIMESTAMP '2004-12-22 00:00:00.0', TIMESTAMP '2004-12-18 00:00:00.0', 'Shipped', NULL, 496),
(10361, TIMESTAMP '2004-12-17 00:00:00.0', TIMESTAMP '2004-12-24 00:00:00.0', TIMESTAMP '2004-12-20 00:00:00.0', 'Shipped', NULL, 282);
INSERT INTO PUBLIC.ORDERS(ORDERNUMBER, ORDERDATE, REQUIREDDATE, SHIPPEDDATE, STATUS, COMMENTS, CUSTOMERNUMBER) VALUES
(10362, TIMESTAMP '2005-01-05 00:00:00.0', TIMESTAMP '2005-01-16 00:00:00.0', TIMESTAMP '2005-01-10 00:00:00.0', 'Shipped', NULL, 161),
(10363, TIMESTAMP '2005-01-06 00:00:00.0', TIMESTAMP '2005-01-12 00:00:00.0', TIMESTAMP '2005-01-10 00:00:00.0', 'Shipped', NULL, 334),
(10364, TIMESTAMP '2005-01-06 00:00:00.0', TIMESTAMP '2005-01-17 00:00:00.0', TIMESTAMP '2005-01-09 00:00:00.0', 'Shipped', NULL, 350),
(10365, TIMESTAMP '2005-01-07 00:00:00.0', TIMESTAMP '2005-01-18 00:00:00.0', TIMESTAMP '2005-01-11 00:00:00.0', 'Shipped', NULL, 320),
(10366, TIMESTAMP '2005-01-10 00:00:00.0', TIMESTAMP '2005-01-19 00:00:00.0', TIMESTAMP '2005-01-12 00:00:00.0', 'Shipped', NULL, 381),
(10367, TIMESTAMP '2005-01-12 00:00:00.0', TIMESTAMP '2005-01-21 00:00:00.0', TIMESTAMP '2005-01-16 00:00:00.0', 'Resolved', 'This order was disputed and resolved on 2/1/2005. Customer claimed that container with shipment was damaged. FedEx''s investigation proved this wrong.', 205),
(10368, TIMESTAMP '2005-01-19 00:00:00.0', TIMESTAMP '2005-01-27 00:00:00.0', TIMESTAMP '2005-01-24 00:00:00.0', 'Shipped', 'Can we renegotiate this one?', 124),
(10369, TIMESTAMP '2005-01-20 00:00:00.0', TIMESTAMP '2005-01-28 00:00:00.0', TIMESTAMP '2005-01-24 00:00:00.0', 'Shipped', NULL, 379),
(10370, TIMESTAMP '2005-01-20 00:00:00.0', TIMESTAMP '2005-02-01 00:00:00.0', TIMESTAMP '2005-01-25 00:00:00.0', 'Shipped', NULL, 276),
(10371, TIMESTAMP '2005-01-23 00:00:00.0', TIMESTAMP '2005-02-03 00:00:00.0', TIMESTAMP '2005-01-25 00:00:00.0', 'Shipped', NULL, 124),
(10372, TIMESTAMP '2005-01-26 00:00:00.0', TIMESTAMP '2005-02-05 00:00:00.0', TIMESTAMP '2005-01-28 00:00:00.0', 'Shipped', NULL, 398),
(10373, TIMESTAMP '2005-01-31 00:00:00.0', TIMESTAMP '2005-02-08 00:00:00.0', TIMESTAMP '2005-02-06 00:00:00.0', 'Shipped', NULL, 311),
(10374, TIMESTAMP '2005-02-02 00:00:00.0', TIMESTAMP '2005-02-09 00:00:00.0', TIMESTAMP '2005-02-03 00:00:00.0', 'Shipped', NULL, 333),
(10375, TIMESTAMP '2005-02-03 00:00:00.0', TIMESTAMP '2005-02-10 00:00:00.0', TIMESTAMP '2005-02-06 00:00:00.0', 'Shipped', NULL, 119),
(10376, TIMESTAMP '2005-02-08 00:00:00.0', TIMESTAMP '2005-02-18 00:00:00.0', TIMESTAMP '2005-02-13 00:00:00.0', 'Shipped', NULL, 219),
(10377, TIMESTAMP '2005-02-09 00:00:00.0', TIMESTAMP '2005-02-21 00:00:00.0', TIMESTAMP '2005-02-12 00:00:00.0', 'Shipped', 'Cautious optimism. We have happy customers here, if we can keep them well stocked.  I need all the information I can get on the planned shippments of Porches', 186),
(10378, TIMESTAMP '2005-02-10 00:00:00.0', TIMESTAMP '2005-02-18 00:00:00.0', TIMESTAMP '2005-02-11 00:00:00.0', 'Shipped', NULL, 141),
(10379, TIMESTAMP '2005-02-10 00:00:00.0', TIMESTAMP '2005-02-18 00:00:00.0', TIMESTAMP '2005-02-11 00:00:00.0', 'Shipped', NULL, 141),
(10380, TIMESTAMP '2005-02-16 00:00:00.0', TIMESTAMP '2005-02-24 00:00:00.0', TIMESTAMP '2005-02-18 00:00:00.0', 'Shipped', NULL, 141),
(10381, TIMESTAMP '2005-02-17 00:00:00.0', TIMESTAMP '2005-02-25 00:00:00.0', TIMESTAMP '2005-02-18 00:00:00.0', 'Shipped', NULL, 321),
(10382, TIMESTAMP '2005-02-17 00:00:00.0', TIMESTAMP '2005-02-23 00:00:00.0', TIMESTAMP '2005-02-18 00:00:00.0', 'Shipped', 'Custom shipping instructions sent to warehouse', 124),
(10383, TIMESTAMP '2005-02-22 00:00:00.0', TIMESTAMP '2005-03-02 00:00:00.0', TIMESTAMP '2005-02-25 00:00:00.0', 'Shipped', NULL, 141),
(10384, TIMESTAMP '2005-02-23 00:00:00.0', TIMESTAMP '2005-03-06 00:00:00.0', TIMESTAMP '2005-02-27 00:00:00.0', 'Shipped', NULL, 321),
(10385, TIMESTAMP '2005-02-28 00:00:00.0', TIMESTAMP '2005-03-09 00:00:00.0', TIMESTAMP '2005-03-01 00:00:00.0', 'Shipped', NULL, 124),
(10386, TIMESTAMP '2005-03-01 00:00:00.0', TIMESTAMP '2005-03-09 00:00:00.0', TIMESTAMP '2005-03-06 00:00:00.0', 'Resolved', 'Disputed then Resolved on 3/15/2005. Customer doesn''t like the craftsmaship of the models.', 141),
(10387, TIMESTAMP '2005-03-02 00:00:00.0', TIMESTAMP '2005-03-09 00:00:00.0', TIMESTAMP '2005-03-06 00:00:00.0', 'Shipped', 'We need to keep in close contact with their Marketing VP. He is the decision maker for all their purchases.', 148);
INSERT INTO PUBLIC.ORDERS(ORDERNUMBER, ORDERDATE, REQUIREDDATE, SHIPPEDDATE, STATUS, COMMENTS, CUSTOMERNUMBER) VALUES
(10388, TIMESTAMP '2005-03-03 00:00:00.0', TIMESTAMP '2005-03-11 00:00:00.0', TIMESTAMP '2005-03-09 00:00:00.0', 'Shipped', NULL, 462),
(10389, TIMESTAMP '2005-03-03 00:00:00.0', TIMESTAMP '2005-03-09 00:00:00.0', TIMESTAMP '2005-03-08 00:00:00.0', 'Shipped', NULL, 448),
(10390, TIMESTAMP '2005-03-04 00:00:00.0', TIMESTAMP '2005-03-11 00:00:00.0', TIMESTAMP '2005-03-07 00:00:00.0', 'Shipped', 'They want to reevaluate their terms agreement with Finance.', 124),
(10391, TIMESTAMP '2005-03-09 00:00:00.0', TIMESTAMP '2005-03-20 00:00:00.0', TIMESTAMP '2005-03-15 00:00:00.0', 'Shipped', NULL, 276),
(10392, TIMESTAMP '2005-03-10 00:00:00.0', TIMESTAMP '2005-03-18 00:00:00.0', TIMESTAMP '2005-03-12 00:00:00.0', 'Shipped', NULL, 452),
(10393, TIMESTAMP '2005-03-11 00:00:00.0', TIMESTAMP '2005-03-22 00:00:00.0', TIMESTAMP '2005-03-14 00:00:00.0', 'Shipped', 'They want to reevaluate their terms agreement with Finance.', 323),
(10394, TIMESTAMP '2005-03-15 00:00:00.0', TIMESTAMP '2005-03-25 00:00:00.0', TIMESTAMP '2005-03-19 00:00:00.0', 'Shipped', NULL, 141),
(10395, TIMESTAMP '2005-03-17 00:00:00.0', TIMESTAMP '2005-03-24 00:00:00.0', TIMESTAMP '2005-03-23 00:00:00.0', 'Shipped', 'We must be cautions with this customer. Their VP of Sales resigned. Company may be heading down.', 250),
(10396, TIMESTAMP '2005-03-23 00:00:00.0', TIMESTAMP '2005-04-02 00:00:00.0', TIMESTAMP '2005-03-28 00:00:00.0', 'Shipped', NULL, 124),
(10397, TIMESTAMP '2005-03-28 00:00:00.0', TIMESTAMP '2005-04-09 00:00:00.0', TIMESTAMP '2005-04-01 00:00:00.0', 'Shipped', NULL, 242),
(10398, TIMESTAMP '2005-03-30 00:00:00.0', TIMESTAMP '2005-04-09 00:00:00.0', TIMESTAMP '2005-03-31 00:00:00.0', 'Shipped', NULL, 353),
(10399, TIMESTAMP '2005-04-01 00:00:00.0', TIMESTAMP '2005-04-12 00:00:00.0', TIMESTAMP '2005-04-03 00:00:00.0', 'Shipped', NULL, 496),
(10400, TIMESTAMP '2005-04-01 00:00:00.0', TIMESTAMP '2005-04-11 00:00:00.0', TIMESTAMP '2005-04-04 00:00:00.0', 'Shipped', 'Customer requested that DHL is used for this shipping', 450),
(10401, TIMESTAMP '2005-04-03 00:00:00.0', TIMESTAMP '2005-04-14 00:00:00.0', NULL, 'On Hold', 'Customer credit limit exceeded. Will ship when a payment is received.', 328),
(10402, TIMESTAMP '2005-04-07 00:00:00.0', TIMESTAMP '2005-04-14 00:00:00.0', TIMESTAMP '2005-04-12 00:00:00.0', 'Shipped', NULL, 406),
(10403, TIMESTAMP '2005-04-08 00:00:00.0', TIMESTAMP '2005-04-18 00:00:00.0', TIMESTAMP '2005-04-11 00:00:00.0', 'Shipped', NULL, 201),
(10404, TIMESTAMP '2005-04-08 00:00:00.0', TIMESTAMP '2005-04-14 00:00:00.0', TIMESTAMP '2005-04-11 00:00:00.0', 'Shipped', NULL, 323),
(10405, TIMESTAMP '2005-04-14 00:00:00.0', TIMESTAMP '2005-04-24 00:00:00.0', TIMESTAMP '2005-04-20 00:00:00.0', 'Shipped', NULL, 209),
(10406, TIMESTAMP '2005-04-15 00:00:00.0', TIMESTAMP '2005-04-25 00:00:00.0', TIMESTAMP '2005-04-21 00:00:00.0', 'Disputed', 'Customer claims container with shipment was damaged during shipping and some items were missing. I am talking to FedEx about this.', 145),
(10407, TIMESTAMP '2005-04-22 00:00:00.0', TIMESTAMP '2005-05-04 00:00:00.0', NULL, 'On Hold', 'Customer credit limit exceeded. Will ship when a payment is received.', 450),
(10408, TIMESTAMP '2005-04-22 00:00:00.0', TIMESTAMP '2005-04-29 00:00:00.0', TIMESTAMP '2005-04-27 00:00:00.0', 'Shipped', NULL, 398),
(10409, TIMESTAMP '2005-04-23 00:00:00.0', TIMESTAMP '2005-05-05 00:00:00.0', TIMESTAMP '2005-04-24 00:00:00.0', 'Shipped', NULL, 166),
(10410, TIMESTAMP '2005-04-29 00:00:00.0', TIMESTAMP '2005-05-10 00:00:00.0', TIMESTAMP '2005-04-30 00:00:00.0', 'Shipped', NULL, 357),
(10411, TIMESTAMP '2005-05-01 00:00:00.0', TIMESTAMP '2005-05-08 00:00:00.0', TIMESTAMP '2005-05-06 00:00:00.0', 'Shipped', NULL, 233),
(10412, TIMESTAMP '2005-05-03 00:00:00.0', TIMESTAMP '2005-05-13 00:00:00.0', TIMESTAMP '2005-05-05 00:00:00.0', 'Shipped', NULL, 141),
(10413, TIMESTAMP '2005-05-05 00:00:00.0', TIMESTAMP '2005-05-14 00:00:00.0', TIMESTAMP '2005-05-09 00:00:00.0', 'Shipped', 'Customer requested that DHL is used for this shipping', 175);
INSERT INTO PUBLIC.ORDERS(ORDERNUMBER, ORDERDATE, REQUIREDDATE, SHIPPEDDATE, STATUS, COMMENTS, CUSTOMERNUMBER) VALUES
(10414, TIMESTAMP '2005-05-06 00:00:00.0', TIMESTAMP '2005-05-13 00:00:00.0', NULL, 'On Hold', 'Customer credit limit exceeded. Will ship when a payment is received.', 362),
(10415, TIMESTAMP '2005-05-09 00:00:00.0', TIMESTAMP '2005-05-20 00:00:00.0', TIMESTAMP '2005-05-12 00:00:00.0', 'Disputed', 'Customer claims the scales of the models don''t match what was discussed. I keep all the paperwork though to prove otherwise', 471),
(10416, TIMESTAMP '2005-05-10 00:00:00.0', TIMESTAMP '2005-05-16 00:00:00.0', TIMESTAMP '2005-05-14 00:00:00.0', 'Shipped', NULL, 386),
(10417, TIMESTAMP '2005-05-13 00:00:00.0', TIMESTAMP '2005-05-19 00:00:00.0', TIMESTAMP '2005-05-19 00:00:00.0', 'Disputed', 'Customer doesn''t like the colors and precision of the models.', 141),
(10418, TIMESTAMP '2005-05-16 00:00:00.0', TIMESTAMP '2005-05-24 00:00:00.0', TIMESTAMP '2005-05-20 00:00:00.0', 'Shipped', NULL, 412),
(10419, TIMESTAMP '2005-05-17 00:00:00.0', TIMESTAMP '2005-05-28 00:00:00.0', TIMESTAMP '2005-05-19 00:00:00.0', 'Shipped', NULL, 382),
(10420, TIMESTAMP '2005-05-29 00:00:00.0', TIMESTAMP '2005-06-07 00:00:00.0', NULL, 'In Process', NULL, 282),
(10421, TIMESTAMP '2005-05-29 00:00:00.0', TIMESTAMP '2005-06-06 00:00:00.0', NULL, 'In Process', 'Custom shipping instructions were sent to warehouse', 124),
(10422, TIMESTAMP '2005-05-30 00:00:00.0', TIMESTAMP '2005-06-11 00:00:00.0', NULL, 'In Process', NULL, 157),
(10423, TIMESTAMP '2005-05-30 00:00:00.0', TIMESTAMP '2005-06-05 00:00:00.0', NULL, 'In Process', NULL, 314),
(10424, TIMESTAMP '2005-05-31 00:00:00.0', TIMESTAMP '2005-06-08 00:00:00.0', NULL, 'In Process', NULL, 141),
(10425, TIMESTAMP '2005-05-31 00:00:00.0', TIMESTAMP '2005-06-07 00:00:00.0', NULL, 'In Process', NULL, 119);
CREATE MEMORY TABLE PUBLIC.PAYMENTS(
    CUSTOMERNUMBER INTEGER NOT NULL,
    CHECKNUMBER VARCHAR(50) NOT NULL,
    PAYMENTDATE TIMESTAMP NOT NULL,
    AMOUNT NUMERIC(17) NOT NULL
);
ALTER TABLE PUBLIC.PAYMENTS ADD CONSTRAINT PUBLIC.CONSTRAINT_81 PRIMARY KEY(CUSTOMERNUMBER, CHECKNUMBER);
-- 272 +/- SELECT COUNT(*) FROM PUBLIC.PAYMENTS;
INSERT INTO PUBLIC.PAYMENTS(CUSTOMERNUMBER, CHECKNUMBER, PAYMENTDATE, AMOUNT) VALUES
(103, 'HQ336336', TIMESTAMP '2004-10-19 00:00:00.0', 5308),
(103, 'JM555205', TIMESTAMP '2003-06-05 00:00:00.0', 16560),
(103, 'OM314933', TIMESTAMP '2004-12-18 00:00:00.0', 2312),
(112, 'BO864823', TIMESTAMP '2004-12-17 00:00:00.0', 14450),
(112, 'HQ55022', TIMESTAMP '2003-06-06 00:00:00.0', 33848),
(112, 'ND748579', TIMESTAMP '2004-08-20 00:00:00.0', 34454),
(114, 'GG31455', TIMESTAMP '2003-05-20 00:00:00.0', 50398),
(114, 'MA765515', TIMESTAMP '2004-12-15 00:00:00.0', 85591),
(114, 'NP603840', TIMESTAMP '2003-05-31 00:00:00.0', 9738),
(114, 'NR27552', TIMESTAMP '2004-03-10 00:00:00.0', 49638),
(119, 'DB933704', TIMESTAMP '2004-11-14 00:00:00.0', 20720),
(119, 'LN373447', TIMESTAMP '2004-08-08 00:00:00.0', 56003),
(119, 'NG94694', TIMESTAMP '2005-02-22 00:00:00.0', 59617),
(121, 'DB889831', TIMESTAMP '2003-02-16 00:00:00.0', 54702),
(121, 'FD317790', TIMESTAMP '2003-10-28 00:00:00.0', 1475),
(121, 'KI831359', TIMESTAMP '2004-11-04 00:00:00.0', 19770),
(121, 'MA302151', TIMESTAMP '2004-11-28 00:00:00.0', 40653),
(124, 'AE215433', TIMESTAMP '2005-02-18 00:00:00.0', 51826),
(124, 'AQ50522', TIMESTAMP '2005-06-03 00:00:00.0', 32195),
(124, 'BG255406', TIMESTAMP '2004-08-28 00:00:00.0', 93929),
(124, 'CQ287967', TIMESTAMP '2003-04-11 00:00:00.0', 12399),
(124, 'ET64396', TIMESTAMP '2005-04-16 00:00:00.0', 121973),
(124, 'HI366474', TIMESTAMP '2004-12-27 00:00:00.0', 50548),
(124, 'HR86578', TIMESTAMP '2004-11-02 00:00:00.0', 63075),
(124, 'KI131716', TIMESTAMP '2003-08-15 00:00:00.0', 122369),
(124, 'LF217299', TIMESTAMP '2004-03-26 00:00:00.0', 48923),
(124, 'NT141748', TIMESTAMP '2003-11-25 00:00:00.0', 50361),
(128, 'DI925118', TIMESTAMP '2003-01-28 00:00:00.0', 11432),
(128, 'FA465482', TIMESTAMP '2003-10-18 00:00:00.0', 27258),
(128, 'FH668230', TIMESTAMP '2004-03-24 00:00:00.0', 37266),
(128, 'IP383901', TIMESTAMP '2004-11-18 00:00:00.0', 9215),
(129, 'DM826140', TIMESTAMP '2004-12-08 00:00:00.0', 30349),
(129, 'ID449593', TIMESTAMP '2003-12-11 00:00:00.0', 25432),
(129, 'PI42991', TIMESTAMP '2003-04-09 00:00:00.0', 18696),
(131, 'CL442705', TIMESTAMP '2003-03-12 00:00:00.0', 25784),
(131, 'KG113538', TIMESTAMP '2004-05-22 00:00:00.0', 45358),
(131, 'MA724562', TIMESTAMP '2004-12-02 00:00:00.0', 53152),
(131, 'NB445135', TIMESTAMP '2004-09-11 00:00:00.0', 39776),
(141, 'AU364101', TIMESTAMP '2003-07-19 00:00:00.0', 39616),
(141, 'DB583216', TIMESTAMP '2004-11-01 00:00:00.0', 34872),
(141, 'DL460618', TIMESTAMP '2005-05-19 00:00:00.0', 22354),
(141, 'HJ32686', TIMESTAMP '2004-01-30 00:00:00.0', 65165),
(141, 'ID10962', TIMESTAMP '2004-12-31 00:00:00.0', 133589),
(141, 'IN446258', TIMESTAMP '2005-03-25 00:00:00.0', 95065),
(141, 'JE105477', TIMESTAMP '2005-03-18 00:00:00.0', 90136),
(141, 'JN355280', TIMESTAMP '2003-10-26 00:00:00.0', 53502),
(141, 'JN722010', TIMESTAMP '2003-02-25 00:00:00.0', 44622),
(141, 'KT52578', TIMESTAMP '2003-12-09 00:00:00.0', 72488),
(141, 'MC46946', TIMESTAMP '2004-07-09 00:00:00.0', 91328),
(141, 'MF629602', TIMESTAMP '2004-08-16 00:00:00.0', 21986),
(141, 'NU627706', TIMESTAMP '2004-05-17 00:00:00.0', 28328),
(144, 'IR846303', TIMESTAMP '2004-12-12 00:00:00.0', 66006),
(144, 'LA685678', TIMESTAMP '2003-04-09 00:00:00.0', 9749),
(145, 'CN328545', TIMESTAMP '2004-07-03 00:00:00.0', 4749),
(145, 'ED39322', TIMESTAMP '2004-04-26 00:00:00.0', 31330),
(145, 'HR182688', TIMESTAMP '2004-12-01 00:00:00.0', 24079),
(145, 'JJ246391', TIMESTAMP '2003-02-20 00:00:00.0', 58871),
(146, 'FP549817', TIMESTAMP '2004-03-18 00:00:00.0', 46802),
(146, 'FU793410', TIMESTAMP '2004-01-16 00:00:00.0', 54537),
(146, 'LJ160635', TIMESTAMP '2003-12-10 00:00:00.0', 41535),
(148, 'BI507030', TIMESTAMP '2003-04-22 00:00:00.0', 43657),
(148, 'DD635282', TIMESTAMP '2004-08-11 00:00:00.0', 3128),
(148, 'KM172879', TIMESTAMP '2003-12-26 00:00:00.0', 122029),
(148, 'ME497970', TIMESTAMP '2005-03-27 00:00:00.0', 4176),
(151, 'BF686658', TIMESTAMP '2003-12-22 00:00:00.0', 64316),
(151, 'GB852215', TIMESTAMP '2004-07-26 00:00:00.0', 23252),
(151, 'IP568906', TIMESTAMP '2003-06-18 00:00:00.0', 68462);
INSERT INTO PUBLIC.PAYMENTS(CUSTOMERNUMBER, CHECKNUMBER, PAYMENTDATE, AMOUNT) VALUES
(151, 'KI884577', TIMESTAMP '2004-12-14 00:00:00.0', 41707),
(157, 'HI618861', TIMESTAMP '2004-11-19 00:00:00.0', 44041),
(157, 'NN711988', TIMESTAMP '2004-09-07 00:00:00.0', 71931),
(161, 'BR352384', TIMESTAMP '2004-11-14 00:00:00.0', 2916),
(161, 'BR478494', TIMESTAMP '2003-11-18 00:00:00.0', 62305),
(161, 'KG644125', TIMESTAMP '2005-02-02 00:00:00.0', 13530),
(161, 'NI908214', TIMESTAMP '2003-08-05 00:00:00.0', 42032),
(166, 'BQ327613', TIMESTAMP '2004-09-16 00:00:00.0', 42903),
(166, 'DC979307', TIMESTAMP '2004-07-07 00:00:00.0', 45789),
(166, 'LA318629', TIMESTAMP '2004-02-28 00:00:00.0', 24220),
(167, 'ED743615', TIMESTAMP '2004-09-19 00:00:00.0', 16363),
(167, 'GN228846', TIMESTAMP '2003-12-03 00:00:00.0', 95277),
(171, 'GB878038', TIMESTAMP '2004-03-15 00:00:00.0', 20178),
(171, 'IL104425', TIMESTAMP '2003-11-22 00:00:00.0', 48874),
(172, 'AD832091', TIMESTAMP '2004-09-09 00:00:00.0', 2174),
(172, 'CE51751', TIMESTAMP '2004-12-04 00:00:00.0', 56813),
(172, 'EH208589', TIMESTAMP '2003-04-20 00:00:00.0', 38217),
(173, 'GP545698', TIMESTAMP '2004-05-13 00:00:00.0', 14381),
(173, 'IG462397', TIMESTAMP '2004-03-29 00:00:00.0', 21783),
(175, 'IO448913', TIMESTAMP '2003-11-19 00:00:00.0', 26116),
(175, 'PI15215', TIMESTAMP '2004-07-10 00:00:00.0', 44131),
(177, 'AU750837', TIMESTAMP '2004-04-17 00:00:00.0', 17114),
(177, 'CI381435', TIMESTAMP '2004-01-19 00:00:00.0', 50491),
(181, 'CM564612', TIMESTAMP '2004-04-25 00:00:00.0', 24804),
(181, 'GQ132144', TIMESTAMP '2003-01-30 00:00:00.0', 6864),
(181, 'OH367219', TIMESTAMP '2004-11-16 00:00:00.0', 56373),
(186, 'AE192287', TIMESTAMP '2005-03-10 00:00:00.0', 26423),
(186, 'AK412714', TIMESTAMP '2003-10-27 00:00:00.0', 42084),
(186, 'KA602407', TIMESTAMP '2004-10-21 00:00:00.0', 42744),
(187, 'AM968797', TIMESTAMP '2004-11-03 00:00:00.0', 57828),
(187, 'BQ39062', TIMESTAMP '2004-12-08 00:00:00.0', 48962),
(187, 'KL124726', TIMESTAMP '2003-03-27 00:00:00.0', 51018),
(189, 'BO711618', TIMESTAMP '2004-10-03 00:00:00.0', 18972),
(189, 'NM916675', TIMESTAMP '2004-03-01 00:00:00.0', 38784),
(198, 'FI192930', TIMESTAMP '2004-12-06 00:00:00.0', 11529),
(198, 'HQ920205', TIMESTAMP '2003-07-06 00:00:00.0', 7277),
(198, 'IS946883', TIMESTAMP '2004-09-21 00:00:00.0', 7673),
(201, 'DP677013', TIMESTAMP '2003-10-20 00:00:00.0', 26797),
(201, 'OO846801', TIMESTAMP '2004-06-15 00:00:00.0', 50408),
(202, 'HI358554', TIMESTAMP '2003-12-18 00:00:00.0', 38662),
(202, 'IQ627690', TIMESTAMP '2004-11-08 00:00:00.0', 36577),
(204, 'GC697638', TIMESTAMP '2004-08-13 00:00:00.0', 52505),
(204, 'IS150005', TIMESTAMP '2004-09-24 00:00:00.0', 4693),
(205, 'GL756480', TIMESTAMP '2003-12-04 00:00:00.0', 4512),
(205, 'LL562733', TIMESTAMP '2003-09-05 00:00:00.0', 55776),
(205, 'NM739638', TIMESTAMP '2005-02-06 00:00:00.0', 44273),
(209, 'ED520529', TIMESTAMP '2004-06-21 00:00:00.0', 5417),
(209, 'PH785937', TIMESTAMP '2004-05-04 00:00:00.0', 39341),
(211, 'BJ535230', TIMESTAMP '2003-12-09 00:00:00.0', 48784),
(216, 'BG407567', TIMESTAMP '2003-05-09 00:00:00.0', 4219),
(216, 'ML780814', TIMESTAMP '2004-12-06 00:00:00.0', 21250),
(216, 'MM342086', TIMESTAMP '2003-12-14 00:00:00.0', 44009),
(219, 'BN17870', TIMESTAMP '2005-03-02 00:00:00.0', 3987),
(219, 'BR941480', TIMESTAMP '2003-10-18 00:00:00.0', 5142),
(227, 'MQ413968', TIMESTAMP '2003-10-31 00:00:00.0', 40322),
(227, 'NU21326', TIMESTAMP '2004-11-02 00:00:00.0', 60274),
(233, 'II180006', TIMESTAMP '2004-07-01 00:00:00.0', 24565),
(233, 'JG981190', TIMESTAMP '2003-11-18 00:00:00.0', 15947),
(239, 'NQ865547', TIMESTAMP '2004-03-15 00:00:00.0', 87489),
(240, 'IF245157', TIMESTAMP '2004-11-16 00:00:00.0', 51334),
(240, 'JO719695', TIMESTAMP '2004-03-28 00:00:00.0', 26907),
(242, 'AF40894', TIMESTAMP '2003-11-22 00:00:00.0', 38098),
(242, 'HR224331', TIMESTAMP '2005-06-03 00:00:00.0', 15139),
(242, 'KI744716', TIMESTAMP '2003-07-21 00:00:00.0', 17251),
(249, 'IJ399820', TIMESTAMP '2004-09-19 00:00:00.0', 38039),
(249, 'NE404084', TIMESTAMP '2004-09-04 00:00:00.0', 56078),
(250, 'EQ12267', TIMESTAMP '2005-05-17 00:00:00.0', 20322);
INSERT INTO PUBLIC.PAYMENTS(CUSTOMERNUMBER, CHECKNUMBER, PAYMENTDATE, AMOUNT) VALUES
(250, 'HD284647', TIMESTAMP '2004-12-30 00:00:00.0', 32624),
(250, 'HN114306', TIMESTAMP '2003-07-18 00:00:00.0', 25625),
(256, 'EP227123', TIMESTAMP '2004-02-10 00:00:00.0', 5759),
(256, 'HE84936', TIMESTAMP '2004-10-22 00:00:00.0', 59075),
(259, 'EU280955', TIMESTAMP '2004-11-06 00:00:00.0', 68943),
(259, 'GB361972', TIMESTAMP '2003-12-07 00:00:00.0', 31363),
(260, 'IO164641', TIMESTAMP '2004-08-30 00:00:00.0', 43332),
(260, 'NH776924', TIMESTAMP '2004-04-24 00:00:00.0', 31303),
(276, 'EM979878', TIMESTAMP '2005-02-09 00:00:00.0', 29852),
(276, 'KM841847', TIMESTAMP '2003-11-13 00:00:00.0', 41792),
(276, 'LE432182', TIMESTAMP '2003-09-28 00:00:00.0', 47192),
(276, 'OJ819725', TIMESTAMP '2005-04-30 00:00:00.0', 35160),
(278, 'BJ483870', TIMESTAMP '2004-12-05 00:00:00.0', 41697),
(278, 'GP636783', TIMESTAMP '2003-03-02 00:00:00.0', 56181),
(278, 'NI983021', TIMESTAMP '2003-11-24 00:00:00.0', 40078),
(282, 'IA793562', TIMESTAMP '2003-08-03 00:00:00.0', 28397),
(282, 'JT819493', TIMESTAMP '2004-08-02 00:00:00.0', 41297),
(282, 'OD327378', TIMESTAMP '2005-01-03 00:00:00.0', 37905),
(286, 'DR578578', TIMESTAMP '2004-10-28 00:00:00.0', 54252),
(286, 'KH910279', TIMESTAMP '2004-09-05 00:00:00.0', 48829),
(298, 'AJ574927', TIMESTAMP '2004-03-13 00:00:00.0', 50433),
(298, 'LF501133', TIMESTAMP '2004-09-18 00:00:00.0', 67281),
(299, 'AD304085', TIMESTAMP '2003-10-24 00:00:00.0', 45079),
(299, 'NR157385', TIMESTAMP '2004-09-05 00:00:00.0', 34145),
(311, 'DG336041', TIMESTAMP '2005-02-15 00:00:00.0', 49055),
(311, 'FA728475', TIMESTAMP '2003-10-06 00:00:00.0', 37502),
(311, 'NQ966143', TIMESTAMP '2004-04-25 00:00:00.0', 17813),
(314, 'LQ244073', TIMESTAMP '2004-08-09 00:00:00.0', 47760),
(314, 'MD809704', TIMESTAMP '2004-03-03 00:00:00.0', 18800),
(319, 'HL685576', TIMESTAMP '2004-11-06 00:00:00.0', 46873),
(319, 'OM548174', TIMESTAMP '2003-12-07 00:00:00.0', 38683),
(320, 'GJ597719', TIMESTAMP '2005-01-18 00:00:00.0', 11021),
(320, 'HO576374', TIMESTAMP '2003-08-20 00:00:00.0', 45738),
(320, 'MU817160', TIMESTAMP '2003-11-24 00:00:00.0', 52191),
(321, 'DJ15149', TIMESTAMP '2003-11-03 00:00:00.0', 95679),
(321, 'LA556321', TIMESTAMP '2005-03-15 00:00:00.0', 54204),
(323, 'AL493079', TIMESTAMP '2005-05-23 00:00:00.0', 39268),
(323, 'ES347491', TIMESTAMP '2004-06-24 00:00:00.0', 40035),
(323, 'HG738664', TIMESTAMP '2003-07-05 00:00:00.0', 2477),
(323, 'PQ803830', TIMESTAMP '2004-12-24 00:00:00.0', 43931),
(324, 'DQ409197', TIMESTAMP '2004-12-13 00:00:00.0', 13740),
(324, 'FP443161', TIMESTAMP '2003-07-07 00:00:00.0', 32376),
(324, 'HB150714', TIMESTAMP '2003-11-23 00:00:00.0', 42688),
(328, 'EN930356', TIMESTAMP '2004-04-16 00:00:00.0', 8722),
(328, 'NR631421', TIMESTAMP '2004-05-30 00:00:00.0', 27987),
(333, 'HL209210', TIMESTAMP '2003-11-15 00:00:00.0', 27099),
(333, 'JK479662', TIMESTAMP '2003-10-17 00:00:00.0', 10640),
(333, 'NF959653', TIMESTAMP '2005-03-01 00:00:00.0', 21730),
(334, 'CS435306', TIMESTAMP '2005-01-27 00:00:00.0', 51373),
(334, 'HH517378', TIMESTAMP '2003-08-16 00:00:00.0', 31569),
(334, 'LF737277', TIMESTAMP '2004-05-22 00:00:00.0', 31018),
(339, 'AP286625', TIMESTAMP '2004-10-24 00:00:00.0', 27445),
(339, 'DA98827', TIMESTAMP '2003-11-28 00:00:00.0', 40062),
(344, 'AF246722', TIMESTAMP '2003-11-24 00:00:00.0', 34311),
(344, 'NJ906924', TIMESTAMP '2004-04-02 00:00:00.0', 15331),
(347, 'DG700707', TIMESTAMP '2004-01-18 00:00:00.0', 23889),
(347, 'LG808674', TIMESTAMP '2003-10-24 00:00:00.0', 24159),
(350, 'BQ602907', TIMESTAMP '2004-12-11 00:00:00.0', 20137),
(350, 'CI471510', TIMESTAMP '2003-05-25 00:00:00.0', 52482),
(350, 'OB648482', TIMESTAMP '2005-01-29 00:00:00.0', 2317),
(353, 'CO351193', TIMESTAMP '2005-01-10 00:00:00.0', 48896),
(353, 'ED878227', TIMESTAMP '2003-07-21 00:00:00.0', 15146),
(353, 'GT878649', TIMESTAMP '2003-05-21 00:00:00.0', 18972),
(353, 'HJ618252', TIMESTAMP '2005-06-09 00:00:00.0', 52029),
(357, 'AG240323', TIMESTAMP '2003-12-16 00:00:00.0', 23295),
(357, 'NB291497', TIMESTAMP '2004-07-01 00:00:00.0', 41419);
INSERT INTO PUBLIC.PAYMENTS(CUSTOMERNUMBER, CHECKNUMBER, PAYMENTDATE, AMOUNT) VALUES
(362, 'FP170292', TIMESTAMP '2004-07-11 00:00:00.0', 19548),
(362, 'OG208861', TIMESTAMP '2004-09-21 00:00:00.0', 15345),
(363, 'HL575273', TIMESTAMP '2004-11-17 00:00:00.0', 55571),
(363, 'IS232033', TIMESTAMP '2003-01-16 00:00:00.0', 12133),
(363, 'PN238558', TIMESTAMP '2003-12-05 00:00:00.0', 63981),
(379, 'CA762595', TIMESTAMP '2005-02-12 00:00:00.0', 31475),
(379, 'FR499138', TIMESTAMP '2003-09-16 00:00:00.0', 34992),
(379, 'GB890854', TIMESTAMP '2004-08-02 00:00:00.0', 15111),
(381, 'BC726082', TIMESTAMP '2004-12-03 00:00:00.0', 13463),
(381, 'CC475233', TIMESTAMP '2003-04-19 00:00:00.0', 1711),
(381, 'GB117430', TIMESTAMP '2005-02-03 00:00:00.0', 16628),
(381, 'MS154481', TIMESTAMP '2003-08-22 00:00:00.0', 1637),
(382, 'CC871084', TIMESTAMP '2003-05-12 00:00:00.0', 38629),
(382, 'CT821147', TIMESTAMP '2004-08-01 00:00:00.0', 6693),
(382, 'PH29054', TIMESTAMP '2004-11-27 00:00:00.0', 37353),
(385, 'BN347084', TIMESTAMP '2003-12-02 00:00:00.0', 22842),
(385, 'CP804873', TIMESTAMP '2004-11-19 00:00:00.0', 15929),
(385, 'EK785462', TIMESTAMP '2003-03-09 00:00:00.0', 55245),
(386, 'DO106109', TIMESTAMP '2003-11-18 00:00:00.0', 44670),
(386, 'HG438769', TIMESTAMP '2004-07-18 00:00:00.0', 56422),
(398, 'AJ478695', TIMESTAMP '2005-02-14 00:00:00.0', 38191),
(398, 'DO787644', TIMESTAMP '2004-06-21 00:00:00.0', 25929),
(398, 'KB54275', TIMESTAMP '2004-11-29 00:00:00.0', 44802),
(406, 'HJ217687', TIMESTAMP '2004-01-28 00:00:00.0', 51173),
(406, 'NA197101', TIMESTAMP '2004-06-17 00:00:00.0', 27931),
(412, 'GH197075', TIMESTAMP '2004-07-25 00:00:00.0', 35912),
(412, 'PJ434867', TIMESTAMP '2004-04-14 00:00:00.0', 36409),
(415, 'ER54537', TIMESTAMP '2004-09-28 00:00:00.0', 34994),
(424, 'KF480160', TIMESTAMP '2004-12-07 00:00:00.0', 27733),
(424, 'LM271923', TIMESTAMP '2003-04-16 00:00:00.0', 24777),
(424, 'OA595449', TIMESTAMP '2003-10-31 00:00:00.0', 25285),
(447, 'AO757239', TIMESTAMP '2003-09-15 00:00:00.0', 7600),
(447, 'ER615123', TIMESTAMP '2003-06-25 00:00:00.0', 20351),
(447, 'OU516561', TIMESTAMP '2004-12-17 00:00:00.0', 29343),
(448, 'EQ620556', TIMESTAMP '2003-11-06 00:00:00.0', 48711),
(448, 'FS299615', TIMESTAMP '2005-04-18 00:00:00.0', 31607),
(448, 'KR822727', TIMESTAMP '2004-09-30 00:00:00.0', 53942),
(450, 'EF485824', TIMESTAMP '2004-06-21 00:00:00.0', 64600),
(452, 'ED473873', TIMESTAMP '2003-11-15 00:00:00.0', 28551),
(452, 'FN640986', TIMESTAMP '2003-11-20 00:00:00.0', 14938),
(452, 'HG635467', TIMESTAMP '2005-05-03 00:00:00.0', 8775),
(455, 'HA777606', TIMESTAMP '2003-12-05 00:00:00.0', 42499),
(455, 'IR662429', TIMESTAMP '2004-05-12 00:00:00.0', 36973),
(456, 'GJ715659', TIMESTAMP '2004-11-13 00:00:00.0', 31446),
(456, 'MO743231', TIMESTAMP '2004-04-30 00:00:00.0', 1699),
(458, 'DD995006', TIMESTAMP '2004-11-15 00:00:00.0', 34547),
(458, 'NA377824', TIMESTAMP '2004-02-06 00:00:00.0', 24995),
(458, 'OO606861', TIMESTAMP '2003-06-13 00:00:00.0', 61073),
(462, 'ED203908', TIMESTAMP '2005-04-15 00:00:00.0', 37558),
(462, 'GC60330', TIMESTAMP '2003-11-08 00:00:00.0', 11862),
(462, 'PE176846', TIMESTAMP '2004-11-27 00:00:00.0', 49504),
(471, 'AB661578', TIMESTAMP '2004-07-28 00:00:00.0', 12335),
(471, 'CO645196', TIMESTAMP '2003-12-10 00:00:00.0', 37879),
(473, 'LL427009', TIMESTAMP '2004-02-17 00:00:00.0', 7279),
(473, 'PC688499', TIMESTAMP '2003-10-27 00:00:00.0', 21673),
(475, 'JP113227', TIMESTAMP '2003-12-09 00:00:00.0', 8235),
(475, 'PB951268', TIMESTAMP '2004-02-13 00:00:00.0', 37850),
(484, 'GK294076', TIMESTAMP '2004-10-26 00:00:00.0', 3221),
(484, 'JH546765', TIMESTAMP '2003-11-29 00:00:00.0', 51503),
(486, 'BL66528', TIMESTAMP '2004-04-14 00:00:00.0', 7287),
(486, 'HS86661', TIMESTAMP '2004-11-23 00:00:00.0', 48996),
(486, 'JB117768', TIMESTAMP '2003-03-20 00:00:00.0', 27399),
(487, 'AH612904', TIMESTAMP '2003-09-28 00:00:00.0', 34100),
(487, 'PT550181', TIMESTAMP '2004-02-29 00:00:00.0', 16118),
(489, 'OC773849', TIMESTAMP '2003-12-04 00:00:00.0', 27542),
(489, 'PO860906', TIMESTAMP '2004-01-31 00:00:00.0', 8477),
(495, 'BH167026', TIMESTAMP '2003-12-26 00:00:00.0', 63731);
INSERT INTO PUBLIC.PAYMENTS(CUSTOMERNUMBER, CHECKNUMBER, PAYMENTDATE, AMOUNT) VALUES
(495, 'FN155234', TIMESTAMP '2004-05-14 00:00:00.0', 7129),
(496, 'EU531600', TIMESTAMP '2005-06-25 00:00:00.0', 34332),
(496, 'MB342426', TIMESTAMP '2003-07-16 00:00:00.0', 37754),
(496, 'MN89921', TIMESTAMP '2004-12-31 00:00:00.0', 58593),
(496, 'PL783960', TIMESTAMP '2003-11-29 00:00:00.0', 26421);
CREATE MEMORY TABLE PUBLIC.PRODUCTS(
    PRODUCTCODE VARCHAR(50) NOT NULL,
    PRODUCTNAME VARCHAR(70) NOT NULL,
    PRODUCTLINE VARCHAR(50) NOT NULL,
    PRODUCTSCALE VARCHAR(10) NOT NULL,
    PRODUCTVENDOR VARCHAR(50) NOT NULL,
    PRODUCTDESCRIPTION LONGVARCHAR NOT NULL,
    QUANTITYINSTOCK SMALLINT NOT NULL,
    BUYPRICE NUMERIC(17) NOT NULL,
    MSRP NUMERIC(17) NOT NULL
);
ALTER TABLE PUBLIC.PRODUCTS ADD CONSTRAINT PUBLIC.CONSTRAINT_F PRIMARY KEY(PRODUCTCODE);
-- 110 +/- SELECT COUNT(*) FROM PUBLIC.PRODUCTS;
INSERT INTO PUBLIC.PRODUCTS(PRODUCTCODE, PRODUCTNAME, PRODUCTLINE, PRODUCTSCALE, PRODUCTVENDOR, PRODUCTDESCRIPTION, QUANTITYINSTOCK, BUYPRICE, MSRP) VALUES
('S10_1678', '1969 Harley Davidson Ultimate Chopper', 'Motorcycles', '1:10', 'Min Lin Diecast', 'This replica features working kickstand, front suspension, gear-shift lever, footbrake lever, drive chain, wheels and steering. All parts are particularly delicate due to their precise scale and require special care and attention.', 7933, 49, 96),
('S10_1949', '1952 Alpine Renault 1300', 'Classic Cars', '1:10', 'Classic Metal Creations', 'Turnable front wheels; steering function; detailed interior; detailed engine; opening hood; opening trunk; opening doors; and detailed chassis.', 7305, 99, 214),
('S10_2016', '1996 Moto Guzzi 1100i', 'Motorcycles', '1:10', 'Highway 66 Mini Classics', 'Official Moto Guzzi logos and insignias, saddle bags located on side of motorcycle, detailed engine, working steering, working suspension, two leather seats, luggage rack, dual exhaust pipes, small saddle bag located on handle bars, two-tone paint with chrome accents, superior die-cast detail , rotating wheels , working kick stand, diecast metal with plastic parts and baked enamel finish.', 6625, 69, 119),
('S10_4698', '2003 Harley-Davidson Eagle Drag Bike', 'Motorcycles', '1:10', 'Red Start Diecast', 'Model features, official Harley Davidson logos and insignias, detachable rear wheelie bar, heavy diecast metal with resin parts, authentic multi-color tampo-printed graphics, separate engine drive belts, free-turning front fork, rotating tires and rear racing slick, certificate of authenticity, detailed engine, display stand\u000d\u000a, precision diecast replica, baked enamel finish, 1:10 scale model, removable fender, seat and tank cover piece for displaying the superior detail of the v-twin engine', 5582, 91, 194),
('S10_4757', '1972 Alfa Romeo GTA', 'Classic Cars', '1:10', 'Motor City Art Classics', 'Features include: Turnable front wheels; steering function; detailed interior; detailed engine; opening hood; opening trunk; opening doors; and detailed chassis.', 3252, 86, 136),
('S10_4962', '1962 LanciaA Delta 16V', 'Classic Cars', '1:10', 'Second Gear Diecast', 'Features include: Turnable front wheels; steering function; detailed interior; detailed engine; opening hood; opening trunk; opening doors; and detailed chassis.', 6791, 103, 148),
('S12_1099', '1968 Ford Mustang', 'Classic Cars', '1:12', 'Autoart Studio Design', 'Hood, doors and trunk all open to reveal highly detailed interior features. Steering wheel actually turns the front wheels. Color dark green.', 68, 95, 195),
('S12_1108', '2001 Ferrari Enzo', 'Classic Cars', '1:12', 'Second Gear Diecast', 'Turnable front wheels; steering function; detailed interior; detailed engine; opening hood; opening trunk; opening doors; and detailed chassis.', 3619, 96, 208),
('S12_1666', '1958 Setra Bus', 'Trucks and Buses', '1:12', 'Welly Diecast Productions', 'Model features 30 windows, skylights & glare resistant glass, working steering system, original logos', 1579, 78, 137),
('S12_2823', '2002 Suzuki XREO', 'Motorcycles', '1:12', 'Unimax Art Galleries', 'Official logos and insignias, saddle bags located on side of motorcycle, detailed engine, working steering, working suspension, two leather seats, luggage rack, dual exhaust pipes, small saddle bag located on handle bars, two-tone paint with chrome accents, superior die-cast detail , rotating wheels , working kick stand, diecast metal with plastic parts and baked enamel finish.', 9997, 66, 151),
('S12_3148', '1969 Corvair Monza', 'Classic Cars', '1:18', 'Welly Diecast Productions', '1:18 scale die-cast about 10 long doors open, hood opens, trunk opens and wheels roll', 6906, 89, 151),
('S12_3380', '1968 Dodge Charger', 'Classic Cars', '1:12', 'Welly Diecast Productions', '1:12 scale model of a 1968 Dodge Charger. Hood, doors and trunk all open to reveal highly detailed interior features. Steering wheel actually turns the front wheels. Color black', 9123, 75, 117),
('S12_3891', '1969 Ford Falcon', 'Classic Cars', '1:12', 'Second Gear Diecast', 'Turnable front wheels; steering function; detailed interior; detailed engine; opening hood; opening trunk; opening doors; and detailed chassis.', 1049, 83, 173);
INSERT INTO PUBLIC.PRODUCTS(PRODUCTCODE, PRODUCTNAME, PRODUCTLINE, PRODUCTSCALE, PRODUCTVENDOR, PRODUCTDESCRIPTION, QUANTITYINSTOCK, BUYPRICE, MSRP) VALUES
('S12_3990', '1970 Plymouth Hemi Cuda', 'Classic Cars', '1:12', 'Studio M Art Models', 'Very detailed 1970 Plymouth Cuda model in 1:12 scale. The Cuda is generally accepted as one of the fastest original muscle cars from the 1970s. This model is a reproduction of one of the orginal 652 cars built in 1970. Red color.', 5663, 32, 80),
('S12_4473', '1957 Chevy Pickup', 'Trucks and Buses', '1:12', 'Exoto Designs', '1:12 scale die-cast about 20 long Hood opens, Rubber wheels', 6125, 56, 119),
('S12_4675', '1969 Dodge Charger', 'Classic Cars', '1:12', 'Welly Diecast Productions', 'Detailed model of the 1969 Dodge Charger. This model includes finely detailed interior and exterior features. Painted in red and white.', 7323, 59, 115),
('S18_1097', '1940 Ford Pickup Truck', 'Trucks and Buses', '1:18', 'Studio M Art Models', 'This model features soft rubber tires, working steering, rubber mud guards, authentic Ford logos, detailed undercarriage, opening doors and hood,  removable split rear gate, full size spare mounted in bed, detailed interior with opening glove box', 2613, 58, 117),
('S18_1129', '1993 Mazda RX-7', 'Classic Cars', '1:18', 'Highway 66 Mini Classics', 'This model features, opening hood, opening doors, detailed engine, rear spoiler, opening trunk, working steering, tinted windows, baked enamel finish. Color red.', 3975, 84, 142),
('S18_1342', '1937 Lincoln Berline', 'Vintage Cars', '1:18', 'Motor City Art Classics', 'Features opening engine cover, doors, trunk, and fuel filler cap. Color black', 8693, 61, 103),
('S18_1367', '1936 Mercedes-Benz 500K Special Roadster', 'Vintage Cars', '1:18', 'Studio M Art Models', 'This 1:18 scale replica is constructed of heavy die-cast metal and has all the features of the original: working doors and rumble seat, independent spring suspension, detailed interior, working steering system, and a bifold hood that reveals an engine so accurate that it even includes the wiring. All this is topped off with a baked enamel finish. Color white.', 8635, 24, 54),
('S18_1589', '1965 Aston Martin DB5', 'Classic Cars', '1:18', 'Classic Metal Creations', 'Die-cast model of the silver 1965 Aston Martin DB5 in silver. This model includes full wire wheels and doors that open with fully detailed passenger compartment. In 1:18 scale, this model measures approximately 10 inches/20 cm long.', 9042, 66, 124),
('S18_1662', '1980s Black Hawk Helicopter', 'Planes', '1:18', 'Red Start Diecast', '1:18 scale replica of actual Army''s UH-60L BLACK HAWK Helicopter. 100% hand-assembled. Features rotating rotor blades, propeller blades and rubber wheels.', 5330, 77, 158),
('S18_1749', '1917 Grand Touring Sedan', 'Vintage Cars', '1:18', 'Welly Diecast Productions', 'This 1:18 scale replica of the 1917 Grand Touring car has all the features you would expect from museum quality reproductions: all four doors and bi-fold hood opening, detailed engine and instrument panel, chrome-look trim, and tufted upholstery, all topped off with a factory baked-enamel finish.', 2724, 87, 170),
('S18_1889', '1948 Porsche 356-A Roadster', 'Classic Cars', '1:18', 'Gearbox Collectibles', 'This precision die-cast replica features opening doors, superb detail and craftsmanship, working steering system, opening forward compartment, opening rear trunk with removable spare, 4 wheel independent spring suspension as well as factory baked enamel finish.', 8826, 54, 77),
('S18_1984', '1995 Honda Civic', 'Classic Cars', '1:18', 'Min Lin Diecast', 'This model features, opening hood, opening doors, detailed engine, rear spoiler, opening trunk, working steering, tinted windows, baked enamel finish. Color yellow.', 9772, 94, 142),
('S18_2238', '1998 Chrysler Plymouth Prowler', 'Classic Cars', '1:18', 'Gearbox Collectibles', 'Turnable front wheels; steering function; detailed interior; detailed engine; opening hood; opening trunk; opening doors; and detailed chassis.', 4724, 102, 164),
('S18_2248', '1911 Ford Town Car', 'Vintage Cars', '1:18', 'Motor City Art Classics', 'Features opening hood, opening doors, opening trunk, wide white wall tires, front door arm rests, working steering system', 540, 33, 61);
INSERT INTO PUBLIC.PRODUCTS(PRODUCTCODE, PRODUCTNAME, PRODUCTLINE, PRODUCTSCALE, PRODUCTVENDOR, PRODUCTDESCRIPTION, QUANTITYINSTOCK, BUYPRICE, MSRP) VALUES
('S18_2319', '1964 Mercedec Tour Bus', 'Trucks and Buses', '1:18', 'Unimax Art Galleries', 'Exact replica. 100+ parts. working steering system, original logos', 8258, 75, 123),
('S18_2325', '1932 Model A Ford J-Coupe', 'Vintage Cars', '1:18', 'Autoart Studio Design', 'This model features grille-mounted chrome horn, lift-up louvered hood, fold-down rumble seat, working steering system, chrome-covered spare, opening doors, detailed and wired engine', 9354, 58, 127),
('S18_2432', '1926 Ford Fire Engine', 'Trucks and Buses', '1:18', 'Carousel DieCast Legends', 'Gleaming red handsome appearance. Everything is here the fire hoses, ladder, axes, bells, lanterns, ready to fight any inferno.', 2018, 25, 61),
('S18_2581', 'P-51-D Mustang', 'Planes', '1:72', 'Gearbox Collectibles', 'Has retractable wheels and comes with a stand', 992, 49, 84),
('S18_2625', '1936 Harley Davidson El Knucklehead', 'Motorcycles', '1:18', 'Welly Diecast Productions', 'Intricately detailed with chrome accents and trim, official die-struck logos and baked enamel finish.', 4357, 24, 61),
('S18_2795', '1928 Mercedes-Benz SSK', 'Vintage Cars', '1:18', 'Gearbox Collectibles', 'This 1:18 replica features grille-mounted chrome horn, lift-up louvered hood, fold-down rumble seat, working steering system, chrome-covered spare, opening doors, detailed and wired engine. Color black.', 548, 73, 169),
('S18_2870', '1999 Indy 500 Monte Carlo SS', 'Classic Cars', '1:18', 'Red Start Diecast', 'Features include opening and closing doors. Color: Red', 8164, 57, 132),
('S18_2949', '1913 Ford Model T Speedster', 'Vintage Cars', '1:18', 'Carousel DieCast Legends', 'This 250 part reproduction includes moving handbrakes, clutch, throttle and foot pedals, squeezable horn, detailed wired engine, removable water, gas, and oil cans, pivoting monocle windshield, all topped with a baked enamel red finish. Each replica comes with an Owners Title and Certificate of Authenticity. Color red.', 4189, 61, 101),
('S18_2957', '1934 Ford V8 Coupe', 'Vintage Cars', '1:18', 'Min Lin Diecast', 'Chrome Trim, Chrome Grille, Opening Hood, Opening Doors, Opening Trunk, Detailed Engine, Working Steering System', 5649, 34, 62),
('S18_3029', '1999 Yamaha Speed Boat', 'Ships', '1:18', 'Min Lin Diecast', 'Exact replica. Wood and Metal. Many extras including rigging, long boats, pilot house, anchors, etc. Comes with three masts, all square-rigged.', 4259, 52, 86),
('S18_3136', '18th Century Vintage Horse Carriage', 'Vintage Cars', '1:18', 'Red Start Diecast', 'Hand crafted diecast-like metal horse carriage is re-created in about 1:18 scale of antique horse carriage. This antique style metal Stagecoach is all hand-assembled with many different parts.\u000d\u000a\u000d\u000aThis collectible metal horse carriage is painted in classic Red, and features turning steering wheel and is entirely hand-finished.', 5992, 61, 105),
('S18_3140', '1903 Ford Model A', 'Vintage Cars', '1:18', 'Unimax Art Galleries', 'Features opening trunk,  working steering system', 3913, 68, 137),
('S18_3232', '1992 Ferrari 360 Spider red', 'Classic Cars', '1:18', 'Unimax Art Galleries', 'his replica features opening doors, superb detail and craftsmanship, working steering system, opening forward compartment, opening rear trunk with removable spare, 4 wheel independent spring suspension as well as factory baked enamel finish.', 8347, 78, 169),
('S18_3233', '1985 Toyota Supra', 'Classic Cars', '1:18', 'Highway 66 Mini Classics', 'This model features soft rubber tires, working steering, rubber mud guards, authentic Ford logos, detailed undercarriage, opening doors and hood, removable split rear gate, full size spare mounted in bed, detailed interior with opening glove box', 7733, 57, 108),
('S18_3259', 'Collectable Wooden Train', 'Trains', '1:18', 'Carousel DieCast Legends', 'Hand crafted wooden toy train set is in about 1:18 scale, 25 inches in total length including 2 additional carts, of actual vintage train. This antique style wooden toy train model set is all hand-assembled with 100% wood.', 6450, 68, 101);
INSERT INTO PUBLIC.PRODUCTS(PRODUCTCODE, PRODUCTNAME, PRODUCTLINE, PRODUCTSCALE, PRODUCTVENDOR, PRODUCTDESCRIPTION, QUANTITYINSTOCK, BUYPRICE, MSRP) VALUES
('S18_3278', '1969 Dodge Super Bee', 'Classic Cars', '1:18', 'Min Lin Diecast', 'This replica features opening doors, superb detail and craftsmanship, working steering system, opening forward compartment, opening rear trunk with removable spare, 4 wheel independent spring suspension as well as factory baked enamel finish.', 1917, 49, 80),
('S18_3320', '1917 Maxwell Touring Car', 'Vintage Cars', '1:18', 'Exoto Designs', 'Features Gold Trim, Full Size Spare Tire, Chrome Trim, Chrome Grille, Opening Hood, Opening Doors, Opening Trunk, Detailed Engine, Working Steering System', 7913, 58, 99),
('S18_3482', '1976 Ford Gran Torino', 'Classic Cars', '1:18', 'Gearbox Collectibles', 'Highly detailed 1976 Ford Gran Torino Starsky and Hutch diecast model. Very well constructed and painted in red and white patterns.', 9127, 73, 147),
('S18_3685', '1948 Porsche Type 356 Roadster', 'Classic Cars', '1:18', 'Gearbox Collectibles', 'This model features working front and rear suspension on accurately replicated and actuating shock absorbers as well as opening engine cover, rear stabilizer flap,  and 4 opening doors.', 8990, 62, 141),
('S18_3782', '1957 Vespa GS150', 'Motorcycles', '1:18', 'Studio M Art Models', 'Features rotating wheels , working kick stand. Comes with stand.', 7689, 33, 62),
('S18_3856', '1941 Chevrolet Special Deluxe Cabriolet', 'Vintage Cars', '1:18', 'Exoto Designs', 'Features opening hood, opening doors, opening trunk, wide white wall tires, front door arm rests, working steering system, leather upholstery. Color black.', 2378, 65, 106),
('S18_4027', '1970 Triumph Spitfire', 'Classic Cars', '1:18', 'Min Lin Diecast', 'Features include opening and closing doors. Color: White.', 5545, 92, 144),
('S18_4409', '1932 Alfa Romeo 8C2300 Spider Sport', 'Vintage Cars', '1:18', 'Exoto Designs', 'This 1:18 scale precision die cast replica features the 6 front headlights of the original, plus a detailed version of the 142 horsepower straight 8 engine, dual spares and their famous comprehensive dashboard. Color black.', 6553, 43, 92),
('S18_4522', '1904 Buick Runabout', 'Vintage Cars', '1:18', 'Exoto Designs', 'Features opening trunk,  working steering system', 8290, 53, 88),
('S18_4600', '1940s Ford truck', 'Trucks and Buses', '1:18', 'Motor City Art Classics', 'This 1940s Ford Pick-Up truck is re-created in 1:18 scale of original 1940s Ford truck. This antique style metal 1940s Ford Flatbed truck is all hand-assembled. This collectible 1940''s Pick-Up truck is painted in classic dark green color, and features rotating wheels.', 3128, 85, 121),
('S18_4668', '1939 Cadillac Limousine', 'Vintage Cars', '1:18', 'Studio M Art Models', 'Features completely detailed interior including Velvet flocked drapes,deluxe wood grain floor, and a wood grain casket with seperate chrome handles', 6645, 23, 50),
('S18_4721', '1957 Corvette Convertible', 'Classic Cars', '1:18', 'Classic Metal Creations', '1957 die cast Corvette Convertible in Roman Red with white sides and whitewall tires. 1:18 scale quality die-cast with detailed engine and underbvody. Now you can own The Classic Corvette.', 1249, 70, 149),
('S18_4933', '1957 Ford Thunderbird', 'Classic Cars', '1:18', 'Studio M Art Models', 'This 1:18 scale precision die-cast replica, with its optional porthole hardtop and factory baked-enamel Thunderbird Bronze finish, is a 100% accurate rendition of this American classic.', 3209, 34, 71),
('S24_1046', '1970 Chevy Chevelle SS 454', 'Classic Cars', '1:24', 'Unimax Art Galleries', 'This model features rotating wheels, working streering system and opening doors. All parts are particularly delicate due to their precise scale and require special care and attention. It should not be picked up by the doors, roof, hood or trunk.', 1005, 49, 73),
('S24_1444', '1970 Dodge Coronet', 'Classic Cars', '1:24', 'Highway 66 Mini Classics', '1:24 scale die-cast about 18 long doors open, hood opens and rubber wheels', 4074, 32, 58);
INSERT INTO PUBLIC.PRODUCTS(PRODUCTCODE, PRODUCTNAME, PRODUCTLINE, PRODUCTSCALE, PRODUCTVENDOR, PRODUCTDESCRIPTION, QUANTITYINSTOCK, BUYPRICE, MSRP) VALUES
('S24_1578', '1997 BMW R 1100 S', 'Motorcycles', '1:24', 'Autoart Studio Design', 'Detailed scale replica with working suspension and constructed from over 70 parts', 7003, 61, 113),
('S24_1628', '1966 Shelby Cobra 427 S/C', 'Classic Cars', '1:24', 'Carousel DieCast Legends', 'This diecast model of the 1966 Shelby Cobra 427 S/C includes many authentic details and operating parts. The 1:24 scale model of this iconic lighweight sports car from the 1960s comes in silver and it''s own display case.', 8197, 29, 50),
('S24_1785', '1928 British Royal Navy Airplane', 'Planes', '1:24', 'Classic Metal Creations', 'Official logos and insignias', 3627, 67, 109),
('S24_1937', '1939 Chevrolet Deluxe Coupe', 'Vintage Cars', '1:24', 'Motor City Art Classics', 'This 1:24 scale die-cast replica of the 1939 Chevrolet Deluxe Coupe has the same classy look as the original. Features opening trunk, hood and doors and a showroom quality baked enamel finish.', 7332, 23, 33),
('S24_2000', '1960 BSA Gold Star DBD34 1960', 'Motorcycles', '1:24', 'Highway 66 Mini Classics', 'Detailed scale replica with working suspension and constructed from over 70 parts', 15, 37, 76),
('S24_2011', '18th century schooner', 'Ships', '1:24', 'Carousel DieCast Legends', 'All wood with canvas sails. Many extras including rigging, long boats, pilot house, anchors, etc. Comes with 4 masts, all square-rigged.', 1898, 82, 123),
('S24_2022', '1938 Cadillac V-16 Presidential Limousine', 'Vintage Cars', '1:24', 'Classic Metal Creations', 'This 1:24 scale precision die cast replica of the 1938 Cadillac V-16 Presidential Limousine has all the details of the original, from the flags on the front to an opening back seat compartment complete with telephone and rifle. Features factory baked-enamel black finish, hood goddess ornament, working jump seats.', 2847, 21, 45),
('S24_2300', '1962 Volkswagen Microbus', 'Trucks and Buses', '1:24', 'Autoart Studio Design', 'This 1:18 scale die cast replica of the 1962 Microbus is loaded with features: A working steering system, opening front doors and tailgate, and famous two-tone factory baked enamel finish, are all topped of by the sliding, real fabric, sunroof.', 2327, 61, 128),
('S24_2360', '1982 Ducati 900 Monster', 'Motorcycles', '1:24', 'Highway 66 Mini Classics', 'Features two-tone paint with chrome accents, superior die-cast detail , rotating wheels , working kick stand', 6840, 47, 69),
('S24_2766', '1949 Jaguar XK 120', 'Classic Cars', '1:24', 'Classic Metal Creations', 'Precision-engineered from original Jaguar specification in perfect scale ratio. Features opening doors, superb detail and craftsmanship, working steering system, opening forward compartment, opening rear trunk with removable spare, 4 wheel independent spring suspension as well as factory baked enamel finish.', 2350, 47, 91),
('S24_2840', '1958 Chevy Corvette Limited Edition', 'Classic Cars', '1:24', 'Carousel DieCast Legends', 'The operating parts of this 1958 Chevy Corvette Limited Edition are particularly delicate due to their precise scale and require special care and attention. Features rotating wheels, working streering, opening doors and trunk. Color dark green.', 2542, 16, 35),
('S24_2841', '1900s Vintage Bi-Plane', 'Planes', '1:24', 'Autoart Studio Design', 'Hand crafted diecast-like metal bi-plane is re-created in about 1:24 scale of antique pioneer airplane. All hand-assembled with many different parts. Hand-painted in classic yellow and features correct markings of original airplane.', 5942, 34, 69),
('S24_2887', '1952 Citroen-15CV', 'Classic Cars', '1:24', 'Exoto Designs', 'Precision crafted hand-assembled 1:18 scale reproduction of the 1952 15CV, with its independent spring suspension, working steering system, opening doors and hood, detailed engine and instrument panel, all topped of with a factory fresh baked enamel finish.', 1452, 73, 117),
('S24_2972', '1982 Lamborghini Diablo', 'Classic Cars', '1:24', 'Second Gear Diecast', 'This replica features opening doors, superb detail and craftsmanship, working steering system, opening forward compartment, opening rear trunk with removable spare, 4 wheel independent spring suspension as well as factory baked enamel finish.', 7723, 16, 38);
INSERT INTO PUBLIC.PRODUCTS(PRODUCTCODE, PRODUCTNAME, PRODUCTLINE, PRODUCTSCALE, PRODUCTVENDOR, PRODUCTDESCRIPTION, QUANTITYINSTOCK, BUYPRICE, MSRP) VALUES
('S24_3151', '1912 Ford Model T Delivery Wagon', 'Vintage Cars', '1:24', 'Min Lin Diecast', 'This model features chrome trim and grille, opening hood, opening doors, opening trunk, detailed engine, working steering system. Color white.', 9173, 47, 89),
('S24_3191', '1969 Chevrolet Camaro Z28', 'Classic Cars', '1:24', 'Exoto Designs', '1969 Z/28 Chevy Camaro 1:24 scale replica. The operating parts of this limited edition 1:24 scale diecast model car 1969 Chevy Camaro Z28- hood, trunk, wheels, streering, suspension and doors- are particularly delicate due to their precise scale and require special care and attention.', 4695, 51, 86),
('S24_3371', '1971 Alpine Renault 1600s', 'Classic Cars', '1:24', 'Welly Diecast Productions', 'This 1971 Alpine Renault 1600s replica Features opening doors, superb detail and craftsmanship, working steering system, opening forward compartment, opening rear trunk with removable spare, 4 wheel independent spring suspension as well as factory baked enamel finish.', 7995, 39, 61),
('S24_3420', '1937 Horch 930V Limousine', 'Vintage Cars', '1:24', 'Autoart Studio Design', 'Features opening hood, opening doors, opening trunk, wide white wall tires, front door arm rests, working steering system', 2902, 26, 66),
('S24_3432', '2002 Chevy Corvette', 'Classic Cars', '1:24', 'Gearbox Collectibles', 'The operating parts of this limited edition Diecast 2002 Chevy Corvette 50th Anniversary Pace car Limited Edition are particularly delicate due to their precise scale and require special care and attention. Features rotating wheels, poseable streering, opening doors and trunk.', 9446, 62, 107),
('S24_3816', '1940 Ford Delivery Sedan', 'Vintage Cars', '1:24', 'Carousel DieCast Legends', 'Chrome Trim, Chrome Grille, Opening Hood, Opening Doors, Opening Trunk, Detailed Engine, Working Steering System. Color black.', 6621, 49, 84),
('S24_3856', '1956 Porsche 356A Coupe', 'Classic Cars', '1:18', 'Classic Metal Creations', 'Features include: Turnable front wheels; steering function; detailed interior; detailed engine; opening hood; opening trunk; opening doors; and detailed chassis.', 6600, 98, 140),
('S24_3949', 'Corsair F4U ( Bird Cage)', 'Planes', '1:24', 'Second Gear Diecast', 'Has retractable wheels and comes with a stand. Official logos and insignias.', 6812, 29, 68),
('S24_3969', '1936 Mercedes Benz 500k Roadster', 'Vintage Cars', '1:24', 'Red Start Diecast', 'This model features grille-mounted chrome horn, lift-up louvered hood, fold-down rumble seat, working steering system and rubber wheels. Color black.', 2081, 22, 41),
('S24_4048', '1992 Porsche Cayenne Turbo Silver', 'Classic Cars', '1:24', 'Exoto Designs', 'This replica features opening doors, superb detail and craftsmanship, working steering system, opening forward compartment, opening rear trunk with removable spare, 4 wheel independent spring suspension as well as factory baked enamel finish.', 6582, 70, 118),
('S24_4258', '1936 Chrysler Airflow', 'Vintage Cars', '1:24', 'Second Gear Diecast', 'Features opening trunk,  working steering system. Color dark green.', 4710, 57, 97),
('S24_4278', '1900s Vintage Tri-Plane', 'Planes', '1:24', 'Unimax Art Galleries', 'Hand crafted diecast-like metal Triplane is Re-created in about 1:24 scale of antique pioneer airplane. This antique style metal triplane is all hand-assembled with many different parts.', 2756, 36, 72),
('S24_4620', '1961 Chevrolet Impala', 'Classic Cars', '1:18', 'Classic Metal Creations', 'This 1:18 scale precision die-cast reproduction of the 1961 Chevrolet Impala has all the features-doors, hood and trunk that open; detailed 409 cubic-inch engine; chrome dashboard and stick shift, two-tone interior; working steering system; all topped of with a factory baked-enamel finish.', 7869, 32, 81),
('S32_1268', '1980\u0092s GM Manhattan Express', 'Trucks and Buses', '1:32', 'Motor City Art Classics', 'This 1980\u0092s era new look Manhattan express is still active, running from the Bronx to mid-town Manhattan. Has 35 opeining windows and working lights. Needs a battery.', 5099, 54, 96);
INSERT INTO PUBLIC.PRODUCTS(PRODUCTCODE, PRODUCTNAME, PRODUCTLINE, PRODUCTSCALE, PRODUCTVENDOR, PRODUCTDESCRIPTION, QUANTITYINSTOCK, BUYPRICE, MSRP) VALUES
('S32_1374', '1997 BMW F650 ST', 'Motorcycles', '1:32', 'Exoto Designs', 'Features official die-struck logos and baked enamel finish. Comes with stand.', 178, 67, 100),
('S32_2206', '1982 Ducati 996 R', 'Motorcycles', '1:32', 'Gearbox Collectibles', 'Features rotating wheels , working kick stand. Comes with stand.', 9241, 24, 40),
('S32_2509', '1954 Greyhound Scenicruiser', 'Trucks and Buses', '1:32', 'Classic Metal Creations', 'Model features bi-level seating, 50 windows, skylights & glare resistant glass, working steering system, original logos', 2874, 26, 54),
('S32_3207', '1950''s Chicago Surface Lines Streetcar', 'Trains', '1:32', 'Gearbox Collectibles', 'This streetcar is a joy to see. It has 80 separate windows, electric wire guides, detailed interiors with seats, poles and drivers controls, rolling and turning wheel assemblies, plus authentic factory baked-enamel finishes (Green Hornet for Chicago and Cream and Crimson for Boston).', 8601, 27, 62),
('S32_3522', '1996 Peterbilt 379 Stake Bed with Outrigger', 'Trucks and Buses', '1:32', 'Red Start Diecast', 'This model features, opening doors, detailed engine, working steering, tinted windows, detailed interior, die-struck logos, removable stakes operating outriggers, detachable second trailer, functioning 360-degree self loader, precision molded resin trailer and trim, baked enamel finish on cab', 814, 34, 65),
('S32_4289', '1928 Ford Phaeton Deluxe', 'Vintage Cars', '1:32', 'Highway 66 Mini Classics', 'This model features grille-mounted chrome horn, lift-up louvered hood, fold-down rumble seat, working steering system', 136, 33, 69),
('S32_4485', '1974 Ducati 350 Mk3 Desmo', 'Motorcycles', '1:32', 'Second Gear Diecast', 'This model features two-tone paint with chrome accents, superior die-cast detail , rotating wheels , working kick stand', 3341, 56, 102),
('S50_1341', '1930 Buick Marquette Phaeton', 'Vintage Cars', '1:50', 'Studio M Art Models', 'Features opening trunk,  working steering system', 7062, 27, 44),
('S50_1392', 'Diamond T620 Semi-Skirted Tanker', 'Trucks and Buses', '1:50', 'Highway 66 Mini Classics', 'This limited edition model is licensed and perfectly scaled for Lionel Trains. The Diamond T620 has been produced in solid precision diecast and painted with a fire baked enamel finish. It comes with a removable tanker and is a perfect model to add authenticity to your static train or car layout or to just have on display.', 1016, 68, 116),
('S50_1514', '1962 City of Detroit Streetcar', 'Trains', '1:50', 'Classic Metal Creations', 'This streetcar is a joy to see. It has 99 separate windows, electric wire guides, detailed interiors with seats, poles and drivers controls, rolling and turning wheel assemblies, plus authentic factory baked-enamel finishes (Green Hornet for Chicago and Cream and Crimson for Boston).', 1645, 37, 59),
('S50_4713', '2002 Yamaha YZR M1', 'Motorcycles', '1:50', 'Autoart Studio Design', 'Features rotating wheels , working kick stand. Comes with stand.', 600, 34, 81),
('S700_1138', 'The Schooner Bluenose', 'Ships', '1:700', 'Autoart Studio Design', 'All wood with canvas sails. Measures 31 1/2 inches in Length, 22 inches High and 4 3/4 inches Wide. Many extras.\u000d\u000aThe schooner Bluenose was built in Nova Scotia in 1921 to fish the rough waters off the coast of Newfoundland. Because of the Bluenose racing prowess she became the pride of all Canadians. Still featured on stamps and the Canadian dime, the Bluenose was lost off Haiti in 1946.', 1897, 34, 67),
('S700_1691', 'American Airlines: B767-300', 'Planes', '1:700', 'Min Lin Diecast', 'Exact replia with official logos and insignias and retractable wheels', 5841, 51, 91),
('S700_1938', 'The Mayflower', 'Ships', '1:700', 'Studio M Art Models', 'Measures 31 1/2 inches Long x 25 1/2 inches High x 10 5/8 inches Wide\u000d\u000aAll wood with canvas sail. Extras include long boats, rigging, ladders, railing, anchors, side cannons, hand painted, etc.\u000d\u000a\u000d\u000aThe Mayfower was already old in 1620, when the pilgrims charted her to bring their band of 103 to North America.', 737, 43, 87);
INSERT INTO PUBLIC.PRODUCTS(PRODUCTCODE, PRODUCTNAME, PRODUCTLINE, PRODUCTSCALE, PRODUCTVENDOR, PRODUCTDESCRIPTION, QUANTITYINSTOCK, BUYPRICE, MSRP) VALUES
('S700_2047', 'HMS Bounty', 'Ships', '1:700', 'Unimax Art Galleries', 'Measures 30 inches Long x 27 1/2 inches High x 4 3/4 inches Wide. \u000d\u000aMany extras including rigging, long boats, pilot house, anchors, etc. Comes with three masts, all square-rigged.', 3501, 40, 91),
('S700_2466', 'America West Airlines B757-200', 'Planes', '1:700', 'Motor City Art Classics', 'Official logos and insignias. Working steering system. Rotating jet engines', 9653, 69, 100),
('S700_2610', 'The USS Constitution Ship', 'Ships', '1:700', 'Red Start Diecast', 'All wood with canvas sails. Measures 31 1/2 Length x 22 3/8 High x 8 1/4 Width. Extras include 4 boats on deck, sea sprite on bow, anchors, copper railing, pilot houses, etc.\u000d\u000a\u000d\u000aThis was one of six warships commissioned by George Washington and launched in 1797. The nickname Old Ironsides was given the ship when British cannonballs bounced off the 21-inch oak planking of the American frigate''s hull. The Constitution has been restored and now resides in Boston Harbor.', 7083, 34, 72),
('S700_2824', '1982 Camaro Z28', 'Classic Cars', '1:18', 'Carousel DieCast Legends', 'Features include opening and closing doors. Color: White. \u000d\u000aMeasures approximately 9 1/2 Long.', 6934, 47, 101),
('S700_2834', 'ATA: B757-300', 'Planes', '1:700', 'Highway 66 Mini Classics', 'Exact replia with official logos and insignias and retractable wheels', 7106, 59, 119),
('S700_3167', 'F/A 18 Hornet 1/72', 'Planes', '1:72', 'Motor City Art Classics', '10 Wingspan with retractable landing gears.Comes with pilot', 551, 54, 80),
('S700_3505', 'The Titanic', 'Ships', '1:700', 'Carousel DieCast Legends', 'Completed model measures 19 1/2 inches long, 9 inches high, 3inches wide and is in barn red/black. All wood and metal.', 1956, 51, 100),
('S700_3962', 'The Queen Mary', 'Ships', '1:700', 'Welly Diecast Productions', 'Exact replica. Wood and Metal. Many extras including rigging, long boats, pilot house, anchors, etc. Comes with three masts, all square-rigged.', 5088, 54, 99),
('S700_4002', 'American Airlines: MD-11S', 'Planes', '1:700', 'Second Gear Diecast', 'Polished finish. Exact replia with official logos and insignias and retractable wheels', 8820, 36, 74),
('S72_1253', 'Boeing X-32A JSF', 'Planes', '1:72', 'Motor City Art Classics', '10 Wingspan with retractable landing gears.Comes with pilot', 4857, 33, 50),
('S72_3212', 'Pont Yacht', 'Ships', '1:72', 'Unimax Art Galleries', 'Measures 38 inches Long x 33 3/4 inches High. Includes a stand.\u000d\u000aMany extras including rigging, long boats, pilot house, anchors, etc. Comes with 2 masts, all square-rigged', 414, 33, 55);
CREATE MEMORY TABLE PUBLIC.TRIAL_BALANCE(
    "Type" CHAR(1),
    "Account_Num" INTEGER,
    "Category" VARCHAR(57),
    "Category2" VARCHAR(57),
    "Detail" VARCHAR(57),
    "Amount" INTEGER
);
-- 22 +/- SELECT COUNT(*) FROM PUBLIC.TRIAL_BALANCE;
INSERT INTO PUBLIC.TRIAL_BALANCE("Type", "Account_Num", "Category", "Category2", "Detail", "Amount") VALUES
('I', 4100, 'Revenue', 'Direct Sales', 'Direct Sales', 400000),
('I', 4200, 'Revenue', 'Channel Sales', 'Channel Sales', 150000),
('I', 5010, 'Cost of goods', 'Cost of goods available for sale', 'Beginning inventory', -40000),
('I', 5020, 'Cost of goods', 'Cost of goods available for sale', 'Net purchases', -325000),
('I', 5040, 'Cost of goods', 'Ending inventory', 'Ending inventory', 35000),
('E', 5110, 'Expenses', 'Selling expenses', 'Sales salaries', -48000),
('E', 5120, 'Expenses', 'Selling expenses', 'Nonrecurring item', -12000),
('E', 5130, 'Expenses', 'Selling expenses', 'Other', -13000),
('E', 5310, 'Expenses', 'General and administrative expenses', 'Office salaries', -27100),
('E', 5320, 'Expenses', 'General and administrative expenses', 'Depreciation', -5500),
('E', 5330, 'Expenses', 'General and administrative expenses', 'Amortization', -3200),
('E', 5340, 'Expenses', 'General and administrative expenses', 'Bad debt', -4500),
('E', 5350, 'Expenses', 'General and administrative expenses', 'Other', -24200),
('I', 6110, 'Other revenues', 'Interest', 'Interest', 5200),
('I', 6120, 'Other revenues', 'Dividends', 'Dividends', 7200),
('I', 6130, 'Other revenues', 'Gain on sale of equipment', 'Gain on sale of equipment', 8600),
('E', 7110, 'Other expenses', 'Interest', 'Interest', -9400),
('E', 7120, 'Other expenses', 'Writeoff - goodwill', 'Writeoff - goodwill', -5000),
('E', 7130, 'Other expenses', 'Unusual item - loss on sale of long-term investment', 'Unusual item - loss on sale of long-term investment', -5100),
('E', 7200, 'Income tax expense', 'Income tax expense', 'Income tax expense', -33600),
('I', 9100, 'Extraordinary item - gain on disposal of business segment', 'Extraordinary item - gain on disposal of business segment', 'Extraordinary item - gain on disposal of business segment', 24000),
('I', 9200, 'Other Comprehensive Income', 'Other Comprehensive Income', 'Other Comprehensive Income', 12000);
CREATE CACHED TABLE PUBLIC.DIM_TERRITORIES(
    ID BIGINT DEFAULT (NEXT VALUE FOR PUBLIC.SYSTEM_SEQUENCE_B4ADD799_499E_49DC_997F_E4924C2E21EC) NOT NULL NULL_TO_DEFAULT SEQUENCE PUBLIC.SYSTEM_SEQUENCE_B4ADD799_499E_49DC_997F_E4924C2E21EC,
    TERRITORY VARCHAR(20)
);
ALTER TABLE PUBLIC.DIM_TERRITORIES ADD CONSTRAINT PUBLIC.CONSTRAINT_FF PRIMARY KEY(ID);
-- 5 +/- SELECT COUNT(*) FROM PUBLIC.DIM_TERRITORIES;
INSERT INTO PUBLIC.DIM_TERRITORIES(ID, TERRITORY) VALUES
(1, 'USA'),
(2, 'EMEA'),
(3, 'Japan'),
(4, 'N/A'),
(5, 'Asia');
CREATE UNIQUE INDEX PUBLIC.IDX_DIM_TERRITORIES_PK ON PUBLIC.DIM_TERRITORIES(ID);
CREATE INDEX PUBLIC.IDX_DIM_TERRITORIES_LOOKUP ON PUBLIC.DIM_TERRITORIES(TERRITORY);
CREATE CACHED TABLE PUBLIC.CHECK_SEQUENCE(PID TINYINT,VAL VARCHAR(1),SEQUENCE DOUBLE);
-- 60 +/- SELECT COUNT(*) FROM PUBLIC.CHECK_SEQUENCE;
INSERT INTO PUBLIC.CHECK_SEQUENCE(PID, VAL, SEQUENCE) VALUES
(1, 'A', 1.0),
(2, 'B', 2.0),
(3, 'C', 3.0),
(4, 'D', 4.0),
(5, 'E', 5.0),
(6, 'F', 6.0),
(1, 'A', 1.0),
(2, 'B', 2.0),
(3, 'C', 3.0),
(4, 'D', 4.0),
(5, 'E', 5.0),
(6, 'F', 6.0),
(1, 'A', 1.0),
(2, 'B', 2.0),
(3, 'C', 3.0),
(4, 'D', 4.0),
(5, 'E', 5.0),
(6, 'F', 6.0),
(1, 'A', 1.0),
(2, 'B', 2.0),
(3, 'C', 3.0),
(4, 'D', 4.0),
(5, 'E', 5.0),
(6, 'F', 6.0),
(1, 'A', 1.0),
(2, 'B', 2.0),
(3, 'C', 3.0),
(4, 'D', 4.0),
(5, 'E', 5.0),
(6, 'F', 6.0),
(1, 'A', 1.0),
(2, 'B', 2.0),
(3, 'C', 3.0),
(4, 'D', 4.0),
(5, 'E', 5.0),
(6, 'F', 6.0),
(1, 'A', 1.0),
(2, 'B', 2.0),
(3, 'C', 3.0),
(4, 'D', 4.0),
(5, 'E', 5.0),
(6, 'F', 6.0),
(1, 'A', 1.0),
(2, 'B', 2.0),
(3, 'C', 3.0),
(4, 'D', 4.0),
(5, 'E', 5.0),
(6, 'F', 6.0),
(1, 'A', 1.0),
(2, 'B', 2.0),
(3, 'C', 3.0),
(4, 'D', 4.0),
(5, 'E', 5.0),
(6, 'F', 6.0),
(1, 'A', 1.0),
(2, 'B', 2.0),
(3, 'C', 3.0),
(4, 'D', 4.0),
(5, 'E', 5.0),
(6, 'F', 6.0);
CREATE CACHED TABLE PUBLIC.BLOB_TEST(
    FILENAME VARCHAR(500),
    SHORT_FILENAME VARCHAR(500),
    PATH VARCHAR(500),
    TYPE VARCHAR(500),
    "EXISTS" BOOLEAN,
    ISHIDDEN BOOLEAN,
    ISREADABLE BOOLEAN,
    ISWRITEABLE BOOLEAN,
    LASTMODIFIEDTIME TIMESTAMP,
    SIZE DOUBLE,
    EXTENSION VARCHAR(1048575),
    URI VARCHAR(1048575),
    ROOTURI VARCHAR(1048575),
    CONTENT BLOB
);
-- 4 +/- SELECT COUNT(*) FROM PUBLIC.BLOB_TEST;
CREATE TABLE PUBLIC.SYSTEM_LOB_STREAM(ID INT NOT NULL, PART INT NOT NULL, CDATA VARCHAR, BDATA BINARY LARGE OBJECT);
ALTER TABLE PUBLIC.SYSTEM_LOB_STREAM ADD CONSTRAINT PUBLIC.SYSTEM_LOB_STREAM_PRIMARY_KEY PRIMARY KEY(ID, PART);
CREATE ALIAS IF NOT EXISTS SYSTEM_COMBINE_CLOB FOR "org.h2.command.dml.ScriptCommand.combineClob";
CREATE ALIAS IF NOT EXISTS SYSTEM_COMBINE_BLOB FOR "org.h2.command.dml.ScriptCommand.combineBlob";
INSERT INTO SYSTEM_LOB_STREAM VALUES(0, 0, NULL, '[encoded data, 8192 characters]');
INSERT INTO SYSTEM_LOB_STREAM VALUES(0, 1, NULL, '[encoded data, 8192 characters]');
INSERT INTO SYSTEM_LOB_STREAM VALUES(0, 2, NULL, '[encoded data, 8192 characters]');
INSERT INTO SYSTEM_LOB_STREAM VALUES(0, 3, NULL, '[encoded data, 8192 characters]');
INSERT INTO SYSTEM_LOB_STREAM VALUES(0, 4, NULL, '[encoded data, 8192 characters]');
INSERT INTO SYSTEM_LOB_STREAM VALUES(0, 5, NULL, '[encoded data, 8192 characters]');
INSERT INTO SYSTEM_LOB_STREAM VALUES(0, 6, NULL, '[encoded data, 8192 characters]');
INSERT INTO SYSTEM_LOB_STREAM VALUES(0, 7, NULL, '[encoded data, 8192 characters]');
INSERT INTO SYSTEM_LOB_STREAM VALUES(0, 8, NULL, '[encoded data, 8192 characters]');
INSERT INTO SYSTEM_LOB_STREAM VALUES(0, 9, NULL, '[encoded data, 8192 characters]');
INSERT INTO SYSTEM_LOB_STREAM VALUES(0, 10, NULL, '[encoded data, 8192 characters]');
INSERT INTO SYSTEM_LOB_STREAM VALUES(0, 11, NULL, '[encoded data, 8192 characters]');
INSERT INTO SYSTEM_LOB_STREAM VALUES(0, 12, NULL, '[encoded data, 8192 characters]');
INSERT INTO SYSTEM_LOB_STREAM VALUES(0, 13, NULL, '[encoded data, 8192 characters]');
INSERT INTO SYSTEM_LOB_STREAM VALUES(0, 14, NULL, '[encoded data, 8192 characters]');
INSERT INTO SYSTEM_LOB_STREAM VALUES(0, 15, NULL, '[encoded data, 8192 characters]');
INSERT INTO SYSTEM_LOB_STREAM VALUES(0, 16, NULL, '[encoded data, 8192 characters]');
INSERT INTO SYSTEM_LOB_STREAM VALUES(0, 17, NULL, '[encoded data, 8192 characters]');
